INSERT INTO `Contact` (`id`, `contact`, `client`, `entreprise`) VALUES
('clneo68md805283ti4ydom77t6', '784702349', 'clneo68me805383ti4lofsbgm7', NULL),
('clneo68ml805583ti4yzj3m0fl', '781857920', 'clneo68mq805653ti4onmbfqmp', NULL),
('clneo68my805853ti4yb79swb9', '770185423DIAWADAMA', 'clneo68n0805923ti48ebluqv2', NULL),
('clneo68na806093ti4zwpiro2n', '778033431', 'clneo68nc806263ti43gm0n1i4', NULL),
('clneo68na806113ti4voqntqw8', '765862309', 'clneo68nc806263ti43gm0n1i4', NULL),
('clneo68o1806683ti41u1zr3r1', '773661452', 'clneo68o4806753ti4w4bsoexf', NULL),
('clneo68oc806923ti4d4gbu231', '770185423', 'clneo68oe807023ti44mxvl00f', NULL),
('clneo68ok807193ti4ubglfyer', '772531252', 'clneo68ol807293ti45q4ux4u1', NULL),
('clneo68oq807463ti4e889fou2', '776185701', 'clneo68or807563ti47ubugq6p', NULL),
('clneo68p0807883ti4t5xp8okm', '785217742', 'clneo68p1807983ti41husdu8q', NULL),
('clneo68p6808153ti4cw3h2iuy', '776386012', 'clneo68p6808253ti4hl71c4u0', NULL),
('clneo68pb808423ti4jxiz55f8', '776386012', 'clneo68pc808523ti4hxm46r76', NULL),
('clneo68ph808693ti4i35gpvn3', '775045224', 'clneo68ph808793ti4ygi2q3q5', NULL),
('clneo68pp808983ti434ykkc01', '776552058', 'clneo68pq809083ti4dt2hhypt', NULL),
('clneo68pz809293ti4w49iiao0', '761428342', NULL, 'clneo68q0809363ti4tzru9ll7'),
('clneo68q4809513ti4blsfzal2', '761428342', 'clneo68q5809633ti4f1lbfg29', NULL),
('clneo68qa809833ti4tqvw5c80', '772524915', 'clneo68qb809933ti40cbwulue', NULL),
('clneo68qg810103ti4h5i311e7', '785330224', 'clneo68qh810203ti4xwfygoot', NULL),
('clneo68qm810373ti47492yq3w', '778242927', 'clneo68qn810473ti4wi48n4ri', NULL),
('clneo68qq810643ti4addgcfpp', '777167030', NULL, 'clneo68qr810713ti4p7gtxqbx'),
('clneo68qv810883ti4b0qsbtdz', '777167030', 'clneo68qw810983ti41v3j7nrm', NULL),
('clneo68r1811193ti4cynzf346', '776404882', 'clneo68r2811283ti4ourhhjaj', NULL),
('clneo68r7811483ti4wijza0zz', '776342400', 'clneo68r8811553ti494q0azl8', NULL),
('clneo68rh811873ti4o1sjtahv', '763398277', 'clneo68rh811973ti4ph9rl461', NULL),
('clneo68rn812143ti4qpdy7dbc', '763398277', 'clneo68ro812243ti4dsgxh5l8', NULL),
('clneo68rt812413ti4j58b9ezj', '775172374', 'clneo68ru812513ti4974ffaef', NULL),
('clneo68ry812683ti4ptusqj15', '773992337', 'clneo68rz812783ti44k0phk1o', NULL),
('clneo68s4812953ti4anduk0ki', '776389050', 'clneo68s6813053ti439lcr6ij', NULL),
('clneo68sh813293ti4lj6cee51', '774178221', 'clneo68si813383ti4r0t0blbk', NULL),
('clneo68sn813553ti46ug5gru1', '773992337', 'clneo68so813653ti4rddh6kd6', NULL),
('clneo68sq813823ti47vjo00x9', '776362347', NULL, 'clneo68sr813893ti45196ujjg'),
('clneo68sv814033ti4fvpuwoqd', '776362347', 'clneo68sw814163ti4z21kw0d2', NULL),
('clneo68t2814373ti41m2gv6bs', '774346112', 'clneo68t3814463ti4tsletwtx', NULL),
('clneo68ts814783ti4mo98oquc', '706485545', 'clneo68tt814853ti4fr5j2tqi', NULL),
('clneo68ty815053ti4pl937fnn', '776441568', 'clneo68tz815193ti46uh75wpq', NULL),
('clneo68ty815073ti4ec2yocjb', '775665484', 'clneo68tz815193ti46uh75wpq', NULL),
('clneo68u7815393ti49jvxr3om', '774000079', 'clneo68u9815493ti4ys6m2mkl', NULL),
('clneo68ue815663ti417co3gpl', '774025894', 'clneo68uf815763ti4pya7d4ko', NULL),
('clneo68us816133ti46hqu4r54', '775136693', 'clneo68ut816203ti4ggcrkkxn', NULL),
('clneo68vf816843ti4mj6pvsfw', '772734971SIDIYADABO', NULL, 'clneo68vg816913ti4rn7vhzpb'),
('clneo68vk817083ti402l5ngvw', '772734971SIDIYADABO', 'clneo68vl817183ti4295v93fg', NULL),
('clneo68w6817823ti46340fqb9', '778057519', 'clneo68w7817963ti4csow5s8x', NULL),
('clneo68w6817833ti4op65hlo4', '776441011', 'clneo68w7817963ti4csow5s8x', NULL),
('clneo68wq818223ti4fxwuy4y7', '775755771', 'clneo68wr818323ti4zvpl34bx', NULL),
('clneo68ww818493ti4pg5gwgik', '772046915', 'clneo68wx818593ti4s1ny5c2x', NULL),
('clneo68x2818763ti419k3j2te', '777951411', 'clneo68x3818863ti4bv9du73e', NULL),
('clneo68x9819033ti48q1uhlrk', '776561884', 'clneo68xa819133ti4y3jyfqof', NULL),
('clneo68xn819473ti4op2ehe81', '772482304', 'clneo68xo819573ti430d4xiwq', NULL),
('clneo68xr819743ti4ig5ohpnl', '781600046', NULL, 'clneo68xs819813ti447n28u77'),
('clneo68xx819993ti4v6tvjfs4', '781600046', 'clneo68xy820083ti4dxwkau7h', NULL),
('clneo68y8820403ti4226lk06m', '762764085', 'clneo68y9820543ti4amjd272q', NULL),
('clneo68y8820413ti47jmz0ywa', '770992440', 'clneo68y9820543ti4amjd272q', NULL),
('clneo68yn820943ti45vvlldlp', '774140290', 'clneo68yo821043ti4pmz87ohn', NULL),
('clneo68ys821213ti4sd4c6b2x', '774140290', 'clneo68yt821313ti4qmlerbrs', NULL),
('clneo68yy821513ti4in7edi2q', '779474713', 'clneo68yz821583ti4mby2mg6v', NULL),
('clneo68zk822103ti4g7rse6yr', '772584248', 'clneo68zl822193ti4ywuifcqv', NULL),
('clneo68zq822363ti4man23sro', '776777287', 'clneo68zr822463ti4yrd3yr7x', NULL),
('clneo6902822873ti40o3vf4tq', '776024179', 'clneo6903822963ti4zawxeqbe', NULL),
('clneo6908823133ti4bwmrgsao', '775616356', 'clneo6909823233ti49ml3ij2t', NULL),
('clneo690v823513ti46nuyuqmh', '775487000', 'clneo690x823583ti4s1kenqvu', NULL),
('clneo6915823803ti4rt04mu9r', '773429905', 'clneo6916823873ti4c78ebkkz', NULL),
('clneo691h824203ti4fh4lr8jt', '774730747', 'clneo691i824293ti4k9dodjyj', NULL),
('clneo691n824463ti4ue69dv4v', '774456633', 'clneo691o824563ti4w519xpcm', NULL),
('clneo691y824883ti4m5zhmxum', '777193668', 'clneo691z824983ti4zjl7y1bl', NULL),
('clneo6924825163ti4c1s4srxm', '776589509', 'clneo6925825253ti494vz8e5y', NULL),
('clneo692f825573ti4stdqi58l', '775485639', 'clneo692g825673ti47k1pwjmo', NULL),
('clneo692m825873ti4jrbdn3ol', '785313134', 'clneo692o826013ti4ltnvhlhc', NULL),
('clneo692m825883ti4bzf0lchv', '338251535', 'clneo692o826013ti4ltnvhlhc', NULL),
('clneo692r826193ti44phwudex', '777797238', NULL, 'clneo692s826333ti4wf41t4hs'),
('clneo692r826213ti43wiqyp5e', '786352677', NULL, 'clneo692s826333ti4wf41t4hs'),
('clneo692x826543ti4vxfu722u', '786352677', 'clneo692y826683ti4354agl4l', NULL),
('clneo692x826553ti4c9l4j1w4', '777797238', 'clneo692y826683ti4354agl4l', NULL),
('clneo6935826933ti4cfxhjeo7', '775696903', 'clneo6936827043ti4delb8kos', NULL),
('clneo693b827243ti4mfg8nkvi', '774930225', 'clneo693c827343ti4iw9u9m5r', NULL),
('clneo693m827693ti48uf293ke', '774413786', 'clneo693n827833ti4f7hf0efa', NULL),
('clneo693m827713ti4aothg08h', '776491395', 'clneo693n827833ti4f7hf0efa', NULL),
('clneo6947828363ti4f5d5s2ou', '779282087', 'clneo6948828433ti4yajx0kw5', NULL),
('clneo694d828603ti47sn8wwl5', '771824590', 'clneo694e828703ti4ylw5iv8l', NULL),
('clneo694j828873ti4op1jdt47', '774663122', 'clneo694k828973ti4r0n5fxpu', NULL),
('clneo694p829143ti4ni0caron', '772584768', 'clneo694q829243ti4lk3uz9fo', NULL),
('clneo694v829413ti4ge16y3f3', '778141640', 'clneo694w829513ti4idjxv1rt', NULL),
('clneo695j830213ti4890kghxv', '770128214', 'clneo696b830283ti4ui2uh79d', NULL),
('clneo696h830453ti4vhq75llm', '773667293', 'clneo696i830553ti4blr333rb', NULL),
('clneo696n830753ti4jvyh9d40', '773621768', 'clneo696o830893ti4z11jz1tu', NULL),
('clneo696n830763ti41p7mds1u', '775332578', 'clneo696o830893ti4z11jz1tu', NULL),
('clneo696s831073ti4puxjvw2t', '776301497', 'clneo696t831173ti4mypfe43i', NULL),
('clneo696y831373ti49zsxd6lx', '776390855', 'clneo696z831443ti41jghsv4k', NULL),
('clneo6977831633ti4k0aku2hk', '779574193', 'clneo6978831733ti4ztb1cdvw', NULL),
('clneo697i832063ti44a0xjr9d', '761904316', 'clneo697j832153ti4ofha2ivp', NULL),
('clneo697u832473ti4i4kns0gx', '776535929', 'clneo697v832573ti48s591w8f', NULL),
('clneo698d833073ti4bkblgrb6', '779514986', 'clneo698e833163ti4qdmj8din', NULL),
('clneo698j833333ti4hmqhgepm', '771376771', 'clneo698k833433ti4mhwl9ka9', NULL),
('clneo698w833643ti4idrpolxi', '776308489', 'clneo698x833743ti4tg9k9myi', NULL),
('clneo6992833913ti4wqjmg1wt', '772051016', 'clneo6993834013ti4ls3j7w81', NULL),
('clneo6999834183ti47y67zr13', '774551339', 'clneo699a834283ti48e91h9b4', NULL),
('clneo699g834483ti48qyxxv0q', '786371475', 'clneo699g834553ti4mbbe5tly', NULL),
('clneo699m834723ti4tskrjmnb', '775374324', 'clneo699n834823ti4c0sf6mf6', NULL),
('clneo699s834993ti465lxif03', '761655914', 'clneo699t835093ti4j3sndegq', NULL),
('clneo69aa835633ti4j0sn29ei', '770982925', 'clneo69ab835703ti4qnvbl9fx', NULL),
('clneo69ag835873ti42gryte9s', '770982995', 'clneo69ah835973ti43ii2bmpo', NULL),
('clneo69an836143ti45lg9mkc6', '775138257', 'clneo69ao836243ti4g3yfd7rq', NULL),
('clneo69at836413ti4i7ykhe6z', '781247410', 'clneo69av836513ti474j48ao0', NULL),
('clneo69b0836683ti4iryem31n', '776565280774300717', 'clneo69b1836783ti491b2ysgz', NULL),
('clneo69b6836953ti48ajzh15h', '775581042', 'clneo69b7837053ti43pk0geg3', NULL),
('clneo69bc837223ti4pg4ah0v6', '776574762', 'clneo69bd837323ti4pgw4a5it', NULL),
('clneo69bq837723ti4ykswb1s4', '775688700', 'clneo69br837823ti46371cgx8', NULL),
('clneo69bx837993ti4dyspfs6i', '776345861', 'clneo69by838093ti4zvkky18x', NULL),
('clneo69c3838263ti48i8hu491', '776345861', 'clneo69c4838363ti4cq10y9qg', NULL),
('clneo69cp838753ti4y34b9tfd', '776316996', 'clneo69cq838823ti4zlio89kk', NULL),
('clneo69cw838993ti46c20ds2e', '775724400', 'clneo69cx839093ti4da3hdw5v', NULL),
('clneo69d3839263ti4t5syihsm', '708015242', 'clneo69d4839363ti4pculp7qw', NULL),
('clneo69d8839533ti43ahj5aly', '777781316', 'clneo69d9839633ti4aaama5rq', NULL),
('clneo69di839823ti4qfahvexu', '777860887', 'clneo69dk839923ti49c37jg33', NULL),
('clneo69do840123ti4a38rsr13', '777860887', 'clneo69dp840263ti4o14vs2xc', NULL),
('clneo69do840133ti4bgygr5ll', '774230438', 'clneo69dp840263ti4o14vs2xc', NULL),
('clneo69dz840473ti4yd78d0y4', '775110072', 'clneo69e1840563ti4egz6jirh', NULL),
('clneo69e6840733ti49i121kbn', '772559397', 'clneo69e7840833ti47hwe1tcv', NULL),
('clneo69ec841003ti41k4vzipl', '773803533', 'clneo69ed841103ti44dbtczay', NULL),
('clneo69ei841273ti402meelob', '770223062', 'clneo69ej841373ti4hbp33y9i', NULL),
('clneo69eq841543ti4nsim7p07', '773191321', 'clneo69er841643ti40k91bvw9', NULL),
('clneo69ew841813ti4z16egdr1', '774367046', 'clneo69ex841913ti4lk95h10i', NULL),
('clneo69f3842083ti490ihod0x', '774367046', 'clneo69f4842183ti4z7eqg0n4', NULL),
('clneo69fa842353ti4g7qjloqa', '777377800', 'clneo69fb842453ti42spk45sd', NULL),
('clneo69g7843023ti49lsey65t', '771045815', 'clneo69g9843123ti4x2q4iblf', NULL),
('clneo69gp843403ti4c0nnylt2', 'AIDABA', 'clneo69gq843473ti4zjr13big', NULL),
('clneo69h2843793ti4v5f8lqor', '775747667783856336', 'clneo69h4843893ti42zzucb5o', NULL),
('clneo69h9844063ti4zoyntyad', '774335473', 'clneo69ha844163ti4nfugw2a2', NULL),
('clneo69hr844603ti4iyqn38pj', '781854158', 'clneo69hs844703ti48g7cu33r', NULL),
('clneo69hz844873ti4in6vo7fz', '777638083', 'clneo69i0844973ti4fjbnsylj', NULL),
('clneo69i3845143ti4zz9xcd1p', '774507890', NULL, 'clneo69i4845213ti449wxnuni'),
('clneo69i9845383ti45clv60d8', '774507890', 'clneo69ia845483ti4u3hqzrv9', NULL),
('clneo69il845723ti423fx491u', '774074531', 'clneo69im845823ti4to5l5xvj', NULL),
('clneo69is845993ti49ds9oa0y', '773762657', 'clneo69it846093ti43y58bli0', NULL),
('clneo69iz846263ti42xawo0so', '774640184', 'clneo69j1846363ti4mqfyugvt', NULL),
('clneo69j6846533ti42p3kjrb5', '776374756', 'clneo69j7846633ti41mc3w8vk', NULL),
('clneo69jf846803ti41e85zhr8', '774199875', 'clneo69jg846903ti45nexrhg0', NULL),
('clneo69jl847073ti4hh2wysau', '777334935', 'clneo69jn847173ti4x9y9roqd', NULL),
('clneo69k8847563ti47fsv92t3', '781165683', 'clneo69k9847633ti4oyjbo6mt', NULL),
('clneo69kd847803ti41vprdnsb', '773443535{ALENDIAYE}', NULL, 'clneo69ke847873ti4zrlu1497'),
('clneo69kj848023ti4sufdkws3', '773443535{ALENDIAYE}', 'clneo69kk848143ti4v83fy35r', NULL),
('clneo69mc849843ti4dju1dmlk', '772150805', 'clneo69md849943ti43fsbqmbq', NULL),
('clneo69mi850113ti4ztzlvqxv', '781433828', 'clneo69mk850213ti46vwcloal', NULL),
('clneo69mp850383ti4fuu4dxeu', '773787730', 'clneo69mq850483ti4b3kplckz', NULL),
('clneo69mv850653ti4ut8qhk5a', '776535790', 'clneo69mw850753ti41dml9av4', NULL),
('clneo69nd851223ti43utey7hm', '775221411', 'clneo69ne851323ti4krr48oeh', NULL),
('clneo69nl851493ti4q4vhyhir', '776365924', 'clneo69nm851593ti45acxwmmm', NULL),
('clneo69nu851783ti4in9x9zq5', '774507890', 'clneo69nw851883ti4b26ksnj3', NULL),
('clneo69o2852053ti4fw4olgg4', '773237555', 'clneo69o3852153ti473v7kla0', NULL),
('clneo69o9852323ti409g19wpq', '774464524', 'clneo69o9852423ti4yn4ih3p1', NULL),
('clneo69og852623ti4qlm139vd', '784475535', 'clneo69oh852693ti4dl5ivi76', NULL),
('clneo69on852883ti4fbks70w9', '776793801', 'clneo69oo852963ti4xaj9fcvr', NULL),
('clneo69pc853283ti45p3bnrnv', '772137650', 'clneo69pe853383ti47srbwq9c', NULL),
('clneo69pm853573ti4iq0tvw2e', '777988637', 'clneo69pn853673ti4yyj90lyk', NULL),
('clneo69pt853853ti491cswnfp', '764882018', 'clneo69pu853943ti4g52od58n', NULL),
('clneo69q5854263ti4xrrkhmj3', '772234076', 'clneo69q6854363ti4dj7v7ql0', NULL),
('clneo69qb854533ti4ib9crc6x', '772234076', 'clneo69qd854633ti4begsm2gj', NULL),
('clneo69qi854803ti4foe8xebn', '772530633', 'clneo69qj854903ti4g4ilat44', NULL),
('clneo69qo855103ti42k1ruei3', '780144640', 'clneo69qp855243ti4velgzu8j', NULL),
('clneo69qo855123ti4m2m1611e', '770926831', 'clneo69qp855243ti4velgzu8j', NULL),
('clneo69qu855423ti4lbz07qlj', '773686590', 'clneo69qv855523ti4qa1ldp1a', NULL),
('clneo69r6855803ti4cul9f23d', '781646970', 'clneo69r7855903ti4mu1rlg2r', NULL),
('clneo69rc856073ti4ancy8a26', '773660517', 'clneo69rd856173ti4k8ip1b6m', NULL),
('clneo69ri856343ti41t1amnl4', '775510506', 'clneo69rj856443ti4fowqbo7q', NULL),
('clneo69rm856613ti4stc9ql06', '775510506', NULL, 'clneo69rn856683ti4wf6d595h'),
('clneo69ru856843ti4qi9ennyh', '782839301', 'clneo69rw856943ti4rvmw7na2', NULL),
('clneo69s7857263ti498ek4ivr', '778335063', 'clneo69s8857363ti4cjjii288', NULL),
('clneo69sd857533ti4e6cntop6', '770401547', 'clneo69sf857633ti47bb580fa', NULL),
('clneo69si857803ti4zaj8u4hg', '338254094777334070', NULL, 'clneo69sj857873ti4ishgw6ki'),
('clneo69sp858013ti4fgdnqelc', '338254094777334070', 'clneo69sq858143ti4fn464027', NULL),
('clneo69sw858343ti4hrnrxww3', '777971711', 'clneo69sx858443ti4dzbl0ibb', NULL),
('clneo69tb858783ti432dwpd55', '774516132', 'clneo69tc858883ti4yo4a5koq', NULL),
('clneo69th859053ti417gddlap', '775345398', 'clneo69ti859153ti4oi9ramck', NULL),
('clneo69tn859323ti4qi5zgkdh', '776514971', 'clneo69to859423ti4g8w7v070', NULL),
('clneo69tu859593ti4wpeb2p03', '776308489', 'clneo69tv859693ti461jtuksw', NULL),
('clneo69v1860813ti4ggnd7mfx', '775656965', 'clneo69v2860883ti4sky8kgkk', NULL),
('clneo69v8861053ti4wjf0tipu', '776971719', 'clneo69v8861153ti4ebf7t50n', NULL),
('clneo69vd861323ti4cjhs6q3g', '784684576', 'clneo69vf861423ti4zmauwrve', NULL),
('clneo69vk861593ti4u1vh7wa4', '706242090', 'clneo69vl861693ti449rqdixb', NULL),
('clneo69vq861893ti4h4cbwv4n', '781715699', 'clneo69vr861963ti418566mts', NULL),
('clneo69vx862163ti43gfuhwoh', '338251535', 'clneo69vy862303ti42vzuwfyj', NULL),
('clneo69vx862173ti423c9klfc', '785313134', 'clneo69vy862303ti42vzuwfyj', NULL),
('clneo69wd862573ti4fkv4rdey', '775273113', 'clneo69we862643ti4nylwfvr2', NULL),
('clneo69wj862813ti4xh38bz3q', '774450266', 'clneo69wk862913ti4eeugktyd', NULL),
('clneo69wt863103ti4od8oaajm', '778014926', 'clneo69wv863203ti4tjdn05wx', NULL),
('clneo69x0863373ti48p1a7ell', '781509316', 'clneo69x1863473ti4gbjwjfze', NULL),
('clneo69xj863923ti4qma1whuq', '775915900', 'clneo69xk864013ti4djt68ud6', NULL),
('clneo69xp864183ti46lw6i2dq', '776441026', 'clneo69xq864283ti4io913oai', NULL),
('clneo69y1864523ti40q4jn5p9', '781694279', 'clneo69y2864593ti4hwgcm14r', NULL),
('clneo69yb864813ti4lddx4h01', '776442225', 'clneo69yc864883ti4yfl8a9b0', NULL),
('clneo69yn865223ti4lov3kzvx', '776326383', NULL, 'clneo69yo865433ti4y1loshbs'),
('clneo69yn865243ti4z4rf82ey', '778885076', NULL, 'clneo69yo865433ti4y1loshbs'),
('clneo69yn865263ti4ik7to3t8', '339610809', NULL, 'clneo69yo865433ti4y1loshbs'),
('clneo69yu865653ti4w3xmi04b', '776326383', 'clneo69yv865863ti46defyep5', NULL),
('clneo69yu865673ti4r1ge9sqq', '339610809', 'clneo69yv865863ti46defyep5', NULL),
('clneo69yu865693ti4khr8ect1', '778885076', 'clneo69yv865863ti46defyep5', NULL),
('clneo69z9866213ti41dscsbo6', '775395746', 'clneo69za866313ti4y8vwv5ly', NULL),
('clneo69zg866513ti4e6gc6qf1', '771378034', 'clneo69zh866613ti4telibxu7', NULL),
('clneo69zo866783ti45f0z77fh', '777523768', 'clneo69zp866883ti444ol13bs', NULL),
('clneo69zv867083ti43qgilpql', '765888842', 'clneo69zw867203ti45p831rtc', NULL),
('clneo6a0b867593ti435vvbg1z', '777240165', 'clneo6a0b867693ti4ymk8yb7u', NULL),
('clneo6a0g867863ti4o1atjf8x', '774745863', 'clneo6a0h867963ti4j44nc443', NULL),
('clneo6a0r868153ti4a6uej6gi', '776024179', 'clneo6a0t868253ti43lwjqn7p', NULL),
('clneo6a0y868453ti4cvuylff7', '776083538', 'clneo6a0z868523ti4ojlllbaq', NULL),
('clneo6a13868723ti40zsuk95e', '779268233', 'clneo6a14868793ti4jmu92iwa', NULL),
('clneo6a1g869193ti4fs1g8hil', '776546254', 'clneo6a1h869293ti4ag1nzysm', NULL),
('clneo6a1m869463ti48u7i317m', '776577943', 'clneo6a1n869563ti4f88k6ybl', NULL),
('clneo6a1r869733ti4wrj9c70n', '776423133', 'clneo6a1s869833ti4qcyapi2g', NULL),
('clneo6a25870043ti469080wtv', '776471788', 'clneo6a26870143ti4bg7u48nf', NULL),
('clneo6a36871463ti4ljrvc9ji', '775670872', 'clneo6a37871553ti4dcgy8spg', NULL),
('clneo6a3i871903ti480ichh4m', '772722409', 'clneo6a3j872043ti4qkudhelo', NULL),
('clneo6a3i871923ti4knox5hta', '771563314', 'clneo6a3j872043ti4qkudhelo', NULL),
('clneo6a4h873293ti47cdusevd', '776308513', 'clneo6a4i873393ti4z3vk9vr7', NULL),
('clneo6a56874093ti4otynxsmf', '774686578', 'clneo6a58874233ti44g1qp4ni', NULL),
('clneo6a56874103ti4oikfuobc', '+212662765617', 'clneo6a58874233ti44g1qp4ni', NULL),
('clneo6a5e874443ti472ypbhvp', '784410005', 'clneo6a5g874583ti4utcmspme', NULL),
('clneo6a5e874463ti4j7u37luj', '775616808', 'clneo6a5g874583ti4utcmspme', NULL),
('clneo6a5m874773ti4dibtbddo', '774498486', 'clneo6a5n874863ti4a2xtkp1q', NULL),
('clneo6a63875263ti4rtsqivq1', '774360839', 'clneo6a63875363ti47s6ayed6', NULL),
('clneo6a66875533ti4gyyp4jz1', '776455259', NULL, 'clneo6a67875603ti4g4cu5fh1'),
('clneo6a6a875773ti4j0z6apnv', '776455259', 'clneo6a6b875873ti4a3xcis03', NULL),
('clneo6a6e876073ti4nahzf94p', '784659932', 'clneo6a6f876173ti4zvkpigc6', NULL),
('clneo6a6s876723ti4fpymnkg3', '769227174', 'clneo6a6t876823ti447nd1ly9', NULL),
('clneo6a6z876993ti4f4t7f3ix', '775400330', 'clneo6a70877093ti43x0i2wit', NULL),
('clneo6a75877293ti4a0przgwv', '775690449', 'clneo6a76877363ti4pvojgvqm', NULL),
('clneo6a7i877793ti4bqvbgmtl', '775135579', 'clneo6a7j877863ti4k0uypdhk', NULL),
('clneo6a81878373ti46n7v8gyj', '775730748', 'clneo6a83878473ti4licgkpkk', NULL),
('clneo6a8e878793ti4phlv8k5m', '777828792', 'clneo6a8f878893ti4ucquhelu', NULL),
('clneo6a8l879093ti46vkkpjrw', '779351153', 'clneo6a8m879163ti4ela0y8xq', NULL),
('clneo6a8w879433ti4sgvh1tln', '776181204', 'clneo6a8x879573ti4qzj7eikk', NULL),
('clneo6a8w879443ti48lx03393', '766458141', 'clneo6a8x879573ti4qzj7eikk', NULL),
('clneo6a9u880543ti4yrey4luq', '777668818', 'clneo6a9v880643ti4g8rsm60k', NULL),
('clneo6aa1880813ti4e04cu4b6', '778858312', 'clneo6aa2880913ti4yizdat83', NULL),
('clneo6aa8881083ti43jxxzw88', '776434192', 'clneo6aa9881183ti4gudfp9it', NULL),
('clneo6aad881363ti4cq99iwyv', '773322016', 'clneo6aae881453ti4eurvtn44', NULL),
('clneo6aaj881623ti4o6ollle6', '777976375', 'clneo6aak881723ti4ey2ghk5h', NULL),
('clneo6aav882073ti45uzi9234', '777571414', 'clneo6aax882213ti4c2gwd2m0', NULL),
('clneo6aav882093ti4ncq2tqb3', '774877831', 'clneo6aax882213ti4c2gwd2m0', NULL),
('clneo6ab3882393ti4hce998r0', '775678187', 'clneo6ab3882493ti4vhubaxd3', NULL),
('clneo6ab9882663ti405jql5hx', '782157706', 'clneo6aba882763ti4ef3iy44m', NULL),
('clneo6abd882933ti4z5ox42ii', '775411264', NULL, 'clneo6abe883003ti40vfe3yf4'),
('clneo6abj883143ti46hupdyqm', '775411264', 'clneo6abk883273ti4fhm3tfuz', NULL),
('clneo6abq883503ti447i4msr9', '764045337', 'clneo6abr883643ti4e46x9spk', NULL),
('clneo6abq883523ti4qrjuoa14', '776639635', 'clneo6abr883643ti4e46x9spk', NULL),
('clneo6act884503ti4sx3x5arb', '776358171', 'clneo6acu884593ti4uhnlfnwm', NULL),
('clneo6ad6884963ti4qatj5i67', '764502971', 'clneo6ad7885063ti4y5vp1jb0', NULL),
('clneo6adq885563ti40ywzoiqf', '774274563', 'clneo6adr885663ti4tscrbo77', NULL),
('clneo6adx885833ti4rg7uta4b', '770948793', 'clneo6ady885933ti461t1rj8l', NULL),
('clneo6aea886283ti4xnonr3zt', '772447506', 'clneo6aeb886423ti4inm5p5r3', NULL),
('clneo6aea886303ti4prsp1tkh', '772065791', 'clneo6aeb886423ti4inm5p5r3', NULL),
('clneo6aex887133ti4iizfbnq2', '785313134', NULL, 'clneo6aey887273ti4c3zzwhuk'),
('clneo6aex887153ti4qroqy43i', '338251535', NULL, 'clneo6aey887273ti4c3zzwhuk'),
('clneo6af3887483ti4fptwc2uk', '338251535', 'clneo6af4887623ti4pnh8iyw8', NULL),
('clneo6af3887503ti4gn2qq2p3', '785313134', 'clneo6af4887623ti4pnh8iyw8', NULL),
('clneo6afi888033ti4iyg3jmhq', '776286519', 'clneo6afk888133ti4lk5gwjwi', NULL),
('clneo6ag0888503ti4w5r9kky0', '776521345', 'clneo6ag1888603ti4tq6vy8he', NULL),
('clneo6agf888833ti4fxcqjg6v', '773670044', 'clneo6agh888933ti4agwtrnz9', NULL),
('clneo6ahb889663ti4fn5wcckw', '770916669', 'clneo6ahc889753ti4tqxkak6o', NULL),
('clneo6ahh889923ti4wpcsoo1y', '772015006', 'clneo6ahi890023ti4vh4quu7o', NULL),
('clneo6aho890193ti4gnee869m', '774549945', 'clneo6ahp890293ti43a40ymft', NULL),
('clneo6ahv890463ti4s5723vsj', '706001225', 'clneo6ahw890563ti4yz17g0g4', NULL),
('clneo6aih891003ti40s3c8zl5', '774687775', 'clneo6aij891103ti47pnq0muw', NULL),
('clneo6aio891273ti4v7u4vnoz', '773690041', 'clneo6aip891373ti4qjuka35g', NULL),
('clneo6aiv891543ti4m7kp4s5y', '785201763', 'clneo6aiw891643ti4skgl5gm1', NULL),
('clneo6aj2891843ti43at5cr03', '775339246', 'clneo6aj4891913ti4scnwoj8d', NULL),
('clneo6ajo892393ti4sq9q4uoi', '776629544', 'clneo6ajq892493ti47y1qrwc8', NULL),
('clneo6ajv892663ti4xkiduvyb', '77', 'clneo6ajx892763ti4u0a1i1rk', NULL),
('clneo6ak3892963ti4bny9zpw9', '774566960', 'clneo6ak5893103ti4udq8ewqh', NULL),
('clneo6ak3892983ti48kecoh2q', '776535862MMEKANEYACINEDIA', 'clneo6ak5893103ti4udq8ewqh', NULL),
('clneo6akh893353ti460p0xxy1', '775966154', 'clneo6aki893493ti4irly5urs', NULL),
('clneo6akh893363ti400ogzgmu', '776321913', 'clneo6aki893493ti4irly5urs', NULL),
('clneo6akp893693ti4sitvh4uh', '784767646', NULL, 'clneo6akq893833ti4pyvjjcot'),
('clneo6akp893703ti4c22gliew', '773991720', NULL, 'clneo6akq893833ti4pyvjjcot'),
('clneo6akw894013ti4e4s2wl1w', '784767646', 'clneo6aky894183ti4tdpwz2gh', NULL),
('clneo6akw894043ti43vwmgdvx', '773991720', 'clneo6aky894183ti4tdpwz2gh', NULL),
('clneo6alh894513ti4ndbd0605', '783062767', 'clneo6alj894613ti4ig9q8a5j', NULL),
('clneo6alp894803ti4a41z62te', '772418176', 'clneo6alr894933ti40yubjsx1', NULL),
('clneo6alx895133ti40q8j15ul', '774318305', 'clneo6alz895233ti4d06crlxk', NULL),
('clneo6am4895403ti47fui85br', '773293634', 'clneo6am5895503ti46g6ldrfj', NULL),
('clneo6amb895673ti4w2y3reue', '776586813', 'clneo6amc895773ti43gxypt9y', NULL),
('clneo6amh895943ti47hpylhzj', '777579609', 'clneo6ami896043ti4jknnaxlj', NULL),
('clneo6amp896263ti4dzuhqnrt', '775113298', 'clneo6amq896363ti4m07oy5d8', NULL),
('clneo6amv896563ti4h558741y', '773277755', 'clneo6amx896663ti4p94c1mxu', NULL),
('clneo6an3896833ti469u1nz07', '779818404', 'clneo6an4896933ti447pk0e5l', NULL),
('clneo6ano897443ti4jeykgenm', '774969803', 'clneo6anp897543ti42c4a1dog', NULL),
('clneo6anv897723ti4grh4oen4', '781227881', 'clneo6anw897813ti4a68q1z8p', NULL),
('clneo6ao1897983ti4u9s4imqb', '772905761', 'clneo6ao2898083ti4wqkvajjs', NULL),
('clneo6ao7898253ti4hjte3zq7', '773201621', 'clneo6ao8898353ti4exbvx8am', NULL),
('clneo6aol898783ti4xrbtxica', '775469904', 'clneo6aom898923ti45pppkq7k', NULL),
('clneo6aol898803ti4k8pmdgnz', '777526354', 'clneo6aom898923ti45pppkq7k', NULL),
('clneo6aos899133ti4qsbxrljd', '774778313', 'clneo6aou899203ti49q69a3lm', NULL),
('clneo6apa899623ti4lcpkel7u', '707541332', 'clneo6apb899723ti4am412y9t', NULL),
('clneo6aph899893ti456vg3ego', '775793408', 'clneo6api899993ti4cb0ae56o', NULL),
('clneo6apo900173ti4sex9o02t', '780188121', 'clneo6app900263ti4uefgxy87', NULL),
('clneo6apv900433ti4u46i2bvp', '773977805', 'clneo6apw900533ti49ir1ccw3', NULL),
('clneo6aq2900703ti4legytycf', '776490906', 'clneo6aq4900803ti4gpdsfl3r', NULL),
('clneo6aqi901273ti4e76xris3', '779004141', NULL, 'clneo6aqj901413ti4g840wkp2'),
('clneo6aqi901283ti4r1czpjr5', '775975858', NULL, 'clneo6aqj901413ti4g840wkp2'),
('clneo6aqo901623ti483qptxw6', '779004141', 'clneo6aqq901763ti431e4whrl', NULL),
('clneo6aqo901633ti4y030htqh', '775975858', 'clneo6aqq901763ti431e4whrl', NULL),
('clneo6aqy902123ti4f5aecysr', '776442660', NULL, 'clneo6aqz902193ti4zkz8sa2v'),
('clneo6ar5902333ti47gwc5y9l', '776442660', 'clneo6ar7902463ti4f0vdwklp', NULL),
('clneo6ase903163ti455z8thl4', '771437674', 'clneo6asf903233ti41k4ubsaw', NULL),
('clneo6asm903423ti4r5p2scm3', '785313134', NULL, 'clneo6asn903563ti4r6rl3q89'),
('clneo6asm903433ti4oi4g0jmm', '338251535', NULL, 'clneo6asn903563ti4r6rl3q89'),
('clneo6ast903773ti4bonihsfs', '338251535', 'clneo6asu903913ti4v57ukzig', NULL),
('clneo6ast903793ti4n6pei791', '785313134', 'clneo6asu903913ti4v57ukzig', NULL),
('clneo6ate904273ti4y8uyns52', '776459753', 'clneo6atf904343ti4ft5kwmpk', NULL),
('clneo6aty904973ti4g44hw0oz', '775721452', 'clneo6atz905073ti4l0m51vsu', NULL),
('clneo6au5905243ti46juaskk0', '776507838', 'clneo6au6905343ti4yvjwbjw8', NULL),
('clneo6auj905563ti4p2qsc14m', '786099353', 'clneo6auk905653ti4croirfzd', NULL),
('clneo6auq905823ti4w9leue35', '775420536', 'clneo6aur905923ti4mr7p50sb', NULL),
('clneo6aux906093ti4u9nly9of', '776563250', 'clneo6auy906193ti4iipdxg56', NULL),
('clneo6av3906363ti4czsvy35q', '776514789', 'clneo6av4906463ti4gq1x4fzm', NULL),
('clneo6av9906633ti45cvbnbj4', '771372481', 'clneo6avb906733ti4ord4b0df', NULL),
('clneo6avu907393ti47vaddr27', '772179039', 'clneo6avv907463ti4uec1e982', NULL),
('clneo6aws908473ti4ag2a4x7l', '761540099', 'clneo6awt908573ti4u7zx3ljq', NULL),
('clneo6axm909393ti4voxo6l41', '778596438', 'clneo6axn909493ti44iwjp7ww', NULL),
('clneo6axt909673ti45nglmbte', '775683139', 'clneo6axu909763ti45x2m904p', NULL),
('clneo6axz909963ti44aji29x8', '776753357', 'clneo6ay0910033ti4qu0um8ra', NULL),
('clneo6ayj910663ti4a9ymbl84', '773203787', 'clneo6ayk910763ti45fz0d96o', NULL),
('clneo6ayq910943ti4m6axrdlx', '775080050', 'clneo6ayr911033ti4mp4co0va', NULL),
('clneo6ayv911203ti4paxxmv52', '778642385', NULL, 'clneo6ayw911343ti4o4ev93mj'),
('clneo6ayv911223ti4gbd93vn7', '775979043', NULL, 'clneo6ayw911343ti4o4ev93mj'),
('clneo6az1911553ti43ek2xje9', '778642385', 'clneo6az2911693ti4w62f033v', NULL),
('clneo6az1911573ti4ypadkhql', '775979043', 'clneo6az2911693ti4w62f033v', NULL),
('clneo6az8911903ti4ha4uuza6', '778023873', 'clneo6az9912003ti4mtqr8xxs', NULL),
('clneo6azk912353ti4b6mosuvw', '778309896', 'clneo6azl912493ti4crd4vib4', NULL),
('clneo6azk912373ti4ovwej5nx', '776561884', 'clneo6azl912493ti4crd4vib4', NULL),
('clneo6azv912733ti4vhsdsebt', '778196123', 'clneo6azx912843ti4qwo1dzxm', NULL),
('clneo6b02913043ti4o8ccm07s', '776696499MOHAMEDNDIR', 'clneo6b03913143ti4ywbxm70x', NULL),
('clneo6b0a913353ti4z6v1k6gb', '776894890', NULL, 'clneo6b0b913423ti44j0aypn7'),
('clneo6b0h913593ti4de3u0u28', '776894890', 'clneo6b0i913693ti4ifx18fp5', NULL),
('clneo6b0s914123ti4cc14s7yy', '766455075', NULL, 'clneo6b0t914193ti44lznn192'),
('clneo6b0y914353ti4duxrhiki', '766455075', 'clneo6b0z914463ti4k4hygwl9', NULL),
('clneo6b17914703ti4vrt3isbp', '766455075', NULL, 'clneo6b18914773ti4l7l5al7t'),
('clneo6b1n914973ti4ywn38ond', '777123162', 'clneo6b1o915073ti4xpbusvlo', NULL),
('clneo6b1w915393ti47gd6xbyj', '774596601', NULL, 'clneo6b1x915463ti44ngpunyh'),
('clneo6b23915603ti40q65k3cr', '774596601', 'clneo6b24915733ti4ch5b2gae', NULL),
('clneo6b2b916013ti454120v4w', '338604640MMEDIOPMARYNDIAYE', 'clneo6b2c916153ti4g9hnnjij', NULL),
('clneo6b2b916033ti4qvin2bce', '776382008', 'clneo6b2c916153ti4g9hnnjij', NULL),
('clneo6b2i916363ti4psbngzyz', '776302691', 'clneo6b2j916463ti43bgifass', NULL),
('clneo6b2m916633ti4rfr9b4hm', '776858244', NULL, 'clneo6b2m916703ti43jx6b0vl'),
('clneo6b2r916873ti411rw46cr', '776858244', 'clneo6b2s916973ti4t5y4dfnj', NULL),
('clneo6b33917213ti4qm3engfw', '775893742', 'clneo6b34917313ti4gdc85wsd', NULL),
('clneo6b3a917483ti44s777287', '781654519', 'clneo6b3b917583ti4fy0sz5xt', NULL),
('clneo6b3h917753ti4ixbk1ebb', '778507641', 'clneo6b3j917853ti4zoo7vn4c', NULL),
('clneo6b3x918193ti47acgo2j4', '781112631', 'clneo6b3y918293ti4z2j6s20u', NULL),
('clneo6b43918463ti4dgdowije', '774015006', 'clneo6b44918563ti4ucqftzck', NULL),
('clneo6b4j918913ti4efgyvnyp', '776564349', 'clneo6b4k918983ti4mm036z42', NULL),
('clneo6b4z919383ti4e34ek9lj', '777431816', 'clneo6b50919483ti4iiaszqy8', NULL),
('clneo6b56919683ti4dvb9a548', '762261558', 'clneo6b57919823ti4cr8h6xss', NULL),
('clneo6b56919703ti4thye3l9q', '775250483', 'clneo6b57919823ti4cr8h6xss', NULL),
('clneo6b5d920013ti4v6oojwxl', '774479713', 'clneo6b5e920103ti4ap6s6ojd', NULL),
('clneo6b5k920273ti4s1rf36o7', '777621097', 'clneo6b5l920373ti4mud9mpju', NULL),
('clneo6b6h921333ti4d7kfojlt', '774196223', 'clneo6b6i921403ti4dtauvzk9', NULL),
('clneo6b6u921723ti4y4ujk14h', '773630015', 'clneo6b6v921823ti4n6supfwc', NULL),
('clneo6b76922013ti4o5ihsb4x', '777897266', 'clneo6b77922113ti4jhxtbr28', NULL),
('clneo6b7c922283ti4f57nl9j7', '766686556', 'clneo6b7d922383ti45apofvsp', NULL),
('clneo6b81922973ti4csj4d2po', '773229662', 'clneo6b82923073ti4tuqis52x', NULL),
('clneo6b88923243ti4lix30bz5', '774410950', 'clneo6b89923343ti4eqazk9sm', NULL),
('clneo6b8f923563ti4qmtw2lu2', '775560708', 'clneo6b8h923733ti4m70rm3un', NULL),
('clneo6b8f923583ti4psczkvi8', '705696901', 'clneo6b8h923733ti4m70rm3un', NULL),
('clneo6b8r923983ti44axo1q5b', '773126262', 'clneo6b8s924083ti4bt99h4bc', NULL),
('clneo6b9w925393ti4uzl7x9ae', '771319921', 'clneo6b9y925493ti40kn7iifk', NULL),
('clneo6ba9925823ti4mvze8jhs', '777123236', 'clneo6baa925913ti47pvqpnls', NULL),
('clneo6baq926543ti45itbnzcj', '776388560', NULL, 'clneo6bas926613ti4no5cltur'),
('clneo6bax926783ti4pvhky67b', '776388560', 'clneo6baz926883ti4ol1m0v7x', NULL),
('clneo6bbh927383ti4e52hrhkz', '771804344', 'clneo6bbj927483ti48dx13tzj', NULL),
('clneo6bbu927703ti4h4ric6lt', '775765347', 'clneo6bbw927773ti471wql7sc', NULL),
('clneo6bcv928553ti40cgbzmlb', '706390898', 'clneo6bcx928793ti4clk2fkd4', NULL),
('clneo6bcv928563ti41ptbmruc', '', 'clneo6bcx928793ti4clk2fkd4', NULL),
('clneo6bcv928593ti4mzrymwc3', '338606067', 'clneo6bcx928793ti4clk2fkd4', NULL),
('clneo6bdh929443ti4ezew74qu', '770960267', 'clneo6bdi929543ti4n7ktw0a7', NULL),
('clneo6bdo929713ti4rp4hor25', '775172570', 'clneo6bdp929813ti40ybnqa1a', NULL),
('clneo6beq930823ti4pbdzl6ap', '775203152', 'clneo6ber930913ti4i4lkyecy', NULL),
('clneo6bex931083ti4ewybfxpo', '776519375', 'clneo6bez931183ti41f2yq91o', NULL),
('clneo6bf4931353ti4o1q8juck', '774060722', 'clneo6bf6931453ti4opeurt7k', NULL),
('clneo6bfc931633ti4rqf4nits', '776335667', 'clneo6bfd931723ti4s2fkxyvp', NULL),
('clneo6bfz932343ti45tej96ql', '783701919', 'clneo6bg0932443ti40ex6yph1', NULL),
('clneo6bgl933073ti4y29sb2i2', '774399362', 'clneo6bgn933173ti4031jg9qt', NULL),
('clneo6bi0933673ti4isywtiqj', '776508417', 'clneo6bi1933773ti44ftvzchj', NULL),
('clneo6bi7933943ti4icu4v2dt', '785350789', 'clneo6bi8934043ti4o6e6blgh', NULL),
('clneo6bip934383ti463j2ehxs', '781627138', 'clneo6biq934483ti4nxz22pq0', NULL),
('clneo6biw934683ti4m651jocq', '785313134', 'clneo6bix934823ti424cu2o5n', NULL),
('clneo6biw934703ti4b32ug8g0', '338251535', 'clneo6bix934823ti424cu2o5n', NULL),
('clneo6bj0935003ti45ekrtdh8', '770777717', NULL, 'clneo6bj1935143ti472baw6mu'),
('clneo6bj0935013ti4wy46zihc', '118777788', NULL, 'clneo6bj1935143ti472baw6mu'),
('clneo6bj7935353ti49rlofh32', '770777717', 'clneo6bj9935493ti42siucyyk', NULL),
('clneo6bj7935373ti4aaii16f6', '118777788', 'clneo6bj9935493ti42siucyyk', NULL),
('clneo6bku937143ti47lpmnlbk', '772556818', 'clneo6bkw937243ti482t0dz68', NULL),
('clneo6bl2937413ti4s3sitiq3', '773352965', 'clneo6bl3937513ti4e445uodn', NULL),
('clneo6bp5941143ti45djrejfv', '777033728', 'clneo6bp6941243ti4lg5uho9l', NULL),
('clneo6bpc941413ti4bii0uhey', '778076175', 'clneo6bpd941513ti4adj8r5jo', NULL),
('clneo6bpr941923ti4ajer6ck2', '777304849', 'clneo6bps942013ti40wxq3o6z', NULL),
('clneo6bpy942213ti4kae7k15a', '773717875', 'clneo6bpz942283ti4xbm1xt9k', NULL),
('clneo6bqa942603ti4zdgygajb', '786204497', 'clneo6bqb942703ti4axzk0amd', NULL),
('clneo6brt943703ti4eky0y512', '772598745', 'clneo6brv943803ti4x0i9sgxm', NULL),
('clneo6bsm944203ti4z3pzlczy', '786357346', 'clneo6bsq944303ti40bqzmehk', NULL),
('clneo6bsw944473ti432tvqsho', '785313134', 'clneo6bsx944573ti451yq7hy1', NULL),
('clneo6btg945073ti4h2433kfd', '781501403', 'clneo6bth945143ti42hmwsuhq', NULL),
('clneo6bty945563ti4anlwq1bl', '786371454', 'clneo6btz945663ti4cbyx53hf', NULL),
('clneo6buh946023ti4xk67cqc7', '771791403', 'clneo6buj946123ti4mucetaz0', NULL),
('clneo6bv6946823ti4mos0yn3e', '777641182', 'clneo6bv7946923ti4lrlu88j5', NULL),
('clneo6bwg948233ti4x8slkrc7', '776492667', 'clneo6bwh948323ti499ch82gs', NULL),
('clneo6bwo948493ti46zmjpyvx', '777101743', 'clneo6bwp948593ti49atcz9t2', NULL),
('clneo6bxe949373ti4yqne5a29', '777208693', 'clneo6bxf949473ti4zio1bgx9', NULL),
('clneo6bxv949893ti4jiht11zo', '775037070', 'clneo6bxw949993ti487e8o8z1', NULL),
('clneo6bye950553ti4405grxet', '776329282', 'clneo6byf950643ti4mru4eseb', NULL),
('clneo6byl950813ti4t39p5kf1', '770462530', 'clneo6bym950913ti4mhbtaqia', NULL),
('clneo6byr951113ti48yz573y8', '785313134', 'clneo6bys951253ti4pqz0igvz', NULL),
('clneo6byr951123ti4gctbwqpq', '338251535', 'clneo6bys951253ti4pqz0igvz', NULL),
('clneo6bzc951683ti4kxx76hcr', '786371454', 'clneo6bzd951783ti4qkbz6475', NULL),
('clneo6c0w953233ti4vgjha61m', '776329282', 'clneo6c0x953333ti4ezpsot1l', NULL),
('clneo6c13953503ti4dpt8il62', '775312456', 'clneo6c14953603ti4dwtc99n9', NULL),
('clneo6c1b953803ti4p1fu7x06', '774652741', 'clneo6c1c953873ti45iqb16uh', NULL),
('clneo6c1h954043ti4xcwp9kom', '774596929', 'clneo6c1i954143ti4hlpnr0yc', NULL),
('clneo6c22954633ti4g06h8les', '781777407', 'clneo6c23954733ti4smtyd60z', NULL),
('clneo6c27954903ti4n92reil8', '774949388', NULL, 'clneo6c27954973ti44fq6grwr'),
('clneo6c2d955143ti4oqbf3el6', '774949388', 'clneo6c2e955243ti4a3p0x8jr', NULL),
('clneo6c2o955593ti48bmq4no9', '772517082', 'clneo6c2p955693ti44q7hpnuv', NULL),
('clneo6c2u955863ti4kgllsb7y', '777177397', 'clneo6c2v955963ti4cg9vipi0', NULL),
('clneo6c31956133ti4vmx5d9mi', '776404578', 'clneo6c32956233ti40oqo21v4', NULL),
('clneo6c47957393ti4cq9qn7z2', '777730312', 'clneo6c48957483ti4is8mmaca', NULL),
('clneo6c4j957803ti4xft28s1z', '777470984', 'clneo6c4k957903ti40xni6vih', NULL),
('clneo6c4m958073ti49qqiep25', '778783784', NULL, 'clneo6c4n958143ti4n6ohcwe7'),
('clneo6c4t958313ti495him27d', '778783784', 'clneo6c4u958413ti4xgjx2gm8', NULL),
('clneo6c59958913ti4x0ps0w8v', '775119383', 'clneo6c5a959013ti4wil1rprk', NULL),
('clneo6c5l959413ti4q8u83lm2', '785313134', NULL, 'clneo6c5m959553ti42vnp1ukj'),
('clneo6c5l959433ti45x9imdxy', '338251535', NULL, 'clneo6c5m959553ti42vnp1ukj'),
('clneo6c5r959763ti4cwfk0c2r', '338251535', 'clneo6c5t959903ti4wfo4gwsb', NULL),
('clneo6c5r959783ti4f70t0ajy', '785313134', 'clneo6c5t959903ti4wfo4gwsb', NULL),
('clneo6c5z960123ti4kp4bg7f2', '774427833', 'clneo6c60960213ti46afnek5r', NULL),
('clneo6c6c960533ti4md48jzpw', '781075354', 'clneo6c6d960633ti4wyk2hkpm', NULL),
('clneo6c6s960963ti4n8jvb00t', '777987818', 'clneo6c6v961053ti4cc4d39tn', NULL),
('clneo6c7w961703ti4kr7253qe', '775351084', 'clneo6c7y961773ti4nk8czotk', NULL),
('clneo6c8h962093ti4b6to9frb', '776334346', 'clneo6c8i962193ti43emeh3zi', NULL),
('clneo6c8m962363ti4xvpqhuh8', '778492456', NULL, 'clneo6c8m962433ti4bcwzghjj'),
('clneo6c8r962573ti47676ebpa', '778492456', 'clneo6c8s962703ti448d7adj7', NULL),
('clneo6c9d963353ti4miuiec2k', '772572183', 'clneo6c9e963453ti4im5gkblh', NULL),
('clneo6ca8964383ti42n0gazhe', '781864111', 'clneo6ca9964483ti4901d7dby', NULL),
('clneo6caf964653ti4qf54lbz1', '775194683', 'clneo6caf964753ti4ar27qj4t', NULL),
('clneo6cak964953ti4zchhmqqz', '773285314', 'clneo6cal965023ti408trmpn0', NULL),
('clneo6car965223ti4l5nk52xf', '781715699', 'clneo6cas965293ti4cowqe7gd', NULL),
('clneo6caz965463ti4avcercu6', '776329282', 'clneo6cb0965563ti4kbalb90m', NULL),
('clneo6cb5965733ti45whnh3rs', '782606626', 'clneo6cb7965833ti4m6d6jzgi', NULL),
('clneo6cbh966053ti4dlwkso68', '785108607', 'clneo6cbi966123ti4w7ch4zfr', NULL),
('clneo6cbo966323ti4oa90rojj', '781232976', 'clneo6cbq966393ti42sni53ar', NULL),
('clneo6cbs966563ti4chmkir3p', '772620489', NULL, 'clneo6cbt966703ti4xzt7grgy'),
('clneo6cbs966573ti4ek7jg9ny', '774331381', NULL, 'clneo6cbt966703ti4xzt7grgy'),
('clneo6cby966883ti4arel7egv', '772620489', 'clneo6cbz967053ti46cge6c7u', NULL),
('clneo6cby966933ti4azspl2v7', '774331381', 'clneo6cbz967053ti46cge6c7u', NULL),
('clneo6ccu967793ti4b3gxz9o3', '775693526', 'clneo6ccv967893ti4ajqjp2lq', NULL),
('clneo6cd4968103ti425je93ok', '785313134', NULL, 'clneo6cd6968243ti4ycdn8f6n'),
('clneo6cd4968123ti4u10f9bre', '338251535', NULL, 'clneo6cd6968243ti4ycdn8f6n'),
('clneo6cdb968453ti4sikfkxw8', '785313134', 'clneo6cdc968593ti4uxm37sqb', NULL),
('clneo6cdb968473ti4zmge1a8c', '338251535', 'clneo6cdc968593ti4uxm37sqb', NULL),
('clneo6cdn968843ti48gi0r56n', '772396403', 'clneo6cdp968943ti4gutpgw6s', NULL),
('clneo6cdu969113ti4igkexuyh', '777199321', 'clneo6cdv969213ti4bfcuawam', NULL),
('clneo6ceb969613ti42vqk8bh4', '785265719', 'clneo6ced969713ti43vd371kf', NULL),
('clneo6cen969913ti4wtm644u8', '781291790', 'clneo6cep969983ti4ob0uojbj', NULL),
('clneo6cex970163ti4bo80ykry', '776556509', 'clneo6cez970253ti4j4n46ku8', NULL),
('clneo6cgk970743ti4po16qgzx', '776683838', 'clneo6cgl970943ti4lp6dw3gc', NULL),
('clneo6cgk970753ti41xtk4uab', '338420505', 'clneo6cgl970943ti4lp6dw3gc', NULL),
('clneo6cgs971153ti43ou8wkba', '775200155', 'clneo6cgu971253ti42udzj9xk', NULL),
('clneo6cgx971423ti49igaphof', '771490542', NULL, 'clneo6cgy971493ti4678s93ke'),
('clneo6ch3971653ti40l21xzpt', '771490542', 'clneo6ch4971763ti4fq1rfh03', NULL),
('clneo6chl972263ti4nogt7nax', '774017877', 'clneo6chm972363ti4n9texzjs', NULL),
('clneo6chr972533ti4z9wcwbc4', '776135356', 'clneo6chs972633ti4qr0b4cws', NULL),
('clneo6chx972803ti4fzzcye3s', '776444495', 'clneo6chy972903ti41duy96v8', NULL),
('clneo6cip973553ti41m6adep9', '772255393', 'clneo6ciq973643ti46kkwdae0', NULL),
('clneo6cjc974293ti4b2ol3vhk', '771051501', 'clneo6cjd974363ti4m0etmg1a', NULL),
('clneo6cjj974533ti4e51tntsj', '771051501', 'clneo6cjk974633ti496p1l3ib', NULL),
('clneo6ck7975123ti4rzt25aav', '771803412', 'clneo6ck8975223ti4ld3ha5uw', NULL),
('clneo6clq976523ti4h2dy9pih', '776168248', 'clneo6clr976623ti4azc95z7r', NULL),
('clneo6cme977113ti4emr18sa6', '776887982', 'clneo6cmf977213ti4yb23orsg', NULL),
('clneo6cmx977763ti4jeyd51aa', '776520965', 'clneo6cmz977863ti4fj15ysy8', NULL),
('clneo6cn7978043ti4ajdvr06g', '773325003', 'clneo6cn8978133ti4bve35ubq', NULL),
('clneo6cne978303ti4jahqvxqk', '778501881', 'clneo6cnf978403ti4rghthqdz', NULL),
('clneo6cns978753ti46bfprscp', '778283561', 'clneo6cnt978893ti46rv3k5ua', NULL),
('clneo6cns978773ti4fs5jrad0', '774666676', 'clneo6cnt978893ti46rv3k5ua', NULL),
('clneo6cnz979073ti4es29qhtb', '773475677', 'clneo6co0979173ti4fh7oa9le', NULL),
('clneo6cok979803ti4sf668pcl', '775749118', 'clneo6col979903ti4r81asf5k', NULL),
('clneo6coq980073ti49qleoo3j', '771075355', 'clneo6cor980173ti4q3m8bis8', NULL),
('clneo6cox980353ti4y93kym92', '772244845', 'clneo6coy980443ti45qlts6nn', NULL),
('clneo6cp4980613ti4e47uwy01', '773781122', 'clneo6cp5980713ti493eyipo8', NULL),
('clneo6cpa980883ti49wegrcjf', '779262273', 'clneo6cpb980983ti4ethw62sz', NULL),
('clneo6cph981153ti4mn0tp1bi', '770492008', 'clneo6cpi981253ti4eanzi0ru', NULL),
('clneo6cpk981423ti4463b17b3', '778083940', NULL, 'clneo6cpl981493ti4zrcaajci'),
('clneo6cpr981663ti4dbs0km3u', '778083940', 'clneo6cps981763ti4bgw8jrt6', NULL),
('clneo6cq7982263ti4dijb8y7f', '779035050', NULL, 'clneo6cq8982403ti48t6y1x4r'),
('clneo6cq7982273ti48bm4bilo', '775526929', NULL, 'clneo6cq8982403ti48t6y1x4r'),
('clneo6cqd982613ti4vmjgda3n', '779035050', 'clneo6cqe982753ti4nkrv3tfx', NULL),
('clneo6cqd982633ti42afh8tig', '775526929', 'clneo6cqe982753ti4nkrv3tfx', NULL),
('clneo6cqr983113ti4sp4j6p1m', '773893714', 'clneo6cqs983213ti4ynw5qzit', NULL),
('clneo6cqy983383ti4cyig3p7w', '774504623', 'clneo6cqz983483ti49wx4bwte', NULL),
('clneo6cue986533ti4xgcjc5cz', '785313134', 'clneo6cug986743ti48ql39pqe', NULL),
('clneo6cue986543ti4nygp0vwr', '338251535', 'clneo6cug986743ti48ql39pqe', NULL),
('clneo6cue986573ti4oz7d3n6f', '776438943', 'clneo6cug986743ti48ql39pqe', NULL),
('clneo6cum986933ti4zgmycd1z', '771915038', 'clneo6cun987033ti4logzysfy', NULL),
('clneo6cv4987503ti4hqp1rwfy', '776508922', 'clneo6cv5987603ti40txv2u78', NULL),
('clneo6cvc987773ti4vgnqeksq', '781898927', 'clneo6cvd987873ti4ltnbrt7z', NULL),
('clneo6cvi988043ti4vdjq5zrv', '781898927', 'clneo6cvj988143ti4csvdg65m', NULL),
('clneo6cvu988463ti4d2zjktel', '773927073', 'clneo6cvv988563ti4fa7xt629', NULL),
('clneo6cwc989063ti4qm3in0rj', '774396065', 'clneo6cwd989133ti4hyhbfsgx', NULL),
('clneo6cwi989303ti4uiokiyqv', '771106016', 'clneo6cwj989403ti4j6wfpb7z', NULL),
('clneo6cx2989953ti4nj4fq70n', '779090929', 'clneo6cx3990053ti4uk63vmcm', NULL),
('clneo6cx9990223ti4l8vzvo79', '776185781', 'clneo6cxa990323ti41y4hrc1c', NULL),
('clneo6cxf990493ti4yzv293z0', '775392902', 'clneo6cxg990593ti4tx9jopep', NULL),
('clneo6cxn990763ti42w971it3', '773806426', 'clneo6cxo990863ti4z7mwxfni', NULL),
('clneo6cyt991443ti40f2iiolm', '774453026', 'clneo6cyw991513ti4ljx5ku8c', NULL),
('clneo6d21993983ti4mydlywux', '770919812', 'clneo6d22994083ti4gk6elsv5', NULL),
('clneo6d28994253ti4vkpdx7t4', '775109300', 'clneo6d29994353ti4uh3ko2lh', NULL),
('clneo6d33995013ti4fcdzsfh8', '776553559', 'clneo6d37995113ti4ft4tuwlq', NULL),
('clneo6d3c995313ti45qbex6pm', '784234846', 'clneo6d3d995383ti40gysf2u0', NULL),
('clneo6d3j995633ti4u8bpfv77', '776382008', 'clneo6d3j995773ti4fump4wwy', NULL),
('clneo6d3j995653ti47rohw5x2', '338604640MMEDIOPMARYNDIAYE', 'clneo6d3j995773ti4fump4wwy', NULL),
('clneo6d3u996133ti4w1qma4nt', '774611991', 'clneo6d3v996233ti4696ugvbg', NULL),
('clneo6d48996703ti4hmdyjwev', '774611991', NULL, 'clneo6d48996773ti48nxh42z2'),
('clneo6d4d996943ti4kzoxhdwa', '774611991', 'clneo6d4e997043ti478sehin6', NULL),
('clneo6d4k997243ti4jyqdbwek', '775707764', 'clneo6d4l997343ti4vtuky044', NULL),
('clneo6d4w997663ti4x110warg', '780150341', 'clneo6d4x997763ti4ariub3pn', NULL),
('clneo6d59998123ti4q5hbfxo0', '338606008', 'clneo6d59998233ti435ce78fj', NULL),
('clneo6d5i998583ti4q57ml8bz', '338607171', NULL, 'clneo6d5j998723ti4qiddn2it'),
('clneo6d5i998603ti45cgkh3zr', '773650828', NULL, 'clneo6d5j998723ti4qiddn2it'),
('clneo6d5o998933ti4nof9f51m', '338607171', 'clneo6d5q999073ti4vsxzt851', NULL),
('clneo6d5o998953ti4itgktkfp', '773650828', 'clneo6d5q999073ti4vsxzt851', NULL),
('clneo6d62999323ti4w0cz0157', '776640114', 'clneo6d63999423ti4b3nd552v', NULL),
('clneo6d69999593ti46gl8lrn9', '774499383', 'clneo6d6a999693ti4f4na0w7d', NULL),
('clneo6daj1003393ti4kiv0dc2j', '776382008', 'clneo6dal1003533ti46xtzqmcz', NULL),
('clneo6daj1003413ti4cl22mb4c', '338604640MMEDIOPMARYNDIAYE', 'clneo6dal1003533ti46xtzqmcz', NULL),
('clneo6dar1003743ti4ojpkycsv', '776153909', 'clneo6das1003843ti4g6lrga7a', NULL),
('clneo6day1004043ti4cfmyt3zl', '780164545', 'clneo6daz1004113ti40dvwhkxt', NULL),
('clneo6dd31006203ti4nw92p5cj', '770179002', 'clneo6dd41006273ti48m6leqzs', NULL),
('clneo6dda1006443ti4m4a3858d', '771360096', 'clneo6ddb1006543ti42ybzcjl5', NULL),
('clneo6de11007163ti44hxvyeb7', '777588078', 'clneo6de21007263ti4y1heu2yb', NULL),
('clneo6deu1008073ti407x28e6u', '783000088', 'clneo6dev1008143ti44dqqxtw3', NULL),
('clneo6df11008313ti4kvoxl3gy', '771845440', 'clneo6df21008413ti4zfdhffjk', NULL),
('clneo6dfw1009273ti480cvkyr1', '778602601', 'clneo6dfx1009373ti4j3gx2u93', NULL),
('clneo6dg91009723ti41nql5pof', '785313134', 'clneo6dgb1009863ti4lenv34j7', NULL),
('clneo6dg91009743ti433961m1s', '338251535', 'clneo6dgb1009863ti4lenv34j7', NULL),
('clneo6dgw1010423ti4zwacaumz', '783803366', 'clneo6dgx1010523ti447tbm9p3', NULL),
('clneo6dhb1010843ti41ub0duvk', '773620569', 'clneo6dhd1010943ti4yv6i8e4t', NULL),
('clneo6dht1011443ti4sfrihdll', '778078056', 'clneo6dhv1011583ti4d5x0insl', NULL),
('clneo6dht1011453ti4jixbpwcy', '783816234', 'clneo6dhv1011583ti4d5x0insl', NULL),
('clneo6dit1012463ti4rgp0rw51', '775453823', 'clneo6diu1012553ti4la9o4s75', NULL),
('clneo6djf1013023ti4ku0yop4g', '781441351', 'clneo6djg1013123ti4wfisq0fz', NULL),
('clneo6djo1013293ti49dybnwi1', '776247074', 'clneo6djp1013393ti4q3tzr21e', NULL),
('clneo6djv1013593ti4eq78b3nn', '771051501', 'clneo6djx1013733ti4ui889hos', NULL),
('clneo6djv1013613ti4nagetyff', '781369666', 'clneo6djx1013733ti4ui889hos', NULL),
('clneo6dk51013913ti4nphs89w7', '775319007', 'clneo6dk61014013ti4wt789t61', NULL),
('clneo6dki1014333ti4f1ldkakt', '782905896', 'clneo6dkk1014433ti4zlb3fmm5', NULL),
('clneo6dkp1014603ti4z5nnvwz4', '776320446', 'clneo6dkr1014703ti48y03x9v0', NULL),
('clneo6dkw1014903ti4yy0lq1c3', '775147337', 'clneo6dkx1015043ti4k5n2ktnk', NULL),
('clneo6dkw1014913ti4sd8jnifb', '777242526', 'clneo6dkx1015043ti4k5n2ktnk', NULL),
('clneo6dl21015223ti4ipq0909x', '777087484', 'clneo6dl31015323ti432qd0tiw', NULL),
('clneo6dlb1015493ti4j4l6nn5u', '783270158', 'clneo6dlc1015593ti48qa3l56n', NULL),
('clneo6dlx1016253ti4141q1320', '773325462', 'clneo6dlx1016393ti4vrlb96d3', NULL),
('clneo6dlx1016273ti45rw9opi1', '771364939', 'clneo6dlx1016393ti4vrlb96d3', NULL),
('clneo6dm31016573ti40u719zs3', '776331158', 'clneo6dm41016673ti48cpy4yt4', NULL),
('clneo6dm91016843ti4vncugy6x', '771223102', 'clneo6dma1016943ti40d8i44ss', NULL),
('clneo6dnj1018293ti4tjmhdbsv', '774041129', 'clneo6dnk1018383ti4w0mb6g8e', NULL),
('clneo6dnr1018553ti4p88v5jo6', 'CONTACTERANGELIQUEGUEYE', 'clneo6dns1018653ti4yb62wdj3', NULL),
('clneo6dny1018823ti45n2w0th8', '786316666', 'clneo6do01018923ti4o6q9q6g7', NULL),
('clneo6dob1019113ti4x4bxx4qc', '777139359', 'clneo6doc1019213ti4nbhove8w', NULL),
('clneo6don1019403ti41j67lu1o', '776542567', 'clneo6doo1019503ti4nivcow2n', NULL),
('clneo6dov1019673ti4e3hpcgss', '775509839', 'clneo6dow1019773ti4zxngkyju', NULL),
('clneo6dp21019953ti4d3h07e6r', '776568001', 'clneo6dp31020043ti4x37v0ezy', NULL),
('clneo6dpa1020213ti4gxx2llov', '776329282', 'clneo6dpb1020313ti4hprwcg8w', NULL),
('clneo6dpi1020513ti4b99pexe6', '773932084', 'clneo6dpk1020583ti4by9fo6iy', NULL),
('clneo6dpp1020753ti4me32s4ea', '775730108', 'clneo6dpq1020853ti4uwchr9ju', NULL),
('clneo6dpx1021053ti4eqin5fff', '771125323', 'clneo6dpy1021123ti4lbk35f52', NULL),
('clneo6dq41021293ti4lb2wcirj', '775517688', 'clneo6dq51021393ti4a72gbprq', NULL),
('clneo6dqb1021563ti4umamp93t', '775382014', 'clneo6dqd1021663ti48ljd108v', NULL),
('clneo6dqi1021833ti42zmeg5m3', '761978123', 'clneo6dqj1021933ti49uen5fm8', NULL),
('clneo6dqv1022253ti4k31joxuq', '776527844', 'clneo6dqw1022353ti4wznus6an', NULL),
('clneo6duy1025103ti4bq063u65', '771032704', 'clneo6dv31025203ti4lo4ysmfq', NULL),
('clneo6dwb1026293ti4dak1tejf', '776375757', 'clneo6dwc1026393ti4hjn5n5u2', NULL),
('clneo6dx11027073ti49ou4al1q', '774639280', 'clneo6dx21027173ti44nsu94t8', NULL),
('clneo6dxm1027753ti4kb2ke062', '776757175', 'clneo6dxn1027853ti4115p2hrd', NULL),
('clneo6dxt1028053ti4brbt3w4p', '785313134', 'clneo6dxu1028193ti42wkdf1z9', NULL),
('clneo6dxt1028073ti4hsihhr36', '338251535', 'clneo6dxu1028193ti42wkdf1z9', NULL),
('clneo6dxz1028373ti4g66tx9cb', '779267580', 'clneo6dy01028473ti4xdxac25l', NULL),
('clneo6dye1028943ti4caul7wzv', '781875555', NULL, 'clneo6dyf1029013ti4xrdtsz8p'),
('clneo6dyl1029183ti4d13nvl49', '781875555', 'clneo6dym1029283ti4euy79zyo', NULL),
('clneo6dys1029483ti481ccmkn3', '777585042', 'clneo6dyt1029583ti4varcpn23', NULL),
('clneo6dze1030083ti4x0n69fr3', '782123138', 'clneo6dzf1030153ti4de0hu01l', NULL),
('clneo6dzv1030473ti40n8cozv4', '786205240', 'clneo6dzw1030573ti4ibhwmyth', NULL),
('clneo6e041030743ti4ewbf9yrq', '763328929', 'clneo6e051030843ti44y1pshh0', NULL),
('clneo6e0h1031243ti41rbl7siz', '771315050', 'clneo6e0i1031343ti4cq6zalug', NULL),
('clneo6e0o1031543ti43oasyhlf', '781369666', 'clneo6e0p1031683ti4drc9b0pq', NULL),
('clneo6e0o1031563ti4oe7raxre', '771051501', 'clneo6e0p1031683ti4drc9b0pq', NULL),
('clneo6e0v1031863ti4m9mfxp4i', '777404921', 'clneo6e0w1031963ti4nu4d3odc', NULL),
('clneo6e181032283ti4fklqcqp7', '760206855', 'clneo6e191032383ti4536azr43', NULL),
('clneo6e1j1032583ti474ob169q', '772070480', 'clneo6e1k1032673ti442g9mlz7', NULL),
('clneo6e1n1032843ti47n462cnq', '776385071', NULL, 'clneo6e1o1032913ti4t52oesgv'),
('clneo6e1t1033083ti4360k51oo', '776385071', 'clneo6e1u1033183ti4y24j9ot8', NULL),
('clneo6e3k1034923ti4gwzmioz4', '783816234', 'clneo6e3l1035003ti4529xbirx', NULL),
('clneo6e3t1035173ti4qybxbst3', '781361709', 'clneo6e3u1035273ti4xzxue6fq', NULL),
('clneo6e4y1036203ti4fnktb72j', '775150177', 'clneo6e4z1036273ti4eal02kqa', NULL),
('clneo6e5d1036703ti4zc7sk3xt', '765219495', 'clneo6e5e1036803ti4iwmcgovl', NULL),
('clneo6e5l1036973ti4mcf2s8mh', '771491439', 'clneo6e5m1037073ti4xh2bux1j', NULL),
('clneo6e5y1037393ti4bz4qvnv4', '782024340', 'clneo6e601037493ti4npknkzgp', NULL),
('clneo6e651037663ti4gbo582fj', '785910083', 'clneo6e661037763ti4sbjwk7ft', NULL),
('clneo6e6m1038233ti4v6i6a64x', '775327507', NULL, 'clneo6e6m1038303ti4yx8391hz'),
('clneo6e6s1038443ti4krjbgdvd', '775327507', 'clneo6e6t1038573ti4fqlcmhwj', NULL),
('clneo6e8y1040333ti44iit22bo', '775273113', 'clneo6e8z1040433ti4ys0fxmy9', NULL),
('clneo6ebb1042573ti4e5inykmw', '776514789', 'clneo6ebc1042653ti4asmfrbnz', NULL),
('clneo6ebf1042823ti4driv1iyo', '776803838', NULL, 'clneo6ebg1042893ti4h66v6u21'),
('clneo6ebl1043063ti44219ruvo', '776803838', 'clneo6ebm1043163ti42bjcjt7v', NULL),
('clneo6ec31043563ti42k0ih5rd', '775362561', 'clneo6ec41043653ti4m20iwhxk', NULL),
('clneo6ec71043823ti4d8shd65l', '785313134', NULL, 'clneo6ec81043963ti4odo0jtwj'),
('clneo6ec71043843ti42icylla6', '338251535', NULL, 'clneo6ec81043963ti4odo0jtwj'),
('clneo6ece1044173ti4qqgooddp', '785313134', 'clneo6ecf1044313ti4bv932nc8', NULL),
('clneo6ece1044193ti4cbywql6p', '338251535', 'clneo6ecf1044313ti4bv932nc8', NULL),
('clneo6ecx1044853ti48r0eudbj', '771051501', 'clneo6ecy1044993ti40kb1vfma', NULL),
('clneo6ecx1044873ti4iliw7jts', '781369666', 'clneo6ecy1044993ti40kb1vfma', NULL),
('clneo6ed51045203ti4hnt7ikbq', '775075568', 'clneo6ed61045273ti4bcz65vhy', NULL),
('clneo6edv1045913ti4euinvfqb', '773339493', 'clneo6edw1045993ti404vkonq0', NULL),
('clneo6eft1047663ti4qka3zh9l', '785407568', NULL, 'clneo6efu1047733ti4c36efn0h'),
('clneo6eg01047873ti4l1x7lvn3', '785407568', 'clneo6eg11048003ti4gt691zti', NULL),
('clneo6egr1048543ti4muh8btze', '771979228', 'clneo6egs1048643ti4def66tu0', NULL),
('clneo6egy1048813ti4ow0yinzz', '778503184', 'clneo6egz1048913ti4hnq02i6l', NULL),
('clneo6ehf1049313ti47abiqykw', '772768954', 'clneo6ehg1049413ti4gxhk9mol', NULL),
('clneo6ehn1049583ti4jhevcs7z', '768273999', 'clneo6ehp1049683ti4gk184zgq', NULL),
('clneo6ei21050003ti40hr7stqz', '21624934304', 'clneo6ei31050103ti4o2fybtyb', NULL),
('clneo6eie1050293ti4oiviluiz', '775396813', 'clneo6eif1050393ti4iuzyz0d1', NULL),
('clneo6eim1050563ti4vnpkrm1m', '781734425', 'clneo6ein1050663ti4jl6mvjfr', NULL);
INSERT INTO `Contact` (`id`, `contact`, `client`, `entreprise`) VALUES
('clneo6eit1050833ti40d0r1133', '776329282', 'clneo6eiu1050933ti4c8ic38rl', NULL),
('clneo6ej81051253ti4a5bml909', '774441401', 'clneo6eja1051353ti44shccs9v', NULL),
('clneo6eji1051523ti4a3mpek5k', '771823805', 'clneo6ejj1051623ti4s0u6gl7n', NULL),
('clneo6ejn1051793ti4qu0ixr9h', '775346746', NULL, 'clneo6ejo1051863ti4oxyxu3sn'),
('clneo6ejx1052003ti4vvy9xpsr', '775346746', 'clneo6ejz1052133ti4bhfo4xym', NULL),
('clneo6ekf1052513ti40iodf29h', '772601541', 'clneo6ekg1052583ti4vq1d80ms', NULL),
('clneo6ekk1052753ti4llhkwsuo', '776440423', NULL, 'clneo6ekl1052893ti4q8vxoqmh'),
('clneo6ekk1052773ti4z9hkxvxw', '338252370', NULL, 'clneo6ekl1052893ti4q8vxoqmh'),
('clneo6ekr1053073ti4bdwns9z7', '776440423', 'clneo6ekt1053243ti4vlssmduf', NULL),
('clneo6ekr1053093ti4ugj52wfe', '338252370', 'clneo6ekt1053243ti4vlssmduf', NULL),
('clneo6ekz1053453ti4t3toaez5', '773219947', 'clneo6el01053553ti4z2pt3ygh', NULL),
('clneo6elb1053753ti4vk1azar0', '776385071', 'clneo6eld1053843ti47d7o39k2', NULL),
('clneo6em61054583ti4gazerv6o', '775749085', 'clneo6em71054683ti4sq5eyuom', NULL),
('clneo6emd1054853ti4h8lhc6my', '779016155', 'clneo6eme1054953ti4e9flcvtx', NULL),
('clneo6emk1055123ti4c0s98dx4', '778603985', 'clneo6eml1055223ti4ewufbtk5', NULL),
('clneo6ene1056003ti48dhru9bb', '783779216', 'clneo6enf1056103ti497nl9bdf', NULL),
('clneo6enl1056273ti4u3xpq0gs', '775118324', 'clneo6enn1056373ti4p8jkuhap', NULL),
('clneo6ent1056543ti4ai6305bg', '776353416', 'clneo6enu1056643ti4ynaau17i', NULL),
('clneo6eoc1056993ti48tgfntb5', '776158214', 'clneo6eod1057083ti4xvkx88h3', NULL),
('clneo6eof1057253ti4ye7kax6b', '786371454', NULL, 'clneo6eog1057323ti47px6bkr2'),
('clneo6eol1057503ti400kr68hw', '786371454', 'clneo6eon1057593ti44sqvb05p', NULL),
('clneo6epj1058373ti48jx320lm', '776262724', 'clneo6epk1058473ti4p38z70g3', NULL),
('clneo6epq1058673ti4v6noeu9y', '776463541', 'clneo6epr1058773ti49dvtpon3', NULL),
('clneo6eq51059173ti4l2hd2di3', '771740254', 'clneo6eq61059273ti4h5csja0q', NULL),
('clneo6eqc1059443ti4giwdyu0o', '775224089', 'clneo6eqd1059543ti40fwjvsha', NULL),
('clneo6eqk1059743ti4qiw381tz', '774456272', 'clneo6eql1059813ti4pg1muxzq', NULL),
('clneo6er91060483ti4ufrr9xt6', '774924267', NULL, 'clneo6era1060553ti4b1f34i4j'),
('clneo6erf1060723ti4j0pgnlr5', '774924267', 'clneo6erh1060823ti4you5igdc', NULL),
('clneo6es21061483ti4atwfe9uf', '770385711', 'clneo6es31061583ti4at4lmz8m', NULL),
('clneo6esh1061983ti4qh280yy4', '775712647', 'clneo6esi1062083ti4rz8sebmg', NULL),
('clneo6esz1062483ti4i2pfsebw', '771633282', 'clneo6et01062583ti4hy6l9imr', NULL),
('clneo6et71062753ti4zrp0i64d', '781715699', 'clneo6et81062853ti4ejxlr33j', NULL),
('clneo6ete1063023ti4uybpzq3p', '776815758', 'clneo6etf1063123ti4xoiyv5wz', NULL),
('clneo6ett1063443ti44aeyfxv5', '765200907', 'clneo6etv1063543ti4y17zqg0d', NULL),
('clneo6eu11063723ti4m2vzglmr', '775075609', 'clneo6eu21063813ti46pk9wmtc', NULL),
('clneo6eu61063983ti4qcji6x8x', '765200907', NULL, 'clneo6eu71064053ti4nclbj6ok'),
('clneo6eud1064203ti4655ycy8l', '765200907', 'clneo6eue1064323ti4dwllamzj', NULL),
('clneo6eut1064753ti4zln7ye3h', '781401617', 'clneo6euu1064853ti4zhlqm9ox', NULL),
('clneo6ev51065253ti4ni9zw8pu', '778335060', NULL, 'clneo6ev71065323ti4a3iqopmt'),
('clneo6evc1065463ti4ga9nkrya', '778335060', 'clneo6eve1065593ti4o4i1nung', NULL),
('clneo6ew31066143ti4v94mtd25', '781369666', 'clneo6ew41066283ti4hq3n86x8', NULL),
('clneo6ew31066153ti4wxbt4kqy', '771051501', 'clneo6ew41066283ti4hq3n86x8', NULL),
('clneo6ewb1066493ti4qyc4wyjq', '771051501', 'clneo6ewc1066633ti4odr90qvp', NULL),
('clneo6ewb1066513ti4gwonawd0', '781369666', 'clneo6ewc1066633ti4odr90qvp', NULL),
('clneo6ewi1066843ti4yasurbb9', '771051501', 'clneo6ewj1066983ti4sv8b1hw2', NULL),
('clneo6ewi1066863ti4omalr87y', '781369666', 'clneo6ewj1066983ti4sv8b1hw2', NULL),
('clneo6ewp1067193ti4swcsaqj9', '771051501', 'clneo6ewr1067333ti4e86wzkg6', NULL),
('clneo6ewp1067213ti4koitz0tk', '781369666', 'clneo6ewr1067333ti4e86wzkg6', NULL),
('clneo6ewx1067543ti4cr47fydq', '781369666', 'clneo6ewy1067683ti4r7mzlsj5', NULL),
('clneo6ewx1067553ti4zf58b3k1', '771051501', 'clneo6ewy1067683ti4r7mzlsj5', NULL),
('clneo6ex41067893ti4yxknak9c', '771051501', 'clneo6ex61068033ti4dxi5yzs6', NULL),
('clneo6ex51067913ti4wi3rna9d', '781369666', 'clneo6ex61068033ti4dxi5yzs6', NULL),
('clneo6exb1068243ti448khe37e', '771051501', 'clneo6exc1068383ti4hj3g8q80', NULL),
('clneo6exb1068263ti41k1gzson', '781369666', 'clneo6exc1068383ti4hj3g8q80', NULL),
('clneo6exo1068743ti47udq0auk', '775742123M.WANECIREYaya', 'clneo6exp1068813ti4a3tuajii', NULL),
('clneo6ey41069283ti4o62bau4o', '774652741', NULL, 'clneo6ey51069353ti4y79ds5cw'),
('clneo6eyb1069503ti4j8kia9vl', '774652741', 'clneo6eyc1069623ti4imi9dnd7', NULL),
('clneo6eyi1069823ti419ek1k03', '773778311', 'clneo6eyj1069923ti4cli3r24t', NULL),
('clneo6eyo1070093ti4p9hus98o', '774207396', 'clneo6eyp1070193ti4wd0binco', NULL),
('clneo6ez21070593ti4w6xa3lz8', '778676588', 'clneo6ez31070693ti4erbe4kc3', NULL),
('clneo6ezg1071013ti46nqznbxw', '776544505', 'clneo6ezh1071113ti4cvgkz3o0', NULL),
('clneo6f0i1072073ti4iatjabue', '771051501', 'clneo6f0k1072213ti4udkbipnr', NULL),
('clneo6f0i1072093ti4k1yf6g8i', '781369666', 'clneo6f0k1072213ti4udkbipnr', NULL),
('clneo6f0r1072403ti4f1dej0bb', '776769203', 'clneo6f0s1072493ti4osjthzsu', NULL),
('clneo6f0z1072693ti4pwwcboe8', '774580409', 'clneo6f101072763ti4finyppjt', NULL),
('clneo6f2e1074083ti4k2qog7qi', '775139063', 'clneo6f2f1074173ti4ak1fk2zv', NULL),
('clneo6f2m1074373ti4fw786m5g', '707512179', 'clneo6f2n1074443ti4jm9bo32l', NULL),
('clneo6f2u1074623ti4dobnbrfw', '776569956', 'clneo6f2v1074713ti4c4o6skei', NULL),
('clneo6f311074883ti4ci3divje', '774733432', 'clneo6f321074983ti4trl5ka7x', NULL),
('clneo6f391075153ti4s9fnha8f', '776399262', 'clneo6f3a1075253ti495rr2cui', NULL),
('clneo6f3h1075423ti46jy99ccz', '775921800', 'clneo6f3i1075523ti4s3u5b1zx', NULL),
('clneo6f3x1075993ti4hj3nx21c', '771587250', 'clneo6f3y1076093ti43n9e5cqx', NULL),
('clneo6f421076263ti49j9a3zbp', '776815942', 'clneo6f421076363ti4t9ahfv5l', NULL),
('clneo6f461076533ti427amu8st', '774292559', 'clneo6f471076633ti4vwumaecc', NULL),
('clneo6f4d1076803ti4e4p9sofv', '765315663', 'clneo6f4e1076903ti49px2kn1x', NULL),
('clneo6f4l1077073ti42h2vuvke', '786200944', 'clneo6f4m1077173ti43sk7jfd0', NULL),
('clneo6f4w1077493ti4qjh2o8e6', '776451938', 'clneo6f4x1077593ti4hweuk5b7', NULL),
('clneo6f5v1078933ti48te9x12d', '776553980', 'clneo6f5w1079013ti4wdd3hfwg', NULL),
('clneo6f691079443ti4iyfj201k', '772464029', 'clneo6f6a1079583ti4ifchdnfh', NULL),
('clneo6f691079453ti44xfd6kc6', '781023555', 'clneo6f6a1079583ti4ifchdnfh', NULL),
('clneo6f6f1079763ti4ztymtprh', '781717131', 'clneo6f6g1079863ti4dcf3an4e', NULL),
('clneo6f6m1080033ti4ce65tbcu', '771857085', 'clneo6f6n1080133ti4wko3mp22', NULL),
('clneo6f711080533ti45zz3xm8l', '773693593', 'clneo6f721080633ti41049y6qt', NULL),
('clneo6f7s1081253ti4ntm0nazl', '776803385', 'clneo6f7t1081353ti47d4vcqif', NULL),
('clneo6f881081703ti458prd3r6', '772190659', 'clneo6f891081773ti4z6ku1z63', NULL),
('clneo6f8n1082103ti4qdq0qt1r', '775660370', 'clneo6f8o1082193ti4hqt6fbnp', NULL),
('clneo6f8r1082363ti4h3bsc7p1', '775364860', NULL, 'clneo6f8s1082433ti494f5b4yk'),
('clneo6f8y1082603ti4zsxzb8be', '775364860', 'clneo6f8z1082703ti4793ji33j', NULL),
('clneo6f951082903ti4h9locnp2', '775182710', 'clneo6f961083003ti4t97wyy1n', NULL),
('clneo6f9c1083173ti4sxdoo843', '776428618', 'clneo6f9e1083273ti4jrpruo5q', NULL),
('clneo6f9x1083823ti46i864lkb', '775101827', 'clneo6f9y1083923ti4fl7imfhi', NULL),
('clneo6fa41084093ti4nzybmwft', '779152016', 'clneo6fa51084193ti4mb6i5f6e', NULL),
('clneo6fab1084363ti4g3motst7', '773871403', 'clneo6fac1084463ti43soegmr8', NULL),
('clneo6fai1084633ti44kv3zliw', '774089045', 'clneo6faj1084733ti4s0xki8r3', NULL),
('clneo6fb21085213ti4e6mf4fol', '775567103', 'clneo6fb31085303ti433u60anx', NULL),
('clneo6fb61085473ti4nz708z2o', '770940920', NULL, 'clneo6fb71085543ti4q57l6urj'),
('clneo6fbc1085683ti4vp3g2de1', '770940920', 'clneo6fbd1085813ti4ax4nthls', NULL),
('clneo6fcb1087163ti48wqseloo', '772888123', 'clneo6fcd1087263ti4v3f3132r', NULL),
('clneo6fcj1087483ti4txhkdsjt', '775312456', 'clneo6fck1087583ti4t14t9ru3', NULL),
('clneo6fcw1087933ti4rve8h5g4', '775696903', 'clneo6fcx1088033ti4hl6f27ms', NULL),
('clneo6fdw1088963ti45yut73at', '775426668', 'clneo6fdx1089053ti4bzb1xkvv', NULL),
('clneo6fec1089523ti4geb6wizy', '785982928', 'clneo6fec1089623ti4cvngd6mb', NULL),
('clneo6feg1089793ti4f61cuadl', '775507470', 'clneo6feh1089893ti4zkjmca34', NULL),
('clneo6fer1090233ti4gsm3cwil', '775688958', 'clneo6fes1090333ti4ogw4a062', NULL),
('clneo6fev1090513ti4y50qpgj7', '773822311', 'clneo6few1090603ti4akpmss9d', NULL),
('clneo6fgm1092503ti4318vtpic', '777409530', NULL, 'clneo6fgn1092573ti4qvfkfj12'),
('clneo6fgs1092743ti4jw5z9s1j', '777409530', 'clneo6fgt1092843ti44q8qw2q5', NULL),
('clneo6fh51093193ti4va0eehjt', '771687799', 'clneo6fh61093293ti4zvmu8q0d', NULL),
('clneo6fhc1093463ti4od39ncxk', '781123665', 'clneo6fhd1093563ti4rygsucy1', NULL),
('clneo6fhk1093733ti46imno0yk', '775663610', 'clneo6fhl1093833ti4h6z711pv', NULL),
('clneo6fhr1094033ti4h75gzbfl', '770990558', 'clneo6fhs1094173ti4hve89418', NULL),
('clneo6fhr1094043ti4n4836ssx', '777191637', 'clneo6fhs1094173ti4hve89418', NULL),
('clneo6fi31094373ti4ab7dlpn1', '773143419', 'clneo6fi41094473ti4dx19mhjr', NULL),
('clneo6fjh1096023ti4mzz2ntp9', '772584768', 'clneo6fji1096123ti41gg3u31p', NULL),
('clneo6fjl1096293ti43agdkg3b', '778283561', NULL, 'clneo6fjl1096363ti4up6iu3fu'),
('clneo6fjp1096513ti4dlov3c7y', '778283561', 'clneo6fjp1096633ti4anla3xdy', NULL),
('clneo6fjt1096833ti4920kdwki', '771309816', 'clneo6fju1096933ti4rmbjktg4', NULL),
('clneo6fk01097103ti4kbiwoai2', '775848924', 'clneo6fk11097203ti4to3v9uep', NULL),
('clneo6fk71097403ti45zyp4fuv', '777814783', 'clneo6fk71097473ti4s5nfmo3h', NULL),
('clneo6fkd1097643ti44kt1nx36', '778104425', 'clneo6fke1097743ti46n3gn7fm', NULL),
('clneo6fkk1097913ti43bpwbgy9', '776724998', 'clneo6fkl1098013ti4qbpcvwgu', NULL),
('clneo6fkt1098333ti4px8c1hrl', '338230047', NULL, 'clneo6fku1098473ti428d8cf4w'),
('clneo6fkt1098343ti4a2p7zh9p', '783890939', NULL, 'clneo6fku1098473ti428d8cf4w'),
('clneo6fl01098663ti46gzf6b4h', '783890939', 'clneo6fl11098823ti4guulllzl', NULL),
('clneo6fl01098703ti4wayocxjw', '338230047', 'clneo6fl11098823ti4guulllzl', NULL),
('clneo6flm1099523ti4f83ujdyn', '781032158', 'clneo6fln1099593ti4ck4f6cfi', NULL),
('clneo6fmf1100463ti444qm99up', '775078749', 'clneo6fmg1100553ti4iwgf4y73', NULL),
('clneo6fmu1100953ti4jo3j79p2', '773528539', 'clneo6fmv1101053ti4zo6nceb9', NULL),
('clneo6fna1101523ti4wwl9x2rx', '776686763', 'clneo6fnb1101623ti41g18n3vj', NULL),
('clneo6fnp1102023ti4bbpr26pg', '778763598', 'clneo6fnq1102123ti4cgairbis', NULL),
('clneo6fnw1102293ti4k38itg7x', '773323131', 'clneo6fnx1102393ti40jjpoz4i', NULL),
('clneo6fo81102743ti466yqgv3k', '775043013', 'clneo6foa1102813ti4eh95pk41', NULL),
('clneo6fog1102983ti4zl6341gs', '777864871', 'clneo6foh1103083ti47yn1f6ho', NULL),
('clneo6fon1103283ti4jo1nka0e', '777520124', 'clneo6foo1103353ti4beesgfr0', NULL),
('clneo6fov1103523ti43olnc2x9', '776574905', 'clneo6fow1103623ti4t4564518', NULL),
('clneo6fqm1105433ti4uhvk4ny1', '775625787', 'clneo6fqn1105503ti4yjpxo5mb', NULL),
('clneo6fsm1107263ti4p8xplzjk', '772177565', NULL, 'clneo6fsn1107333ti45ta18195'),
('clneo6fsv1107473ti4rksbnbmz', '772177565', 'clneo6fsw1107603ti4qdm67vs3', NULL),
('clneo6fth1108263ti4mu5i5q6w', '12', NULL, 'clneo6ftj1108473ti4sj8pxqww'),
('clneo6fth1108273ti47y6lw2aq', 'SPIARENOUVELERECHEANCE01', NULL, 'clneo6ftj1108473ti4sj8pxqww'),
('clneo6fti1108303ti44mivvlnw', '2023', NULL, 'clneo6ftj1108473ti4sj8pxqww'),
('clneo6ftq1108693ti4ngor66fl', 'SPIARENOUVELERECHEANCE01', 'clneo6fts1108903ti4gpr30oi8', NULL),
('clneo6ftq1108703ti4v7qwai1i', '12', 'clneo6fts1108903ti4gpr30oi8', NULL),
('clneo6ftq1108723ti4lurpwg6q', '2023', 'clneo6fts1108903ti4gpr30oi8', NULL),
('clneo6fu21109163ti4z0y4cji9', 'SANEFATOUCIREEMILIEECHEANCE13', NULL, 'clneo6fu31109373ti413dvy29l'),
('clneo6fu21109183ti448zvviz9', '09', NULL, 'clneo6fu31109373ti413dvy29l'),
('clneo6fu21109203ti4hu1gv2rb', '2023775192805', NULL, 'clneo6fu31109373ti413dvy29l'),
('clneo6fua1109593ti4yzdv67zy', 'SANEFATOUCIREEMILIEECHEANCE13', 'clneo6fuc1109803ti4f6p2v3qc', NULL),
('clneo6fua1109603ti4wvhn0lqd', '09', 'clneo6fuc1109803ti4f6p2v3qc', NULL),
('clneo6fua1109623ti47msz3zpf', '2023775192805', 'clneo6fuc1109803ti4f6p2v3qc', NULL),
('clneo6fwt1110613ti4qxuc2b1h', '781864687', 'clneo6fwv1110683ti49sg399zw', NULL),
('clneo6fx31110853ti44uqcnd0r', '771372481', 'clneo6fx51110953ti4dzr6w9nl', NULL),
('clneo6fzi1111163ti4hqt1fydg', '776550778', 'clneo6fzt1111263ti4w74npmlx', NULL),
('clneo6g0o1111473ti4z3oxydnb', '774497979', 'clneo6g0p1111573ti4h9ywl70q', NULL),
('clneo6g481113073ti407vdqj6f', '766393485', 'clneo6g4a1113143ti4levtlq3n', NULL),
('clneo6g4e1113313ti4v3q4e9gt', '781491174', NULL, 'clneo6g4g1113383ti4s32fkh9w'),
('clneo6g4m1113523ti4ek499bi7', '781491174', 'clneo6g4n1113653ti47m4yapuk', NULL),
('clneo6g4u1113883ti4yv3m0m5t', '776695618', 'clneo6g4v1113953ti4fdnu6f13', NULL),
('clneo6g6j1114903ti40s2ekpb5', '776390132', 'clneo6g6k1115003ti4dow2c582', NULL),
('clneo6g7e1115383ti4zfm1re1n', '707568644', 'clneo6g7f1115483ti4q3qdnf93', NULL),
('clneo6g8x1116193ti42rgpsymi', '783828213', 'clneo6g8y1116293ti4vg169k98', NULL),
('clneo6g9g1116713ti46j6k869d', '776087878', 'clneo6g9i1116813ti4k8c23n1z', NULL),
('clneo6g9x1117053ti4b8eqw61i', '775189961', 'clneo6g9y1117123ti44qjknyp1', NULL),
('clneo6gad1117333ti4kkzuy4po', '776445463', 'clneo6gad1117433ti4f7z2rek5', NULL),
('clneo6gay1117693ti4g88ke07b', '784880569', 'clneo6gaz1117783ti4x7czl7vc', NULL),
('clneo6gbx1118463ti4slj48d0w', '777003725', 'clneo6gby1118533ti4pss5qsqd', NULL),
('clneo6gc11118703ti4nb7gcd5y', '771248113', 'clneo6gc21118803ti4vniwuk7e', NULL),
('clneo6gc41118973ti4tefj87lr', '765919080', NULL, 'clneo6gc41119043ti4yv8d76bx'),
('clneo6gc81119183ti4q0pwy5ln', '765919080', 'clneo6gc81119313ti40qrtwlq4', NULL),
('clneo6gcg1119553ti4xg9hulb6', '784814186', 'clneo6gcg1119653ti4uogxreqo', NULL),
('clneo6gd41120283ti4j7qrif3y', '772440505', 'clneo6gd51120383ti4ouvb47yl', NULL),
('clneo6gdh1120703ti40fcf0evv', '775544414', 'clneo6gdi1120803ti4cthhvkpj', NULL),
('clneo6gdo1120973ti4sr2gi6f2', '771830959', 'clneo6gdp1121073ti43t6rss1q', NULL),
('clneo6geg1121963ti4otax7oi8', '763883045', 'clneo6geh1122033ti4frn8ipat', NULL),
('clneo6gen1122203ti40t7jc93t', '763883045', 'clneo6geo1122303ti4203t33ns', NULL),
('clneo6gfu1123423ti4j9s2nu0q', '770940920', 'clneo6gfv1123513ti413f2an7p', NULL),
('clneo6gg91123833ti4dep5jdp9', '776390257', 'clneo6gg91123933ti4s8yc61f2', NULL),
('clneo6ggg1124103ti42s9g68x6', '773767281', 'clneo6ggh1124203ti4aotwpnvt', NULL),
('clneo6ggz1124753ti4db42xqxh', '763883045', 'clneo6gh01124853ti4j680hzkr', NULL),
('clneo6gha1125043ti4q5at5bp3', '784682178', 'clneo6ghb1125143ti4qgpoqxhe', NULL),
('clneo6gik1125893ti48szms3n2', '775524769', 'clneo6gil1125963ti4bxexzct8', NULL),
('clneo6gis1126133ti48s985lda', '774524235', 'clneo6git1126233ti43jgcpmur', NULL),
('clneo6glq1128063ti489q036lz', '776400655', 'clneo6glr1128133ti4ltc7zn3l', NULL),
('clneo6gly1128333ti4dyh25n3b', '763883045', 'clneo6gm01128403ti4etwcyot4', NULL),
('clneo6gm61128573ti4q7rdr8rc', '775616356', 'clneo6gm71128673ti48wusr1te', NULL),
('clneo6gme1128873ti4z92thnkp', '785313134', 'clneo6gmg1129083ti4ej3gn25g', NULL),
('clneo6gme1128893ti4pkplf0is', '338251535', 'clneo6gmg1129083ti4ej3gn25g', NULL),
('clneo6gme1128903ti42h99e40s', '776381513', 'clneo6gmg1129083ti4ej3gn25g', NULL),
('clneo6gmn1129273ti4ixo9q9b2', '777406766', 'clneo6gmo1129373ti4wusl4xjg', NULL),
('clneo6gmv1129543ti4aqork4i5', '775419498', 'clneo6gmw1129643ti4rbafv75j', NULL),
('clneo6gn81129843ti4ip9z1s8h', '781396636', 'clneo6gn91129933ti4k9qxeg5g', NULL),
('clneo6gng1130103ti4749ucr9y', '772049945', 'clneo6gnh1130203ti4ujngkkvz', NULL),
('clneo6gnt1130603ti4u19ecoqg', '775211797', NULL, 'clneo6gnu1130743ti4d5q1l86w'),
('clneo6gnt1130613ti4kx2uo9vo', '781600010', NULL, NULL),
('clneo6go11130953ti4olardlws', '775211797', 'clneo6go21131093ti4h60lbiqi', NULL),
('clneo6go11130973ti4n2kpwvxi', '781600010', 'clneo6go21131093ti4h60lbiqi', NULL),
('clneo6go81131303ti4vwryyfpq', '773606994', 'clneo6go91131403ti4txcywvvl', NULL),
('clneo6gon1131593ti4rfk0hf4k', '773551563', 'clneo6goo1131693ti4d1yaxy9s', NULL),
('clneo6gov1131863ti4kp8sy7bq', '772770056', 'clneo6gow1131963ti4hz052lkv', NULL),
('clneo6gp41132183ti4nur3d0j6', '775123031', 'clneo6gp51132283ti4zj5wmdeh', NULL),
('clneo6gpb1132483ti4wqhp01ud', '771430902', 'clneo6gpc1132583ti4kbvwhkqr', NULL),
('clneo6gps1132903ti4y9x36lx8', '778783784', 'clneo6gpt1133003ti4rr3bzuko', NULL),
('clneo6gq01133173ti47i1n1zct', '775368787', 'clneo6gq11133273ti4kxsrhhxk', NULL),
('clneo6gq71133453ti4yw05byre', '767524051', 'clneo6gq91133543ti45exn6lf4', NULL),
('clneokbpb1157693ti4ulm7hw5h', '772186320', NULL, NULL),
('clneokrra1160093ti4z0ire48j', '781600010', NULL, 'clneo6gnu1130743ti4d5q1l86w'),
('clnesormq110900z9i40yvvlpfn', '772186320', 'clnesorn2110910z9i4pat90s3s', NULL),
('clnesr2p3131918z9i4rxi3ba5n', '777574566', 'clnesr2p9131942z9i4lim41mdj', NULL),
('clnesr2p3131920z9i4hy3zfqqx', '778877175', 'clnesr2p9131942z9i4lim41mdj', NULL),
('clnesr2p3131922z9i4lcqwwren', '772186320', 'clnesr2p9131942z9i4lim41mdj', NULL);

-- --------------------------------------------------------

--
-- Structure de la table `ElementForm`
--

CREATE TABLE `ElementForm` (
  `id` varchar(191) COLLATE utf8mb4_unicode_ci NOT NULL,
  `code` varchar(191) COLLATE utf8mb4_unicode_ci NOT NULL DEFAULT '',
  `typeReponse` enum('WRITE','OPTION') COLLATE utf8mb4_unicode_ci NOT NULL,
  `typeChamp` enum('TEXT','NUMBER','EMAIL','TELEPHONE','DATE','TIME','DATETIME','IMAGE','FICHIER','URL','COLOR','RANGE') COLLATE utf8mb4_unicode_ci NOT NULL,
  `image_filesize` int(11) DEFAULT NULL,
  `image_filename` varchar(191) COLLATE utf8mb4_unicode_ci DEFAULT NULL,
  `actif` tinyint(1) NOT NULL DEFAULT '1',
  `config` json DEFAULT NULL,
  `placeholder` varchar(191) COLLATE utf8mb4_unicode_ci NOT NULL DEFAULT '',
  `suivant` varchar(191) COLLATE utf8mb4_unicode_ci DEFAULT NULL,
  `premierMessage` tinyint(1) NOT NULL DEFAULT '0',
  `inputKey` varchar(191) COLLATE utf8mb4_unicode_ci NOT NULL DEFAULT '',
  `deleted` tinyint(1) NOT NULL DEFAULT '0'
) ENGINE=InnoDB DEFAULT CHARSET=utf8mb4 COLLATE=utf8mb4_unicode_ci;

--
-- Déchargement des données de la table `ElementForm`
--

INSERT INTO `ElementForm` (`id`, `code`, `typeReponse`, `typeChamp`, `image_filesize`, `image_filename`, `actif`, `config`, `placeholder`, `suivant`, `premierMessage`, `inputKey`, `deleted`) VALUES
('cl8bphvfi03878l08k8u9ic8z', 'prenom', 'WRITE', 'TEXT', NULL, NULL, 1, '{\"max\": 30, \"min\": 3}', 'Votre prénom & nom', 'cl8lwqnuv11145df080674b1v3', 0, '', 0),
('cl8ev7dwg05733o08f1ui9q9v', 'montantPret', 'WRITE', 'NUMBER', NULL, NULL, 1, '{}', 'Montant du prêt', 'cl8evaulu11433o08e1zdphh8', 0, '', 0),
('cl8evaulu11433o08e1zdphh8', 'durePret', 'WRITE', 'NUMBER', NULL, NULL, 1, '{\"max\": 30, \"min\": 0}', 'Entrer la durée du prêt', 'cl8ntn0d95344zr087u6r70d6', 0, '', 0),
('cl8lwqnuv11145df080674b1v3', 'datenaissance', 'WRITE', 'DATE', NULL, NULL, 1, '{\"max\": 30, \"min\": 0}', 'Votre date de naissance', 'cl8ev7dwg05733o08f1ui9q9v', 0, '', 0),
('cl8mbczwz03960c08ipkl8jwi', 'suscripteurType', 'OPTION', 'TEXT', NULL, NULL, 1, '{\"max\": 30, \"min\": 0}', '', NULL, 1, '', 0),
('cl8mbgq3l11840c0804p18ttw', 'compagnyName', 'WRITE', 'TEXT', NULL, NULL, 1, '{\"max\": 30, \"min\": 0}', 'Nom de la compagne', 'cl8ev7dwg05733o08f1ui9q9v', 0, '', 0),
('cl8ntn0d95344zr087u6r70d6', 'autorisationConstruction', 'WRITE', 'FICHIER', NULL, NULL, 1, '{\"max\": 30, \"min\": 0}', '', NULL, 0, '', 0),
('clbw5dsqn2233wqkczqyhlqld', 'dureeChantier', 'WRITE', 'NUMBER', NULL, NULL, 1, '{\"max\": 30, \"min\": 0}', 'Durée du chantier', NULL, 0, '', 0),
('clbw5dydx2257wqkcxjajvuaq', 'montantChantier', 'WRITE', 'NUMBER', NULL, NULL, 1, '{\"max\": 30, \"min\": 0}', 'Montant estimatif du chantier', 'clbw5dsqn2233wqkczqyhlqld', 1, '', 0),
('clcl8291r20174akcowg4ivlg', 'nomDD', 'WRITE', 'TEXT', NULL, NULL, 1, NULL, 'Nom de l\'assuré', 'clcl85l6a21904akcfe1xdnxk', 0, '', 0),
('clcl85l6a21904akcfe1xdnxk', 'ageDD', 'WRITE', 'NUMBER', NULL, NULL, 1, '{\"max\": 55, \"min\": 12}', 'Age de l\'assuré', 'clcl886dn23344akcr0cyx65u', 0, 'L9', 0),
('clcl886dn23344akcr0cyx65u', 'capitalDD', 'WRITE', 'NUMBER', NULL, NULL, 1, NULL, 'Capital', 'clcl8a0pc24754akcf35rvq58', 0, 'L7', 0),
('clcl8a0pc24754akcf35rvq58', 'dureeDD', 'WRITE', 'NUMBER', NULL, NULL, 1, '{\"max\": 100, \"min\": 0}', 'Durée du ptêt', 'clcl8dby326194akc8c7amzps', 0, 'L8', 0),
('clcl8dby326194akc8c7amzps', 'coutPolice', 'WRITE', 'NUMBER', NULL, NULL, 1, NULL, 'Coût de la police', 'clcl8g9p627574akcr6xaxrfy', 0, 'L5', 0),
('clcl8g9p627574akcr6xaxrfy', 'tauxDD', 'WRITE', 'TEXT', NULL, NULL, 1, NULL, 'Taux bancaire annuel', NULL, 0, 'L6', 0),
('clclxy3ih983703kc58silq50', 'genreDD', 'OPTION', 'TEXT', NULL, NULL, 1, '{\"max\": 30, \"min\": 0}', 'Genre', 'clcl8291r20174akcowg4ivlg', 1, '', 0),
('cld1sebt12637tskwuqwiizzc', 'genreRE', 'OPTION', 'TEXT', NULL, NULL, 1, '{\"max\": 30, \"min\": 0}', 'Genre', NULL, 1, '', 0),
('cld1sglhd2816tskwqal9mq66', 'nomRE', 'WRITE', 'TEXT', NULL, NULL, 1, '{\"max\": 30, \"min\": 0}', 'Nom complet', 'cld1sl0id3500tskweij15jqc', 0, '', 0),
('cld1sl0id3500tskweij15jqc', 'ageRE', 'WRITE', 'NUMBER', NULL, NULL, 1, '{\"max\": 100, \"min\": 0}', 'Age de l\'assuré', 'cld1sp0xe3616tskw919qpkh6', 0, 'G12', 0),
('cld1sp0xe3616tskw919qpkh6', 'montantRE', 'WRITE', 'NUMBER', NULL, NULL, 1, NULL, 'Montant de la cotisation', 'cld1sr04e3770tskwyeaukxwh', 0, 'G11', 0),
('cld1sr04e3770tskwyeaukxwh', 'dureRE', 'WRITE', 'NUMBER', NULL, NULL, 1, '{\"max\": 100, \"min\": 0}', 'Durée de la cotisation', 'cld1wevf30250xukwv19d5vzv', 0, 'G13', 0),
('cld1sz30m4057tskw5pt36ceq', 'periodiciteRE', 'OPTION', 'NUMBER', NULL, NULL, 1, NULL, 'Périodicité de la prime', NULL, 0, 'G10', 0),
('cld1wevf30250xukwv19d5vzv', 'coutPoliceRE', 'WRITE', 'NUMBER', NULL, NULL, 1, NULL, 'Coût de la police', 'cld1sz30m4057tskw5pt36ceq', 0, 'G9', 0),
('cld1xwr3t8092xukwtuu8vwaw', 'nomPE', 'WRITE', 'TEXT', NULL, NULL, 1, NULL, 'Nom de l\'assuré', 'cld1y3ub18457xukwvbxrlcbp', 1, '', 0),
('cld1y0zn58286xukw1blrrhtc', 'capitalPE', 'WRITE', 'NUMBER', NULL, NULL, 1, NULL, 'Capital', 'cld1y7z8l8694xukwus3s8yjs', 0, 'E12', 0),
('cld1y3ub18457xukwvbxrlcbp', 'agePE', 'WRITE', 'NUMBER', NULL, NULL, 1, '{\"max\": 30, \"min\": 0}', 'Age du cotisant', 'cld1y0zn58286xukw1blrrhtc', 0, 'E13', 0),
('cld1y7z8l8694xukwus3s8yjs', 'durePE', 'WRITE', 'NUMBER', NULL, NULL, 1, '{\"max\": 30, \"min\": 0}', 'Durée de la cotisation', NULL, 0, 'E14', 0),
('cld206lcl02266lkws5u28b03', 'montantCotisationPR', 'WRITE', 'NUMBER', NULL, NULL, 1, NULL, 'Montant de la cotisation', 'cld20bbrl03736lkwjzk65ama', 1, 'B9', 0),
('cld20bbrl03736lkwjzk65ama', 'agePR', 'WRITE', 'NUMBER', NULL, NULL, 1, '{\"max\": 65, \"min\": 18}', 'Age du cotisant', 'cld20dpce05006lkwj6i0wo79', 0, 'B10', 0),
('cld20dpce05006lkwj6i0wo79', 'durePR', 'WRITE', 'NUMBER', NULL, NULL, 1, '{\"max\": 33, \"min\": 1}', 'Durée de la cotisation', 'clelvq43003365kmmrpv34nw6', 0, 'B11', 0),
('cld4usc2o2513wm085adhoikc', 'optionSante', 'OPTION', 'NUMBER', NULL, NULL, 1, NULL, 'Option choisie', 'cld4v1z042805wm08ovw7rtjo', 1, 'C15', 0),
('cld4uxcb02671wm081ysv8des', 'nombreEnfantSante', 'WRITE', 'NUMBER', NULL, NULL, 1, NULL, 'Nombre d\'adulte (s)', NULL, 0, 'C32', 0),
('cld4v1z042805wm08ovw7rtjo', 'nombreAdulteSante', 'WRITE', 'NUMBER', NULL, NULL, 1, NULL, 'Nombre d\'adulte (s)', 'cld4uxcb02671wm081ysv8des', 0, 'C31', 0),
('cld95z1y114337f08coql1noq', 'surfaceH', 'WRITE', 'NUMBER', NULL, NULL, 1, NULL, 'Surface developpée', 'cld961l3a15577f083by37n17', 1, 'B28', 0),
('cld961l3a15577f083by37n17', 'capitalH', 'WRITE', 'NUMBER', NULL, NULL, 1, NULL, 'Capital sur contenu en FCFA', 'cld9679ds19847f08w4ccvsfp', 0, 'B29', 0),
('cld9679ds19847f08w4ccvsfp', 'assistanceDomicileH', 'OPTION', 'NUMBER', NULL, NULL, 1, '{\"max\": 30, \"min\": 0}', 'Assistance à domicile', 'cld969bjn21777f083q2dzr0l', 0, 'B42', 0),
('cld969bjn21777f083q2dzr0l', 'domageApareilElectroniqueH', 'OPTION', 'NUMBER', NULL, NULL, 1, '{\"max\": 30, \"min\": 0}', 'Dommages aux appareils électriques ', 'cld96c5bs23867f08xbmdbs6r', 0, 'B43', 0),
('cld96c5bs23867f08xbmdbs6r', 'remplacementSerruresH', 'OPTION', 'NUMBER', NULL, NULL, 1, '{\"max\": 30, \"min\": 0}', 'Remplacement des serrures (garantie compl. \"vol\")', 'cld96dqrd25507f08n3pldhk9', 0, 'B44', 0),
('cld96dqrd25507f08n3pldhk9', 'RCsejourVoyageH', 'OPTION', 'NUMBER', NULL, NULL, 1, '{\"max\": 30, \"min\": 0}', 'RC Séjour - voyage ', 'cld96fw2s27577f08dgb9sbei', 0, 'B45', 0),
('cld96fw2s27577f08dgb9sbei', 'RCchien', 'WRITE', 'NUMBER', NULL, NULL, 1, '{\"max\": 30, \"min\": 0}', 'RC Chien (par chien)', 'cld96itg529887f086t8n9jz9', 0, 'B46', 0),
('cld96itg529887f086t8n9jz9', 'RCchasseH', 'WRITE', 'NUMBER', NULL, NULL, 1, '{\"max\": 30, \"min\": 0}', 'RC Chasse (par chasseur amateur)', 'cld96ku9232557f089kht83vd', 0, 'B47', 0),
('cld96ku9232557f089kht83vd', 'RCSportsH', 'WRITE', 'NUMBER', NULL, NULL, 1, '{\"max\": 30, \"min\": 0}', 'RC Sports (par sportif amateur)', 'cld96ndyy34437f08a16s2ly9', 0, 'B48', 0),
('cld96ndyy34437f08a16s2ly9', 'assuranceScolaireH', 'WRITE', 'NUMBER', NULL, NULL, 1, '{\"max\": 30, \"min\": 0}', 'Assurance scolaire - (par élève) Nombre d\'élèves', NULL, 0, 'B49', 0),
('clelvq43003365kmmrpv34nw6', 'typeCotisationPR', 'OPTION', 'NUMBER', NULL, NULL, 1, '{\"max\": 30, \"min\": 0}', 'Type cotisation', NULL, 0, 'B8', 0);

-- --------------------------------------------------------

--
-- Structure de la table `Entreprise`
--

CREATE TABLE `Entreprise` (
  `id` varchar(191) COLLATE utf8mb4_unicode_ci NOT NULL,
  `raisonSociale` varchar(191) COLLATE utf8mb4_unicode_ci NOT NULL DEFAULT '',
  `connexe` json DEFAULT NULL,
  `emplacement` varchar(191) COLLATE utf8mb4_unicode_ci NOT NULL DEFAULT '',
  `adresse` varchar(191) COLLATE utf8mb4_unicode_ci NOT NULL DEFAULT '',
  `deleted` tinyint(1) NOT NULL DEFAULT '0'
) ENGINE=InnoDB DEFAULT CHARSET=utf8mb4 COLLATE=utf8mb4_unicode_ci;

--
-- Déchargement des données de la table `Entreprise`
--

INSERT INTO `Entreprise` (`id`, `raisonSociale`, `connexe`, `emplacement`, `adresse`, `deleted`) VALUES
('clneo5vq300493ti4tcys5ofi', 'EDITIONS DES 3 FLEUVES', '[\"RESIDENCE ABSATOU\"]', 'E', 'FANN RESIDENCE IMM. SEYDI DJAMIL RUE LEO FROBENIUS X CHEIKH A. DIOP', 0),
('clneo5vtc05353ti4y074mnfc', 'SANTE PLUS SARL', '[]', 'S', 'CITE AFRICA RUE OKM 406', 0),
('clneo5vuc07683ti4ncjyerqo', 'PRO ASSUR S.A', '[]', 'P', 'POINT E AVENUE BIRAGO DIOP X MOSQUEE', 0),
('clneo5vuy09093ti4kaxtban8', 'AGRIPRO', '[]', 'BGFIBANK', 'OUEST FOIRE LOT 1 CITE PAD', 0),
('clneo5vve10053ti4v2i4ctz7', 'UCAD', '[]', 'U', 'AVENUE CAD', 0),
('clneo5vvr10703ti4tqey9zrb', 'SCI CARIFRALIMA', '[]', 'C', 'POINT E BLD DE L\'EST', 0),
('clneo5vw911873ti4nd62iloi', 'BIOTECHNOLOGY EQUIPEMENTS', '[]', 'B', 'FENETRE MERMOZ IMMEUBLE TOUR N°148', 0),
('clneo5vwv13243ti4eofy8xxh', 'EBION FLORENT DESIGNER SARL', '[\"EBION VOYAGES\"]', 'E', '107, SOTRAC MERMOZ', 0),
('clneo5vxv15433ti4bay5rt0i', 'FONDATION SEN\'FINANCES', '[]', 'S', 'POINT E, BD DE L\'EST', 0),
('clneo5vyi16893ti4uvq22uem', 'FDEA FEMME DEV ENTREP AFRIQUE', '[]', 'F', 'HLM 5 DERRIERE LA POLICE', 0),
('clneo5vzp19893ti42qjtijh0', 'SSM SYSTEMES MEDICAUX', '[\"SSM VOYAGES\", \"SSM VOYAGES\"]', 'SSM', '', 0),
('clneo5w3927373ti4x1welnoi', 'BRM SA', '[]', 'B', 'POINT E , IMMEUBLE FOCUS 14, AVENUE BIRAGO DIOP', 0),
('clneo5w3i28113ti44wzl78te', 'BRM- NOUVEAU SITE', '[]', 'B', 'POINT E, IMMEUBLE FOCUS 14, AVENUE BIRAGO DIOP', 0),
('clneo5w3w28923ti49ruhqzpj', 'BGFIBANK SENEGAL', '[\"SAMRES \"]', 'Y', '122 RUE FELIX FAURE X BLD DE LA REPUBLIQUE', 0),
('clneo5w3z29083ti4ds57p9us', 'SAMRES', '[\"SAMRES \"]', 'SAMRES VOYAGE', '', 0),
('clneo5w4x32053ti48f8v9nli', 'DEM PARIS CARAVANE TEMPS FORTS', '[]', 'D', 'C/O RTS-BP 1765', 0),
('clneo5w5e33443ti40xam6vkt', 'AFSI', '[]', 'A', 'HLM NIMZATT VILLA N°2839', 0),
('clneo5w6935393ti4h998kvrl', 'TERRAGRISEN SUARL', '[]', 'T', 'OUAKAM', 0),
('clneo5w6x36733ti4vzip3sqo', 'ERGC', '[]', 'F', 'SICAP LIBERTE 2 N° 1564', 0),
('clneo5w8239093ti40d745k4e', 'C.A.P.E.', '[\"SANTE\"]', 'C', 'COMPLEXE SICAP POINT E', 0),
('clneo5w8939673ti45vqesf38', 'CAPE CELLULE', '[\"SANTE\"]', 'C', '', 0),
('clneo5w8c39903ti4breagm7e', 'KEUR BAAX', '[]', 'K', 'LIBERTE 6 EXT LOT N°123', 0),
('clneo5w8n40563ti493k60ocm', 'SMART RH', '[]', 'S', 'DAKAR FANN BP 64590', 0),
('clneo5w9b42293ti4rr5v2xke', 'SIS AFRIQUE SOLIDARITE INFOS SANTE', '[]', 'S', 'CENTRE SOCIOCULTUREL DES HLM', 0),
('clneo5w9p43143ti485ocfgxi', 'PHARMACIE REPUBLIQUE ABDOU RAHIM DIAGNE', '[]', 'D', 'IMMEUBLE NAMORA 1ER ETAGE FOIRE', 0),
('clneo5wav46283ti4uibr2gj7', 'PROASSUR ', '[\"TOURE NDEYE ASSA GAYE\", \"PROASSUR SANTE \", \"PROASSUR SANTE \", \"PROASSUR SANTE \", \"PROASSUR SANTE \", \"PROASSUR SANTE \", \"PROASSUR SANTE \", \"PROASSUR SANTE \"]', 'PROASSUR SANTE ', 'POINT E ', 0),
('clneo5wb046643ti4knemtzii', 'PROASSUR 80', '[\"TOURE NDEYE ASSA GAYE\", \"PROASSUR SANTE \", \"PROASSUR SANTE \", \"PROASSUR SANTE \", \"PROASSUR SANTE \", \"PROASSUR SANTE \", \"PROASSUR SANTE \", \"PROASSUR SANTE \"]', 'P', 'BAYAKH THIES', 0),
('clneo5wb946983ti41sbz8eek', 'SENELEC', '[\"SENELEC\"]', 'SENELEC', 'SENELEC 28 RUE VINCENS', 0),
('clneo5wc248983ti4sywcuzi1', 'KAPIO', '[\"KAPIO VOYAGES\", \"KAPIO VOYAGES\", \"KAPIO VOYAGES\"]', 'K', 'DAKAR', 0),
('clneo5wcf49923ti4e4lt9pre', 'UNIES VERS ELLES', '[]', 'U', 'ANCIEN TRIBUNAL DEPARTEMENTAL GUEDIAWAYE', 0),
('clneo5wcr50713ti41567nnvd', 'MBAA-MOCTAR BA & ASSOCIES', '[]', 'B', '88, CITE DES J.C. LEBOUS VDN X LB6 EXT', 0),
('clneo5wdb52293ti4gzad9pwa', 'CAPE', '[]', 'K', '4, LIBERTE 6 EXTENSION', 0),
('clneo5wdm53183ti4n4rgsez9', 'E R G C', '[\"FLOTTE AUTO\"]', 'E', 'LOT 348 CICES OUEST FOIRE', 0),
('clneo5wdz53923ti4i81k5kok', 'I.B. CONSEIL SUARL', '[\"FLOTTE AVICO\"]', 'FLOTTE AVICO', 'VILLA N°25 CITE MOURTADA 2 VDN BANDE VERTE ', 0),
('clneo5we554463ti49hua4ol3', 'MSA', '[]', 'S', 'SICAP LIBERTE 6 EXTENSION VILLA N°3419', 0),
('clneo5wfw57753ti4lll5hlc0', 'GBC-GENERAL DE BATIMENT & COMMERCE', '[]', 'G', 'OUEST FOIRE, CITE AELMAS', 0),
('clneo5whj61953ti49bt4pwxs', 'NEGOCE INTERN\'AFRIQUE', '[]', 'N', 'ZIGNINCHOR', 0),
('clneo5wi463513ti4fwsnb1f8', 'SAFARI VILLAGE SARL', '[]', 'S', 'NGOR VILLAGE', 0),
('clneo5wim64823ti4u5auv50e', 'ENTSS', '[]', 'E', 'POINT E RUE DE SAINT-LOUIS X AVENUE CHEIKH ANTA DIOP', 0),
('clneo5wmc68853ti4r1fybm20', 'EGLISE EVANGELIQUE DE DAKAR', '[]', 'E', 'AMITIE 2 VILLA N°4237', 0),
('clneo5wng71953ti4e5mtnbso', 'CABINET MEDICAL THIERRY BRITO', '[]', 'C', 'POINT E RUE 1  ', 0),
('clneo5wo373673ti4k1nvx9po', 'FONDATION INTERNATIONALE OLYMPAFRICA', '[]', 'O', 'ROUTE DE NGOR', 0),
('clneo5wok74793ti4gbxic0jw', 'PROGRESS', '[]', 'P', 'SACRE CŒUR 2, VILLA N°8559', 0),
('clneo5woq75333ti4cjpsy6nc', 'S.E.E.E SENEGAL', '[]', 'S', 'POINT E RUE JX6XG', 0),
('clneo5wqn80423ti4xgb84gcu', 'CTB', '[\"CTB\", \"CTB\", \"CTB\", \"CTB\"]', 'C', '', 0),
('clneo5wr381413ti4dn1ozfw5', 'AMREF WEST AFRICA', '[\"AMREF WEST AFRICA\"]', 'AMREF VOYAGES', 'ROUTE DE NGOR ALMADIES', 0),
('clneo5wsb83773ti4mp67hped', 'FONDATION ROSA LUXEMBURG', '[]', 'R', '43, SOTRAC MERMOZ', 0),
('clneo5wsx85393ti46j9j2hiq', 'AMBASSADE DU GABON', '[]', 'A', 'AV. CHEIKH A. DIOP X FANN RESIDENCE', 0),
('clneo5wt485763ti4pukxpcv0', 'AMBASSADE GABON', '[]', 'A', 'AVENUE CHEIKH ANTA DIOP', 0),
('clneo5wt885963ti4maw03udq', 'BATICHIMIE SUARL', '[]', 'B', '32, YOFF DIAMALAYE', 0),
('clneo5wum89793ti4uxajf3gj', 'PERFORMANCES SARL', '[]', 'P', '318, HLM GIBRALTAR', 0),
('clneo5wvl92293ti4xiqefuvq', 'DIDACTIKA', '[]', 'D', 'RESIDENCE SEYDI DJAMIL RUE LEO FROBENIUS X CHEIKH A.', 0),
('clneo5wvr92833ti4vxrwzj0z', 'DIDACTIKA SARL', '[]', 'D', 'FANN RESIDENCE SEYDI DJAMIL', 0),
('clneo5ww593723ti45oym68pu', '2IRIS SARL', '[]', 'I', 'BP 15373 DAKAR FANN', 0),
('clneo5wwx95103ti4u646wvat', 'CEDAR INFORMATIQUE', '[]', 'C', 'AMITIE 2 VILLA 4148', 0),
('clneo5wx595913ti4mg2ov53p', 'SPI SARL', '[\"SPI\", \"SPI\", \"SPI\"]', 'S', 'STELE MERMOZ', 0),
('clneo5wxw97673ti4c16y6bbx', 'D-SERVICES', '[]', 'D', 'POINT E RUE 4XA IMMEUBLE ARCAD', 0),
('clneo5wyf99063ti43hmutpk4', 'ITS ITINERIS TRAVEL & SERVICES', '[]', 'I', 'APPARTEMENT 1 - RESIDENCE KEUR MBISSINE DIAMNADIO', 0),
('clneo5wyl99603ti4zzwbdwif', 'AVICO', '[]', 'A', '68, RUE WAGANE DIOUF', 0),
('clneo5x03102993ti4e39gb55z', 'AFRIG S.A', '[]', 'AFRIG SA', 'LOT 3 VDN MERMOZ', 0),
('clneo5x11105473ti4xie7ysvx', 'SEWA CARD', '[\"SEWA CARD VOYAGES\"]', 'S', '29 C01 CITE MIXTA DAKAR ', 0),
('clneo5x18105973ti4prekba1u', 'COOPERATIVE HABITAT & CONSTRUCTION TELE-SENEGAL', '[\"COOPERATIVE SYNDIC ATLANTIS\"]', 'C', 'IMMEUBLE CLAIRAFRIQUE RUE MALENFANT', 0),
('clneo5x2y110213ti476cqw7i6', ' ', '[]', 'E', 'SOTRAC MERMOZ A COTE MINISTERE DE LA FAMILLE', 0),
('clneo5x32110513ti479mr786i', 'EUROTECH', '[]', 'E', 'IMMEUBLE COURE NGOR VIRAGE', 0),
('clneo5x41112753ti4pwspfx12', 'UVE - UNIES VERS\'ELLES', '[\"UVE\", \"UVE\"]', 'U', '', 0),
('clneo5x45112983ti42njhrgqy', 'UVE-UNIES  VERS\'ELLES', '[\"UVE\", \"UVE\"]', 'U', 'HLM GRAND MEDINE 15 VILLA N° 162', 0),
('clneo5x5k116573ti4si6e59qb', 'CCTH SARL', '[]', 'C', 'FANN RESIDENCE', 0),
('clneo5x9f126133ti4rnqf0o1c', 'ECKO SARL', '[]', 'D', 'SICAP AMITIE 2 VILLA N° 4185 ', 0),
('clneo5xb4129903ti4e6qwlen7', 'SOPREEF', '[]', 'S', 'BP-53 SOKONE', 0),
('clneo5xbe130713ti4osnax6ye', 'NOUVELLE SOCIETE TEXTILE SENEGALAISE', '[]', 'N', 'ZI RTE DE DAKAR A THIES', 0),
('clneo5xc3132563ti4ahe8tiuw', 'FONDATION INTERVIDA SENEGAL', '[]', 'F', 'SOTRAC MERMOZ', 0),
('clneo5xd1134803ti4colt8xir', 'CICR', '[\"CICR\"]', 'C', 'POINT E RUE 6 X BIRAGO DIOP', 0),
('clneo5xdw136913ti441jozu0n', 'PROXIME MANAGEMENT SARL', '[]', 'P', 'LIBERTE 6 EXTENSION N°41 ', 0),
('clneo5xev139293ti4q1zecdsr', 'GIC -GROUP SUPTECH CONSULTING', '[]', 'G', 'F62 SCAT URBAM GRAND YOFF', 0),
('clneo5xfd140273ti431swsuy8', 'MBOUFTA SAS', '[]', 'M', 'POINT E AVENUE CHEIKH ANTA DIOP', 0),
('clneo5xhf144843ti4ejmt2ie5', 'MMH MATERIEL MEDICAL HOSPITALIER', '[]', 'M', 'LOT 182 LIBERTE 6 EXTENSION NORD ', 0),
('clneo5xhp145553ti43irt77c0', 'CBAO', '[]', 'N', '1 PLACE DE L\'INDEPENDANCE', 0),
('clneo5xj3148663ti4a02eg67u', 'DIA UCAD', '[]', 'D', 'UCAD', 0),
('clneo5xjm150033ti4h9xljq2n', 'PARTNERS INTERNATIONAL', '[]', 'P', 'AMITIE 2 RUE 10', 0),
('clneo5xk5151313ti49n33wvb9', 'FATAZIZ TRAVEL', '[\"FATAZIZ TRAVEL\"]', 'F', 'PIKINE KHOUROUNAR N°348', 0),
('clneo5xnq155543ti4h0uxqrnl', 'CRENER ZITA', '[]', 'C', 'POINT E RUE ZIGUINCHOR ', 0),
('clneo5xo0156323ti4ynv15yvy', 'ISO TRADING', '[]', 'I', 'RUE A X 5 POINT E', 0),
('clneo5xr4160533ti4aaz5iwxu', 'ACEA', '[]', 'A', 'NORD LIBERTE 6 N°82', 0),
('clneo5xrt162093ti4k9f20yw4', 'TECHNAGER', '[]', 'T', 'KOLDA', 0),
('clneo5xtt167243ti4dm6rlpji', 'HOTEL DE LA POSTE', '[]', 'H', 'BP 48 SAINT LOUIS PLACE DE LILLE', 0),
('clneo5xue168743ti4antm9xsl', 'EASY TOURS', '[\"EASY TOURS VOYAGE\"]', 'B', 'LIBERTE 6 EXTENSION N° 9', 0),
('clneo5xv1169833ti4dv4su81d', 'SABLUX CONSTRUCTION', '[\"SCI SABLUX OASIS\", \"SCI SABLUX PALMIER\", \"SCI SABLUX IBERIS\", \"TRC YATASSAI\"]', 'SABLUX', 'POINT E, PE-29-DAKAR', 0),
('clneo5xwz173463ti4ems89ywj', 'LOCAFRIQUE', '[]', 'C', 'POINT E', 0),
('clneo5xx8173973ti4xl4zj6jy', 'KOJITO SARL', '[]', 'K', 'KM 2,5 AVENUE CHEIKH ANTA DIOP', 0),
('clneo5xy7176183ti4n7fpuofr', 'ON TRACK GEOLOCALISATION', '[]', 'O', 'AMITIE 2 VILLA N°4187 ', 0),
('clneo5xyv177083ti4gful9wst', 'INTERNATIONAL SOS', '[]', 'I', 'DAKAR', 0),
('clneo5xz8177923ti4qtfeowiw', 'SWISS PALACE', '[]', 'A', '97 RUE AMADOU ASSANE NDOYE', 0),
('clneo5y0d180483ti4tebp2x75', 'SENEGAL VOYAGE ET LOISIRS', '[]', 'S', 'POINT E AV. BIRAGO DIOP', 0),
('clneo5y0i180853ti4hxiux4mz', 'ASSOCIATION SAINT CŒUR DE MARIE', '[]', 'A', 'MAMELLES', 0),
('clneo5y20184323ti4h8jpz32z', 'STE SWISS PALACE', '[]', 'S', 'POINT E MOSQUEE ', 0),
('clneo5y3g187803ti4bxr1of0y', 'SOCIETE STC', '[]', 'S', 'MARISTES 2 SCAT URBAM ', 0),
('clneo5y6h194773ti4fv01k2r8', 'MINISTERE DE LA SANTE ET DE L\'ACTION SOCIALE', '[]', 'M', 'CITE KEUR GORGUI', 0),
('clneo5y6p195453ti4n0i2e90d', 'SAMRES SUARL', '[\"SAMRES\"]', 'S', '4, AV. C.A.D. IMM PROMO IMPORT', 0),
('clneo5y83198393ti4suc9rxyl', 'FEDERATION SENEGALAISE DE RUGBY', '[]', 'F', '13, MERMOZ PYROTECHNIQUE', 0),
('clneo5y9x202933ti478jlsy3h', 'SABLUX GROUP', '[\"SABLUX FLOTTE 2017\", \"AMADOU LAMINE NDIAYE\", \"SABLUX FLOTTE 2017\", \"SABLUX FLOTTE 2017\"]', 'SABLUX', 'POINT E, PE-29-DAKAR', 0),
('clneo5ya4203193ti45rftqtxs', 'SABLUX HOLDING ', '[\"SABLUX FLOTTE 2017\", \"AMADOU LAMINE NDIAYE\", \"SABLUX FLOTTE 2017\", \"SABLUX FLOTTE 2017\"]', 'SABLUX ', '', 0),
('clneo5ya8203423ti43l4yr91u', 'SABLUX IMMOBILIER ', '[\"SABLUX FLOTTE 2017\", \"AMADOU LAMINE NDIAYE\", \"SABLUX FLOTTE 2017\", \"SABLUX FLOTTE 2017\"]', 'SABLUX ', '', 0),
('clneo5yac203583ti4ea9uemk1', 'SCI SABLUX GROUP', '[\"SABLUX FLOTTE 2017\", \"AMADOU LAMINE NDIAYE\", \"SABLUX FLOTTE 2017\", \"SABLUX FLOTTE 2017\"]', 'SABLUX', 'POINT E, PE-29-DAKAR', 0),
('clneo5yfg213713ti4qz8wwfyo', 'ALLIANCE G SARL', '[]', 'A', 'PETIT MBAO', 0),
('clneo5yja221243ti4ay09vyly', 'OXFAM UK REGIONAL OFFICE', '[]', 'O', 'POINT E AVENUE BIRAGO DIOP', 0),
('clneo5yjx222833ti415cec2d2', 'SCI SABLUX JADE', '[]', 'SABLUX', 'POINT E, PE-29-DAKAR', 0),
('clneo5yk6223433ti49wirxacz', 'AMCRE', '[]', 'A', 'POINT E', 0),
('clneo5yks224983ti4lap35usx', 'SEN FOURNISSEURS GENERAL-SFG', '[]', 'S', 'RUE 4, 5 BCC DAKAR', 0),
('clneo5yl2225553ti4a6e8n94v', 'SFG', '[]', 'B', 'DAKAR', 0),
('clneo5ym2227753ti4rml6905s', 'GLOBAL INTERFACE TRUST', '[]', 'G', 'NGOR VILLA RYAD', 0),
('clneo5ymg228573ti4k7sklq0u', 'GADIA VOYAGES', '[]', 'G', 'SCAT URBAM', 0),
('clneo5ysm242593ti46efp5ezq', 'NUMHERIT SARL', '[]', 'NUMHERIT', 'OUEST-FOIRE', 0),
('clneo5ytm243503ti4hfy84u4r', 'NUMHERIT SA', '[]', 'N', 'PLATEFORME INDUSTRIELLE DE DIAMNIADIO C RUE 31/32 BATIMENT ADMINISTRATIF 4E ETAGE ', 0),
('clneo5yu8244893ti4dxnjvwff', 'GIE EL MANSOUR DE MBORO', '[]', 'SENELEC', '', 0),
('clneo5yux246413ti4wzd5d5ri', 'KGR SENEGAL SARL', '[]', 'K', 'VILLA N°160 CITE PROMOCAP PETIT MBAO', 0),
('clneo5yx0250973ti41wyjne07', 'LA PROVENCE', '[]', 'P', 'ZONE B, VILLA N°271A', 0),
('clneo5yzq256873ti43j9jpc79', 'ONG GREEN SENEGAL', '[]', 'G', '19 HLM RTE DE DAKAR', 0),
('clneo5z09258173ti44m0fao97', 'BG DIGITAL', '[]', 'G', 'CITE SIPRES 2 VILLA N° 46', 0),
('clneo5z1m261123ti4572e4opx', 'SABLUX', '[]', 'SABLUX', 'RESIDENCE COLLINE - CITE KEUR GORGUI', 0),
('clneo5z4d266623ti4hzpecjin', 'ATOUT SOLAIRE', '[]', 'A', 'POINT E RUE 36 X B', 0),
('clneo5z63270753ti4wij7pb4j', 'NECTAR SARL', '[]', 'N', 'POINT E, BIRAGO DIOP', 0),
('clneo5z8m276033ti4xr3lmfrs', 'CLOROX AFRIQUE', '[]', 'C', '108 ROUTE DE OUAKAM', 0),
('clneo5z95277183ti4yt7a93m4', 'VODA ENTREPRISES', '[]', 'V', 'OUEST-FOIRE', 0),
('clneo5z9x278583ti4izgevjrs', 'UPM SENEGAL S.A.', '[]', 'U', 'POINT E PE-29 SCI MAGUETTE', 0),
('clneo5zbz282313ti41zg67a3c', 'BAOL EQUIPEMENTS', '[]', 'B', 'POINT E AVENUE BIRAGO DIOP', 0),
('clneo5zcj283443ti4a0d7sk8r', 'SABLUX SERVICES', '[\"SABLUX C.P.\"]', 'SABLUX', 'POINT E, PE-29-DAKAR', 0),
('clneo5zdx286113ti4cro47g44', 'S.E.E.E.', '[]', 'N', 'SACRE CŒUR 3 VILLA N°10433 DAKAR', 0),
('clneo5zfz290623ti4w7f828g6', 'SMART COMPASS INGENIERIE SERVICE', '[]', 'S', 'PA U14 N°180', 0),
('clneo5zgq292313ti4gn0k0o18', 'CSFP - BTP', '[]', 'C', '13 FASS DELORME CANAL 4', 0),
('clneo5zj1296903ti4vmv3uja3', 'ENDA TIERS MONDE', '[]', 'E', 'COMPLEXE DES IMMEUBLES SICAP AV CAD', 0),
('clneo5zkn300353ti4z7lq9vu3', 'INTERIM ET PRESTATIONS DE SERVICES', '[]', 'I', 'POINT E', 0),
('clneo5zm3303473ti46zzn8qgv', 'B.S EUROPE', '[]', 'B', 'CITE CPI ROUTE FRONT DE TERRE ', 0),
('clneo5znu306783ti4qaelcr4e', 'PAODES', '[]', 'P', 'POINT E AVENUE BIRAGO DIOP', 0),
('clneo5zoc307783ti4ywwk39du', 'D-TELECOM SERVICES SARL', '[]', 'D', 'POINT E', 0),
('clneo5zoq308863ti4tqehvbm0', 'SOCIETE D\'INGENIERIE DE CONSTRUCTIONS', '[]', 'I', 'POINT E RUE AX2', 0),
('clneo5zr5313863ti4jhv3p95r', 'ONG CISV', '[]', 'C', 'POINT E AVENUE BIRAGO DIOP', 0),
('clneo5zs4315883ti4nmnc4iq3', 'FAM SERVICES SARL', '[]', 'F', 'LIBERTE 6 EXTENSION LOT 11', 0),
('clneo5zty319333ti4jxj053s7', 'SYSCOM TECHNOLOGY SARL', '[]', 'C', 'AMITIE 3 VILLA N° 4306 A ', 0),
('clneo5zui320813ti44baifp4u', 'NEMAPLAST SARL', '[]', 'N', 'km 1 AV CAD', 0),
('clneo5zvo323323ti4lumzqluc', 'AIG', '[]', 'D', 'GUEULE TAPEE', 0),
('clneo5zxe325343ti4o3clilnt', 'RAMSES VOYAGES', '[\"RAMSES VOYAGES\", \"RAMSES VOYAGES\", \"RAMSES VOYAGES\", \"RAMSES VOYAGES\"]', 'R', 'POINT E ALLEES SEYDOU NOUROU TALL', 0),
('clneo601f332923ti4t1ky5vwm', 'BGFIBANK SENEGAL P/C SIMAO', '[]', 'BGFIBANK', '122, AV FELIX FAURE X BD DE LA REP', 0),
('clneo601u333613ti4rsm9u117', 'CSBS SARL', '[]', 'C', 'PLLES ASSAINIES UNITE 24 N°82', 0),
('clneo603o337643ti4z4spbesx', 'PARTICULIER', '[]', 'S', '58,CITE DAROU SALAM KEUR MASSAR', 0),
('clneo60af351213ti4zn1n2wqd', 'DIMAGI WEST AFRICA', '[]', 'D', 'LOT 24959 NGOR AP 8', 0),
('clneo60cm355853ti43lrlcuk6', 'AMBASSADE GUINEE BISSAU', '[\"AMBASSADE GUINEE BISSAU\"]', 'A', 'ZONE DE CAPTAGE VILLA 374', 0),
('clneo60fw362333ti48og38675', 'SGTP', '[]', 'S', 'HANN MARISTES ', 0),
('clneo60ie366793ti412z1em29', 'GROUPE CHACHA SUARL', '[\"GROUPE CHACHA SUARL\", \"GROUPE CHACHA SUARL\"]', 'C', 'POINT E E X 26', 0),
('clneo60j2368063ti4g92k54m1', '2S IMMO', '[]', 'S', '7, RUE DE FATICK POINT E ', 0),
('clneo60kx369683ti49848g2n2', 'D.I.S DAKAR INTERIM SECURITE', '[]', 'D', '4320 BIS ALLEES SEYDOU NOUROU TALL', 0),
('clneo60mt371313ti4rbjk4p90', 'KEOPS-DIS', '[]', 'D', 'AMITIE III - n° 4320 BIS', 0),
('clneo60oy374413ti4idkelhhm', 'UBIPHARM', '[\"UBIPHAM VOYAGES\"]', 'UBIPHAM VOYAGES', 'DAKAR', 0),
('clneo60p5374783ti4fb7ptmb7', 'APICS ASSO PROF I C SENEGAL', '[]', 'A', 'PATTE D\'OIE', 0),
('clneo60pv376273ti4vs0y6t0v', 'NUMHERIT ', '[]', 'T', '22, OUEST FOIRE', 0),
('clneo60r0377873ti4u0vgavyk', 'ECOLE SUP DES TRAVAUX PUBLICS ESTP', '[]', 'E', '', 0),
('clneo60sl380993ti4qtjlrgqj', 'SNIA', '[]', 'M', 'YOFF APECSY N°35E - 2EME ETAGE ', 0),
('clneo60tc382573ti4y9enisjx', 'LA SOTRAM', '[]', 'L', '15, RUE COLBERT X FELIX FAURE', 0),
('clneo60wz389653ti4ksz5zu30', 'DANTEC', '[]', 'T', 'CITE DOUANES IMMEUBLE B/16 COLOBANE GUEDIAWAYE', 0),
('clneo60ya391433ti4xs1mlovm', 'MAS TRADING', '[]', 'M', '', 0),
('clneo60yd391543ti46tz91u4o', 'MANSOUR VOYAGES', '[\"MANSOUR VOYAGES\"]', 'MANSOUR VOYAGES', '', 0),
('clneo60zs393853ti4yjhvbb1e', 'AFRIC MINING SARL', '[]', 'A', 'RUE A IMMEUBLE MAMOULICK 2EME ETAGE', 0),
('clneo6115396603ti49bm4pjdt', 'SYSCOM PRINT SARL', '[\"SYSCOM TECHNOLOGY\"]', 'S', 'LOT 60 CITE KEUR GORGUI ', 0),
('clneo611b396833ti4sfsa0lev', 'SAID CONSTRUCTION SARL', '[]', 'S', '', 0),
('clneo6163403033ti4r2bu3zzn', 'SAINT CHRISTOPHER IBA MAR DIOP', '[]', 'S', 'POINT E', 0),
('clneo6175405133ti4on28hnnt', 'PHARMACIE DE L\'ETRIER ', '[]', 'P', 'HANN MARINAS ', 0),
('clneo61a6409433ti4x7qz02h5', 'ETS YERO BASSE ', '[]', 'E', '12 AV NELSON MANDELA', 0),
('clneo61ak410303ti43mfu0m5m', 'KAPPIO VOYAGES', '[]', 'K', 'DAKAR', 0),
('clneo61di414993ti4kf4ny9uo', 'AFRICA SERVICES', '[]', 'A', 'DAKAR', 0),
('clneo61fz418763ti46wggnswa', 'AU BON VIRAGE / OLYMPUS', '[\"AU BON VIRAGE / OLYMPUS\", \"AU BON VIRAGE / OLYMPUS\"]', 'A', 'N° 4/A AVENUE CHEIKH ANTA DIOP FACE HOPITAL FANN', 0),
('clneo61gr419103ti4og6swvfq', 'AU BON VIRAGE', '[\"AU BON VIRAGE / OLYMPUS\", \"AU BON VIRAGE / OLYMPUS\"]', 'A', '', 0),
('clneo61kc424813ti4sbi1magj', 'ECOLE SUPERIEURE DES TRAVAUX PUBLICS ESTP', '[]', 'E', 'SACRE CŒUR 3 VILLA N°9726', 0),
('clneo61lu427823ti4v83gubeq', 'UNIVERSITE AMADOU HAMPATE BA', '[\"UNIVERSITE AMADOU HAMPATE BA\"]', 'U', 'ROCADE FANN BEL AIR X CANAL IV', 0),
('clneo61ow433503ti4j509unmx', 'SNIA SARL', '[]', 'S', 'IMMEUBLE WAGUE - CITE DES EAUX', 0),
('clneo61ul441993ti4v0ns0yq1', 'ECOLE ADVENTISTE CLAIR SOLEIL', '[]', 'E', 'POINT E DAKAR', 0),
('clneo61yi448553ti4i63g6hwg', 'ENGIE ISF INEO ', '[]', 'I', 'IMMEUBLE LE SAWA BLOC 1 - 2EME ETAGE B2', 0),
('clneo61z0449593ti4uhauf7bg', 'MARINE MAROC SENEGAL', '[]', 'M', 'REGUS ALMADIES BUSINNES CENTER IMM SIS ZONE C 12 RTE DE NGOR ', 0),
('clneo620i451123ti4vn6qc0e0', 'AGENCE 3W', '[]', 'W', 'MERMOZ PYROTECHNIE DAKAR', 0),
('clneo620s451823ti430dpormd', 'TRAVEL SPOT', '[]', 'T', 'SACRE CŒUR 2 RESIDENCE ARAME SIGA 2e ETAGE à DROITE', 0),
('clneo625v461443ti4xtmesgmw', 'CLAIREAU SARL', '[]', 'C', 'GRAND YOFF KHAR YALLA VILLA 113', 0),
('clneo6263462143ti44wmdo22c', 'CABINET INOVA', '[]', 'C', 'SCAT URBAM MARISTES 2 LOT \'\'O\'\' N° 40 ', 0),
('clneo629d465353ti4dfvx4s9y', 'TAWFEKH', '[]', 'F', 'POINT E ', 0),
('clneo62cd470823ti4247b71ql', 'CAD LOGISTICS SARL', '[\"FATAZIZ TRAVEL\"]', 'C', 'POINT E RUE 1 X ALLEES SEYDOU NOUROU TALL ', 0),
('clneo62ex474463ti486l5cfal', 'AFCHEM SOFACO COMPANIES', '[\"FLOTTE\"]', 'A', '55, RUE WOROFILA FANN', 0),
('clneo62f5474933ti4ecte79p7', 'AGRIPPO', '[\"FLOTTE\"]', 'A', '', 0),
('clneo62gk477043ti4engcyzgc', 'CANMC SUARL', '[]', 'C', 'KM 22, BOULEVARD DU CENTENAIRE DAKAR', 0),
('clneo62hz479903ti46w1tu9uv', 'ADENN', '[]', 'A', 'BOULEVARD SUD N° 02 POINT E ', 0),
('clneo62ie480233ti4ubur4vi4', 'MATERIEL MEDICAL HOSPITALIER ', '[\"MMH\", \"MMH\"]', 'M', '', 0),
('clneo62j2481263ti4xjmx8wa4', 'INW PARTNERS', '[]', 'I', 'SACRE CŒUR 1 LOT N°6 BP 4568 ', 0),
('clneo62ji482093ti4xlw0s8zy', 'DSA GROUP SARL', '[]', 'D', 'LIBERTE 6 EXT X VDN N°33 ', 0),
('clneo62nx489863ti4mch618vj', 'STE YAN WEST AFRICA INVESTMENT', '[]', 'Y', 'SICAP AMITIE 1 VILLA N° 3002 ', 0),
('clneo62tm498933ti4vs95t0cf', 'C.S.I. SARL', '[]', 'D', '20, RUE AMADOU ASSANE NDOYE', 0),
('clneo62z5509663ti4hb4d3r0x', 'GER S.A.', '[]', 'G', 'NORD FOIRE VILLA N° 101 BP 2972 ', 0),
('clneo62zq510823ti42k1ggzse', 'RAMSES VOYAGE', '[]', 'S', '10378 SACRE CŒUR VDN ', 0),
('clneo6309511863ti40zim47mj', 'RH INTER', '[]', 'R', 'PARCELLES ASSAINIES UNITE 7', 0),
('clneo6337517473ti4gtp3iy5k', 'STE DES MISSIONNAIRES DU SACRE CŒUR', '[]', 'S', '23 POINT E 50 ', 0),
('clneo6340518853ti4oj4gchlg', 'WUTIKO SAS', '[]', 'T', 'RUE DE KAOLACK POINT E ', 0),
('clneo635s522033ti4gfyxtn3m', 'STE CIVILE IMMOBILIERE DJIMAICHA', '[]', 'S', 'CITE COSPEL VILLA N° 19 ', 0),
('clneo636m523443ti4bhclmhu1', 'SENPLANET', '[\"SENPLANET VOYAGES\"]', 'S', 'DAKAR', 0),
('clneo637j525363ti4fqkbh4iq', 'STE ACTION 2000', '[]', 'S', '106 AVENUE PEYTAVIN ', 0),
('clneo639e528543ti4seclm34u', 'SOCIETE GSDA', '[]', 'S', '2 RUE DE LOUGA POINT E ', 0),
('clneo63ic545003ti4kj3g3fva', 'CABINET DE LA FAMILLE', '[]', 'C', 'NGOR - ALMADIES RUE NG - 34 ', 0),
('clneo63ik545633ti4idj0dsfu', 'DEED DEVELOPEMENT', '[]', 'D', 'POINT E A L\'ANGLE DE LA MOSQUEE', 0),
('clneo63jw547973ti47j85l3p3', 'PATRIMOINE INVESTISSEMENT', '[]', 'P', 'SAINT LOUIS ', 0),
('clneo63k5548603ti4uvnqm0kk', 'COUL\'S GREEN CORP', '[\"PROASSUR SANTE \"]', 'C', 'NGOR ALMADIES RUE NG-34 FACE SHELL', 0),
('clneo63km549383ti4vdznc8ic', 'CHOUETTE TRAVEL', '[]', 'C', 'MARCHE HLM ', 0),
('clneo63l0550093ti46xc40eqx', 'SCI VISION 7 ', '[]', 'S', 'RUE 13 AVENUE BOURGUIBA ', 0),
('clneo63xs561733ti4v91l1yyq', 'MAINGER\'S HYDRAULIC', '[]', 'M', 'GRAND DAKAR - ZONE A  VILLA N°62', 0),
('clneo63zx563713ti4qvqbchl8', 'SCI AMIA', '[]', 'A', '', 0),
('clneo64a1580793ti4xt9gthfb', 'STE D\'ENERGIE ET DE PRESTATIONS INDUSTRIELLES', '[]', 'S', '', 0),
('clneo64de586363ti4l2anoyl3', 'BOULANGERIE AL NOUR', '[]', 'B', 'MEDINA RUE 11', 0),
('clneo64l3596653ti49q5gdyih', 'S.E.E.E', '[\"SEEE VOYAGES\"]', 'S', '28 CITE URBANISME GUEDIAWAYE', 0),
('clneo64m5598633ti4664a53vy', 'PICK ME SUARL', '[]', 'P', 'QRT 10 RIAOM- THIES', 0),
('clneo64ob601943ti4cw7b0wyv', 'SASTRANS SUARL', '[\"SSM VOYAGES\"]', 'S', 'VDN BANDE VERTE LOT 58 ', 0),
('clneo64ou602623ti4c19p0m7t', 'DIMA GROUPE', '[]', 'D', 'LOT 09 ROUTE DE LAEROPORT', 0),
('clneo64si609173ti4j0yhbd5e', 'ESG AFRICA', '[]', 'E', 'RESIDENCE MAMOULICK RUE 2 ANGLE A POINT E ', 0),
('clneo65e8635193ti4o7a4fq1d', 'GROUPEMENT DTA ARCHITECTES', '[]', 'G', 'FENETRE MERMOZ N° 125 ', 0),
('clneo65n2648893ti4upi2ibd4', 'ACAN GROUP', '[]', 'A', 'IMMEUBLE BARSALAM KM 1 AVENUE CHEIKH ANTA DIOP', 0),
('clneo65pc653253ti4d6usjlfn', 'OPTIVISION SARL', '[]', 'O', 'BOPP RUE 7 N° 255 ', 0),
('clneo65sm658203ti41tjiket0', 'GROUPE KEUR ARAME SARL', '[]', 'G', 'ALLEES SEYDOU NOUROU TALL X BO ', 0),
('clneo65vh663393ti4i4aq3oou', 'AMREF', '[\"AMREF WEST AFRICA\"]', 'AMREF VOYAGES', 'VILLA 2256 C DIEUPPEUL 1 ', 0),
('clneo65y3668003ti4sawi5iwn', 'LUQMAN WEST AFRICA', '[]', 'L', '13 LIBERTE 6 EXTENSION X VDN ', 0),
('clneo65zs670983ti41fgc9kpc', 'SENEGAL CAP VERT SARL', '[]', 'S', 'OUEST FOIRE SIPRES VILLA N° 95 ', 0),
('clneo6636675833ti4lr9zrete', 'THETAPHARM', '[\"THETAPHARM\"]', 'T', 'CICES FOIRE LOT 772 ', 0),
('clneo665h677973ti4c6cjc8ef', 'SHS SENEGAL HANDLING SERVICES S.A.', '[]', 'S', 'ROUTE DE NGOR IMMEUBLE FBN 6E ETAGE ', 0),
('clneo667v681633ti4lma4qc9n', 'ENABEL', '[\"ENABEL\"]', 'F', '121 SOTRAC MERMOZ RTE DE OUAKAM ', 0),
('clneo668o683153ti4byvcezu7', 'BGFI', '[]', 'N', 'SICAP DIEUPPEUL 2 VILLA N° 2445/C ', 0),
('clneo66bq688303ti4qxu0a0sx', 'HABITER BIZ SUARL', '[]', 'H', 'SACRE COEUR 3 CITE KEUR GORGUI IMM HERMES IV APPT N° 101 ', 0),
('clneo66eg692453ti4h9jpxlun', 'ESPACE CONCEPT AZ SARL', '[]', 'E', '5 VILLA SOUKY AVENUE CHEIKH ANTA DIOP FACE ENTSS', 0),
('clneo66f9694143ti44jsy5r5u', 'AFRIC ALL BUSINESS GROUP', '[]', 'A', 'CITE KEUR GORGUI VILLA N° 38 ', 0),
('clneo66gx696753ti49jad7mp5', 'CIMA GLOBAL INC', '[\"FLOTTE AUTO\"]', 'C', 'HANN ', 0),
('clneo66jn700063ti41vn0z0zk', 'SOCIETE SEN RENTAL CARS SARL', '[]', 'S', 'AV. CHEIKH ANTA DIOP - RTE DE OUAKAM ', 0),
('clneo66jz700643ti450yyc3lw', 'INFOGES', '[]', 'I', 'YENE - RESIDENCE TIDIALAW - TOUBAB DIALAW', 0),
('clneo66tt714833ti41n51qctv', 'STTM SARL ', '[]', '', '', 0),
('clneo66wf717003ti488xe7evm', 'SCI DEUKOUWAY', '[]', 'S', 'ALMADIES KEUR BADAOUR DAKAR', 0),
('clneo6730727953ti4l3ka0c5s', 'COMPUDIST SENEGAL SAU', '[]', 'C', 'SACRE CŒUR 3 VILLA N° 9546 ', 0),
('clneo676y733923ti4vdxoqqyd', 'CROIX ROUGE SENEGALAISE', '[]', 'C', '3 BLD ROOSEVELT ', 0),
('clneo67b1740223ti45o6ih2yo', 'B&G DIGITAL', '[\"FLOTTE\"]', '', '', 0),
('clneo67cj742023ti4sx2p2ca9', 'CARLCARE TECHNOLOGY SENEGAL', '[]', 'C', 'RUE RAFFENEL AVENUE LAMINE GUEYE ', 0),
('clneo67cq742253ti4nu3u10x3', 'KSS TRADING SARL', '[]', 'K', 'PARCELLES ASSAINIES U 24 N° 552 ', 0),
('clneo67kl752683ti48g6rikvu', 'BIZ POINT SUARL', '[]', 'B', '45 BLD DU CENTENAIRE DE LA COMMUNE ', 0),
('clneo67xm771983ti4ne9s5erm', 'BENWAX ENTREPRISE', '[]', 'B', '1001 RUE MARSAT FACE GRANDE MOSQUEE', 0),
('clneo67z8774783ti4snk2mjnu', 'INSA BIOMEDICAL CONSULTING', '[]', 'I', '', 0),
('clneo680m776883ti4mnn56hpn', 'ETUDES MAITRE MAHMOUDOU ALY TOURE', '[]', 'E', '', 0),
('clneo686b782583ti448n4yfm9', 'STE FELUCA SARL', '[]', 'F', 'SACRE CŒUR 2-RESIDENCE ARAME SIGA', 0),
('clneo686k783123ti4xqkmnhbo', 'FELUCA SARL', '[]', 'F', 'SACRE CŒUR 2 RESIDENCE ARAME SIGA', 0),
('clneo6870783933ti419si4f2y', 'FRES SARL', '[]', 'F', 'YOFF APECSY ECOLOGIE N/E 35 ', 0),
('clneo68ao789663ti4vy2epj5b', 'CANAL INFO NEWS', '[]', 'C', 'IMM LA ROTONDE ', 0),
('clneo68av789893ti43rlb01fj', 'SANEP SUARL', '[]', 'S', 'OUAKAM FACE CAMP MAMELLES ', 0),
('clneo68fi794673ti4u5sqhnml', 'ELITE IMMO SUARL', '[]', 'E', '8352 SACRE CŒUR 1 IMMEUBLE H 1ER ETAGE DROITE ', 0),
('clneo68gf796493ti4yt10vzg5', 'SAKINA COLLEGE', '[]', 'S', 'HLM 2 VILLA N° 664', 0),
('clneo68h9797593ti4kmwq5oc1', 'COPROPRIÉTÉ RESIDENCE DAROU MINAME', '[\"2S IMMO\", \"2S IMMO\"]', 'C', 'POINT E RUE 1 X IMPASSE CAD', 0),
('clneo68hy798463ti4jj7zdseo', 'SYNDIC RESID ADJA MAGUETTE ELITE IMMO', '[]', 'E', 'RUE A X 6ET 7 IMPASSE FRANZETTI ', 0),
('clneo68j4800313ti4p0pw6lxq', 'SANOFI-AVENTIS SNEGAL SA', '[]', 'S', 'POINT-E IMM EPI 43 RUE DE ZIGUINCHOR', 0),
('clneo68ka802043ti4aphingtc', 'IDM IMMO - DECO & MORE', '[]', 'N', 'CITE KEUR GORGUI VILLA L 10 ', 0),
('clneo68q0809363ti4tzru9ll7', 'LE BAMBA COMPANY', '[]', 'B', '', 0),
('clneo68qr810713ti4p7gtxqbx', 'SEMS SERVICES', '[]', 'S', '', 0),
('clneo68sr813893ti45196ujjg', 'UNESCO', '[]', 'B', 'RESIDENCE YDISE ALMADIES ', 0),
('clneo68vg816913ti4rn7vhzpb', 'CORPUS', '[]', '', 'SACRE CŒUR 3', 0),
('clneo68vy817683ti4lnea7bqr', 'QUALITY VEGETABLES SENEGAL', '[]', 'N', '', 0),
('clneo68xs819813ti447n28u77', 'CINETPAY', '[]', 'C', '', 0),
('clneo692s826333ti4wf41t4hs', 'SIEPS SUARL', '[]', 'T', '', 0),
('clneo6957829853ti4z1o7a0b3', 'AVIATION & COMPAGNIE', '[]', 'A', '', 0),
('clneo699v835263ti4d0uxutgc', 'EMDP', '[\"SPI\", \"SPI\"]', 'S', '', 0),
('clneo69i4845213ti449wxnuni', 'BANQUE ISLAMIQUE DU SENEGAL', '[\"SENELEC\"]', 'N', '', 0),
('clneo69ke847873ti4zrlu1497', 'FEDERATION SENEGALAISE D\'ATHLETISME', '[]', 'F', '', 0),
('clneo69qy855693ti4mhf5rsuj', 'BIBLIOTHEQUE UNIVERSITAIRE', '[]', 'T', '', 0),
('clneo69rn856683ti4wf6d595h', 'MEDIKA GROUP', '[]', 'M', '', 0),
('clneo69sj857873ti4ishgw6ki', 'SODEMED SARL', '[]', 'S', '', 0),
('clneo69yo865433ti4y1loshbs', 'TWS SENEGAL', '[]', 'T', 'USINE KHOR S SAINT LOUIS', 0),
('clneo6a29870313ti4qxoe7nz6', 'OLIVE PLUS ', '[]', 'O', '', 0),
('clneo6a67875603ti4g4cu5fh1', 'STE PATRICIA S/C MBURU', '[]', 'P', '', 0),
('clneo6a7m878033ti4xwvt48en', 'STE 1.COM', '[]', 'S', 'LIBERTE 6 EXTENSION 8018', 0),
('clneo6abe883003ti40vfe3yf4', 'CAPER SAS', '[]', 'C ', 'POINT E AVENUE BIRAGO DIOP', 0),
('clneo6aby883843ti4oya6osc1', 'LAGARDERE TRAVEL RETAIL LTR', '[\"MAURITANIE\", \"MAURITANIE\", \"GAMBIE\", \"GAMBIE\"]', 'L', '', 0),
('clneo6aey887273ti4c3zzwhuk', 'AFRICAN CONSULTANCY SERVICES ACS', '[\"BAOBAB FINANCE CONSEIL\"]', 'BAOBAB FINANCE CONSEIL', '3 RUE DU DEBARCADERE DAKAR ', 0),
('clneo6akq893833ti4pyvjjcot', 'RAZOR KING BARBERSHOP', '[]', 'R', '', 0),
('clneo6an8897103ti44ia34gc8', 'TRIDEM PHARMA SENEGAL', '[]', 'T', '', 0),
('clneo6aq7900973ti46qd3o1sf', 'NEROLI ', '[]', 'N', 'ROUTE DE NGOR ALMADIES', 0),
('clneo6aqj901413ti4g840wkp2', 'RESTAURANT TAIYO DAKAR', '[\"A G FOOD AND SERVICES\"]', 'T', '', 0),
('clneo6aqz902193ti4zkz8sa2v', 'CNM', '[]', 'F', '', 0),
('clneo6asn903563ti4r6rl3q89', 'LA BANQUE OUTARDE LBO', '[\"LBO - GB\", \"LBO - GB\", \"LBO - GB\", \"BAOBAB FINANCE CONSEIL\"]', 'BAOBAB FINANCE CONSEIL', '20, BOULEVARD DE LA REPUBLIQUE', 0),
('clneo6ayw911343ti4o4ev93mj', 'INSTITUT MERRY BA SARL', '[]', 'I', 'POINT E IMM 5B 3ème ETAGE', 0),
('clneo6b0b913423ti44j0aypn7', 'TB TOURS SARL', '[]', 'C', 'SOTRAC MERMOZ VILLA 87/C', 0),
('clneo6b0t914193ti44lznn192', 'SCI WELLY \"YELEEN\"', '[\"SCI WELLY \\\" YELEEN\\\"\", \"SCI WELLY \\\" YELEEN\\\"\"]', 'W', 'ALMADIE FACE EX CLUB RED', 0),
('clneo6b18914773ti4l7l5al7t', 'SCI WELLY', '[\"SCI WELLY \\\" YELEEN\\\"\", \"SCI WELLY \\\" YELEEN\\\"\"]', 'W', '', 0),
('clneo6b1x915463ti44ngpunyh', 'SKBA', '[]', 'S', 'POINT E RUE DE KAOLACK X RUE DE TAMBA', 0),
('clneo6b2m916703ti43jx6b0vl', 'DAKAR BAMAKO FERROVIAIRE', '[]', '', '11 RUE PARCHAPPE DAKAR ', 0),
('clneo6b9g924943ti4pdkloi31', 'IPGS SARL', '[\"SPI\"]', '', '', 0),
('clneo6bas926613ti4no5cltur', 'YASIRA SUARL', '[]', 'Y', '', 0),
('clneo6bb3927083ti4bo3vu5tz', 'IMMO, DECO & MORE IDM', '[]', 'I', '', 0),
('clneo6bj1935143ti472baw6mu', 'HOLDING ATLANTIC MINING PETROLUM', '[]', 'H', 'FANN DAKAR', 0),
('clneo6bok940763ti4cebhdi6f', 'TANGERINE PRODUCTIONS', '[]', 'T', '', 0),
('clneo6c27954973ti44fq6grwr', 'ATLANTIC MICROFINANCE FOR AFRICA SA', '[]', 'A', '', 0),
('clneo6c3v957083ti4j0iqzfcj', 'OLYMPUS', '[]', 'J', '', 0),
('clneo6c4n958143ti4n6ohcwe7', 'ARC EN CIEL AIRLINES', '[]', 'T', '', 0),
('clneo6c4x958613ti4vitc65t6', 'ARIDIM SA', '[]', '', '', 0),
('clneo6c5m959553ti42vnp1ukj', 'SANKEN TECHNOLOGIES ET TELECOMMUNICATIONS', '[\"BAOBAB FINANCE CONSEIL\"]', 'BAOBAB FINANCE CONSEIL', '', 0),
('clneo6c8m962433ti4bcwzghjj', 'RIA', '[]', 'S', 'MEDINA RUE 25 X 20', 0),
('clneo6cbt966703ti4xzt7grgy', 'THINK FILM', '[]', 'T', 'SACRE CŒUR PYROTECHNIQUE N° 40', 0),
('clneo6cd6968243ti4ycdn8f6n', 'LA CLINIQUE DES YEUX', '[\"BAOBAB FINANCE CONSEIL\", \"BAOBAB FINANCE CONSEIL\"]', 'BAOBAB FINANCE CONSEIL', '8 ROUTE DE NGOR ', 0),
('clneo6cgy971493ti4678s93ke', 'ARMP', '[]', 'A', 'POINT E ', 0),
('clneo6cpl981493ti4zrcaajci', 'MOBILITY', '[]', 'M', 'KM 1 , Avenu Cheikh Anta DIOP en face de l\'église Saint Joseph de la Médina', 0),
('clneo6cq8982403ti48t6y1x4r', 'SYNDIC ATLANTIS', '[]', 'S', '', 0),
('clneo6d48996773ti48nxh42z2', 'BATINOV', '[]', 'B', 'MERMOZ', 0),
('clneo6d5j998723ti4qiddn2it', 'CONSTELLATION GLOBAL SENEGAL', '[]', 'C', '9950 SACRE CŒUR 3 ', 0),
('clneo6dhh1011113ti4eqstouh4', 'FSF', '[]', 'C', '', 0),
('clneo6dyf1029013ti4xrdtsz8p', 'ALPHA MOBILITY', '[]', 'A', '', 0),
('clneo6e1o1032913ti4t52oesgv', 'IPRES', '[]', 'S', '', 0),
('clneo6e291033683ti4cvupt0su', 'SCI HFC IMMO', '[]', 'H', 'YOFF CITE DJILY MBAYE VILLA N°275', 0),
('clneo6e6m1038303ti4yx8391hz', 'AFI UE', '[\"SENELEC\", \"AMINATA DIOP  COULIBALY\"]', 'D', 'PATTE D\'OIE BUILDERS N° B 22', 0),
('clneo6ebg1042893ti4h66v6u21', 'MENDEX SARL', '[]', 'M', '', 0),
('clneo6ec81043963ti4odo0jtwj', 'CHEZ COUMBIS', '[\"BAOBAB FINANCE CONSEIL\"]', 'BAOBAB FINANCE CONSEIL', '', 0),
('clneo6efu1047733ti4c36efn0h', 'CONGREGATION DES FILLES DE NOTRE DAME DU SACRE CŒUR ', '[]', 'C', 'POINT E ', 0),
('clneo6ejo1051863ti4oxyxu3sn', 'TERRA CONSULTING', '[]', 'T', '', 0),
('clneo6ekl1052893ti4q8vxoqmh', 'TAISSIR IMMOBILIER', '[]', 'T', '', 0),
('clneo6elg1054013ti44mv12ee8', 'ENTRACOM', '[]', 'E', '', 0),
('clneo6eog1057323ti47px6bkr2', 'SERVICES PRESTIGE S.A.', '[]', 'P', '', 0),
('clneo6ep61058023ti4ycr196of', 'SOCOFMEC SA', '[]', 'S', '', 0),
('clneo6era1060553ti4b1f34i4j', 'LUXE OPTIQUE', '[]', 'L', '', 0),
('clneo6eu71064053ti4nclbj6ok', 'SCI YAVE', '[]', 'Y', '', 0),
('clneo6ev71065323ti4a3iqopmt', 'TERMINATOR SARL', '[]', 'T', 'MERMOZPYROTECHNIE BP 2992', 0),
('clneo6ey51069353ti4y79ds5cw', 'LES COPAINS D\'ABORD', '[]', 'L', 'GOROM 1 SANGALKAM', 0),
('clneo6f3k1075693ti404bp42it', 'SYNDIC COPROPRIETE RESIDENCE SOGETRAM S/C ELITE IMMO', '[]', 'E', '', 0),
('clneo6f8s1082433ti494f5b4yk', 'PROXIM + SUARL', '[]', 'P', 'LOT 111 CITÉ ENAM', 0),
('clneo6fb71085543ti4q57l6urj', 'DND CONSULTING ET SERVICES SUARL', '[\"DANTI NDIAYE\"]', 'D', 'HAMO GRAND YOFF VILLA N° K38', 0),
('clneo6fgn1092573ti4qvfkfj12', 'BUREAU HAUT COMMISSARIAT DES NATIONS UNIES POUR LES REFUGIÉS', '[]', 'B', 'IMMEUBLE FAALO ALMADIES ', 0),
('clneo6fjl1096363ti4up6iu3fu', 'KEUR GUI 216', '[]', 'K', 'MERMOZ LES 2 VOIES DE L\'ALTERNANCE', 0),
('clneo6fku1098473ti428d8cf4w', 'SN2I', '[]', 'S', '', 0),
('clneo6fmy1101223ti4h3n02q3w', 'EDTF', '[]', 'F', '', 0),
('clneo6fsn1107333ti45ta18195', 'SEEE', '[]', 'D', '', 0),
('clneo6ftj1108473ti4sj8pxqww', 'PROASSUR 90', '[\"SPI\", \"SPI\"]', 'P', 'POINT E', 0),
('clneo6fu31109373ti413dvy29l', 'PROASSUR 100', '[]', 'P', '', 0),
('clneo6g4g1113383ti4s32fkh9w', 'WORLD VISION INTERNATIONAL SENEGAL', '[]', 'W', 'POINT E', 0),
('clneo6gc41119043ti4yv8d76bx', 'SAHEL IMMO SARL', '[]', 'S', '', 0),
('clneo6gnu1130743ti4d5q1l86w', 'SCI ABI ROSA', '[]', 'A', '', 0),
('clneol4m31160953ti4bdhotde5', 'FD-TECH', '[]', 'F', 'Malika', 0);

-- --------------------------------------------------------

--
-- Structure de la table `Formulaire`
--

CREATE TABLE `Formulaire` (
  `id` varchar(191) COLLATE utf8mb4_unicode_ci NOT NULL,
  `nom` varchar(191) COLLATE utf8mb4_unicode_ci NOT NULL DEFAULT '',
  `titre` varchar(191) COLLATE utf8mb4_unicode_ci NOT NULL DEFAULT '',
  `typeFinancement` varchar(191) COLLATE utf8mb4_unicode_ci DEFAULT NULL,
  `deleted` tinyint(1) NOT NULL DEFAULT '0'
) ENGINE=InnoDB DEFAULT CHARSET=utf8mb4 COLLATE=utf8mb4_unicode_ci;

--
-- Déchargement des données de la table `Formulaire`
--

INSERT INTO `Formulaire` (`id`, `nom`, `titre`, `typeFinancement`, `deleted`) VALUES
('cld6obyu80068ckkc23l4wplb', 'Santé', 'Finalisez la souscription santé', NULL, 0),
('cleg5kbdx09274kmmkbc7cxbu', 'Formulaire Santé', 'Finalisez la souscription santé', 'cld4uetmt0170wm080bx3kbwc', 0),
('clelvv92p11605kmmfmu90537', 'Prevoyance retraite', 'Finalisez la souscription', 'cld1zfxzb14307xukwd6v8lqzr', 0),
('clnbukgfj0773eaa4eby2gyan', 'Automobile', 'Information du vehicule', NULL, 0),
('clnj48klb260429zigrr1lz3dc1', 'RESPONSABILITE CIVILE', 'Info RESPONSABILITE CIVILE', NULL, 0),
('clnj48umx260457zigrx38mbnej', 'RESPONSABILITE CIVILE', 'Info RESPONSABILITE CIVILE', NULL, 0),
('clnj76uov261532zigrx09fg20n', 'PLAISANCE', 'Info PLAISANCE', NULL, 0),
('clnj7em3x271243zigry8s0k8f9', 'RISQUES DIVERS', 'Info RISQUES DIVERS', NULL, 0),
('clnj82rkp285927zigrlzq9lqrj', 'RISQUES SPECIAUX', 'Info RISQUES SPECIAUX', NULL, 0),
('clnj8atgq291582zigrg0xat39f', 'POOL TPV', 'Info POOL TPV', NULL, 0),
('clnk6g6kk323578zigrprdamdoi', 'TRANSPORT', 'Info TRANSPORT', NULL, 0),
('clnkgwvuf5691pja4dstn3kec', 'INCENDIE', 'Info INCENDIE', NULL, 0);

-- --------------------------------------------------------

--
-- Structure de la table `Garantie`
--

CREATE TABLE `Garantie` (
  `id` varchar(191) COLLATE utf8mb4_unicode_ci NOT NULL,
  `nom` varchar(191) COLLATE utf8mb4_unicode_ci NOT NULL DEFAULT '',
  `icon` enum('magnifying_glass','right_arrow','right_arrow1','up_arrow','down_arrow','cashback','insurance','house','family','drive','home','heart_beat','fire','briefcase','ring','plane','easy_to_use','policy','contract','fund','group','insurance_1','success','life_insurance','folder','telephone','email','telephone_call','pin','cash_flow','profits','insurance_2','select','meeting','agreement','insurance_agent','tick','money_back','employees','mission','computer','chat','file','plus','shield') COLLATE utf8mb4_unicode_ci NOT NULL,
  `description` varchar(191) COLLATE utf8mb4_unicode_ci NOT NULL DEFAULT '',
  `actif` tinyint(1) NOT NULL DEFAULT '1',
  `deleted` tinyint(1) NOT NULL DEFAULT '0'
) ENGINE=InnoDB DEFAULT CHARSET=utf8mb4 COLLATE=utf8mb4_unicode_ci;

--
-- Déchargement des données de la table `Garantie`
--

INSERT INTO `Garantie` (`id`, `nom`, `icon`, `description`, `actif`, `deleted`) VALUES
('cl90d8vq30162dg089wqz74d4', 'Vol', 'magnifying_glass', '', 1, 0),
('cl90d97th0180dg080g00nd2w', 'Avance sur recours', 'magnifying_glass', '', 1, 0),
('cl90d9nu80198dg080f5f7yey', 'Responsabilité civil', 'magnifying_glass', '', 1, 0),
('cl91dbr9w9997o808tyjqg3hf', 'TOUS RISQUES', 'magnifying_glass', '', 1, 0);

-- --------------------------------------------------------

--
-- Structure de la table `GlobalValue`
--

CREATE TABLE `GlobalValue` (
  `id` varchar(191) COLLATE utf8mb4_unicode_ci NOT NULL,
  `cle` varchar(191) COLLATE utf8mb4_unicode_ci NOT NULL DEFAULT '',
  `valeur` int(11) DEFAULT NULL
) ENGINE=InnoDB DEFAULT CHARSET=utf8mb4 COLLATE=utf8mb4_unicode_ci;

--
-- Déchargement des données de la table `GlobalValue`
--

INSERT INTO `GlobalValue` (`id`, `cle`, `valeur`) VALUES
('clnerrj9d4969z9i4epcmivbp', 'QUITTANCE_NUMBER', 8),
('clnerrmv55391z9i46y2gggp1', 'AVENANT_NUMBER', 8),
('clnes0o3t28842z9i4lycnsupu', 'CLIENT', 10007);

-- --------------------------------------------------------

--
-- Structure de la table `InfoContrat`
--

CREATE TABLE `InfoContrat` (
  `id` varchar(191) COLLATE utf8mb4_unicode_ci NOT NULL,
  `inputKey` varchar(191) COLLATE utf8mb4_unicode_ci NOT NULL DEFAULT '',
  `sheetName` varchar(191) COLLATE utf8mb4_unicode_ci NOT NULL DEFAULT '',
  `champFormulaire` varchar(191) COLLATE utf8mb4_unicode_ci DEFAULT NULL,
  `formulaire` varchar(191) COLLATE utf8mb4_unicode_ci DEFAULT NULL,
  `actif` tinyint(1) NOT NULL DEFAULT '1',
  `ordre` int(11) DEFAULT NULL,
  `deleted` tinyint(1) NOT NULL DEFAULT '0'
) ENGINE=InnoDB DEFAULT CHARSET=utf8mb4 COLLATE=utf8mb4_unicode_ci;

--
-- Déchargement des données de la table `InfoContrat`
--

INSERT INTO `InfoContrat` (`id`, `inputKey`, `sheetName`, `champFormulaire`, `formulaire`, `actif`, `ordre`, `deleted`) VALUES
('clee8gml00170jxmmnk8qwipm', 'C23', '1-TARIFICATION', 'cld6ow4wo00900dkc2kaas72x', 'cld6obyu80068ckkc23l4wplb', 1, 1, 0),
('cleeb490c1224573mmu0svd9yr', '', '', 'cld6ownoh01160dkcfklnewox', 'cld6obyu80068ckkc23l4wplb', 1, 2, 0),
('cleeb4qg21231573mm4qjrgpwl', '', '', 'cld6p080t01420dkcrmcmhz1c', 'cld6obyu80068ckkc23l4wplb', 1, 4, 0),
('cleeb5a1e1234773mmtp8zva4e', '', '', 'cld6p29l302420dkcp7snt5hs', 'cld6obyu80068ckkc23l4wplb', 1, 3, 0),
('cleeb5iez1237973mm0xene526', '', '', 'cld6p3k6w03260dkcvg1ivxbs', 'cld6obyu80068ckkc23l4wplb', 1, 5, 0),
('cleg5kbdy09294kmmjtuu6en2', 'A34', '2-EDITION DE LA PROPOSITION', 'cld6ow4wo00900dkc2kaas72x', 'cleg5kbdx09274kmmkbc7cxbu', 1, 1, 0),
('cleg5lbcq09964kmmm05un6bw', 'B34', '2-EDITION DE LA PROPOSITION', 'cld6ownoh01160dkcfklnewox', 'cleg5kbdx09274kmmkbc7cxbu', 1, 2, 0),
('cleg5lksd10284kmmjzbngbh7', '', '', 'cld6p29l302420dkcp7snt5hs', 'cleg5kbdx09274kmmkbc7cxbu', 1, 3, 0),
('cleg5ltrg10604kmmxyw4c81e', '', '', 'cld6p080t01420dkcrmcmhz1c', 'cleg5kbdx09274kmmkbc7cxbu', 1, 4, 0),
('cleg5lzbt10924kmm7159tk99', '', '', 'cld6p3k6w03260dkcvg1ivxbs', 'cleg5kbdx09274kmmkbc7cxbu', 1, 5, 0),
('cleg5n50e11504kmm7mtxa0aj', '', '', 'cleg5n01311374kmm1os4ub8z', 'cleg5kbdx09274kmmkbc7cxbu', 1, 6, 0),
('clelvv92r11675kmmwgyqy04y', 'G9', 'INFORMATION ASSURE', 'cld6ow4wo00900dkc2kaas72x', 'clelvv92p11605kmmfmu90537', 1, 1, 0),
('clelvw3c112515kmmw6jwlps5', 'G8', 'INFORMATION ASSURE', 'cld6ownoh01160dkcfklnewox', 'clelvv92p11605kmmfmu90537', 1, 2, 0),
('clelvwxhq12835kmm28p37p7s', 'G10', 'INFORMATION ASSURE', 'cld6p080t01420dkcrmcmhz1c', 'clelvv92p11605kmmfmu90537', 1, 3, 0),
('clelvyaiz13415kmmg6s3kmb9', 'G11', 'INFORMATION ASSURE', 'clelvy7sp13285kmmn9wau3po', 'clelvv92p11605kmmfmu90537', 1, 4, 0),
('clelw09jz14435kmmzgrx4b6h', 'G14', 'INFORMATION ASSURE', 'clelw05pn14305kmm4kjd26hb', 'clelvv92p11605kmmfmu90537', 1, 5, 0),
('clelw2qys15015kmm2sj116or', 'G13', 'INFORMATION ASSURE', 'clelw2ocn14885kmmpf4gnjwo', 'clelvv92p11605kmmfmu90537', 1, 6, 0),
('clelw7ebz15955kmmurc9u8os', 'G16', 'INFORMATION ASSURE', 'clelw7byo15825kmmzpyvlrrm', 'clelvv92p11605kmmfmu90537', 1, 7, 0),
('clelw8ldg16535kmm2vpcjkhr', 'G17', 'INFORMATION ASSURE', 'clelw8cwk16405kmmq11wekqw', 'clelvv92p11605kmmfmu90537', 1, 8, 0);

-- --------------------------------------------------------

--
-- Structure de la table `InfoPolice`
--

CREATE TABLE `InfoPolice` (
  `id` varchar(191) COLLATE utf8mb4_unicode_ci NOT NULL,
  `cle` varchar(191) COLLATE utf8mb4_unicode_ci NOT NULL DEFAULT '',
  `valeur` varchar(191) COLLATE utf8mb4_unicode_ci NOT NULL DEFAULT '',
  `typeChamp` enum('TEXT','NUMBER','EMAIL','TELEPHONE','DATE','TIME','DATETIME','IMAGE','FICHIER','URL','COLOR','RANGE') COLLATE utf8mb4_unicode_ci NOT NULL,
  `police` varchar(191) COLLATE utf8mb4_unicode_ci DEFAULT NULL,
  `libelle` varchar(191) COLLATE utf8mb4_unicode_ci NOT NULL DEFAULT ''
) ENGINE=InnoDB DEFAULT CHARSET=utf8mb4 COLLATE=utf8mb4_unicode_ci;

--
-- Déchargement des données de la table `InfoPolice`
--

INSERT INTO `InfoPolice` (`id`, `cle`, `valeur`, `typeChamp`, `police`, `libelle`) VALUES
('clnergnrn798375i4tmip54bd', 'matricule', 'CQ200', 'TEXT', NULL, ''),
('clnergnrn798475i4duh77wnt', 'marque', 'Toyota', 'TEXT', NULL, ''),
('clnergnrn798575i4agzru5kb', 'model', 'Auris', 'TEXT', NULL, ''),
('clnergnrn798775i4yl52rb9b', 'vin', 'TEST', 'TEXT', NULL, ''),
('clnerrj884831z9i46enexmt1', 'model', 'Auris', 'TEXT', 'clnerrj8c4859z9i4p3429bc5', ''),
('clnerrj884832z9i4zzayfedb', 'vin', 'TEST', 'TEXT', 'clnerrj8c4859z9i4p3429bc5', ''),
('clnerrj894833z9i4rsjvuzds', 'matricule', 'CQ200', 'TEXT', 'clnerrj8c4859z9i4p3429bc5', ''),
('clnerrj894834z9i4vohe2xc0', 'marque', 'Toyota', 'TEXT', 'clnerrj8c4859z9i4p3429bc5', ''),
('clnesyumu197870z9i4e1ceqr6m', 'vin', 'TEST', 'TEXT', 'clnesyumz197904z9i4kvk7omab', ''),
('clnesyumu197871z9i47lpjwswj', 'matricule', 'CQ200', 'TEXT', 'clnesyumz197904z9i4kvk7omab', ''),
('clnesyumu197872z9i4tprmftp0', 'model', 'Auris', 'TEXT', 'clnesyumz197904z9i4kvk7omab', ''),
('clnesyumu197876z9i43equrk37', 'marque', 'Toyota', 'TEXT', 'clnesyumz197904z9i4kvk7omab', ''),
('clng1ju3w45682gsi4nn69wh8b', 'marque', 'KIA', 'TEXT', NULL, ''),
('clng1ju3w45683gsi41pxpaxfr', 'model', 'SPORTAGE', 'TEXT', NULL, ''),
('clng1ju3w45685gsi4f2rnagas', 'nombrePlace', '5', 'NUMBER', NULL, ''),
('clng1ju3w45686gsi4igkedp2c', 'matricule', 'AA-141-PG', 'TEXT', NULL, ''),
('clng2clpb23348x9a4xnscfeg2', 'model', 'SPORTAGE', 'TEXT', 'clng2clpe23432x9a43y5zvzs3', ''),
('clng2clpb23349x9a4rmdc24c9', 'marque', 'KIA', 'TEXT', 'clng2clpe23432x9a43y5zvzs3', ''),
('clng2clpb23350x9a4jifnmedq', 'matricule', 'AA-141-PG', 'TEXT', 'clng2clpe23432x9a43y5zvzs3', ''),
('clng2clpb23361x9a4w8ns1wws', 'energie', 'essence', 'TEXT', 'clng2clpe23432x9a43y5zvzs3', ''),
('clng2clpb23362x9a4iw40xj6l', 'puissance', '14', 'NUMBER', 'clng2clpe23432x9a43y5zvzs3', ''),
('clng2clpb23366x9a42817em4y', 'nombrePlace', '5', 'NUMBER', 'clng2clpe23432x9a43y5zvzs3', ''),
('clng2clpb23367x9a49o2rtj1n', 'dateMiseCirculation', '2017-01-01', 'DATE', 'clng2clpe23432x9a43y5zvzs3', ''),
('clnj8gxz0291720zigrsz9su6o3', 'genre', 'Rest', 'TEXT', NULL, ''),
('clnk6nlhf323679zigr1v0xlz5w', 'faculte', 'test', 'TEXT', 'clnk6nlhm323694zigrxo3hjdak', ''),
('clnkkdygt11405i5a48ntqesfn', 'qualiteDaucumation', 'Test', 'TEXT', 'clnkkdygy11418i5a4f4qdg352', 'Qualité d\'aucumation'),
('clnkkgj1e16529i5a4vf78e9at', 'qualiteDaucumation', 'Test', 'TEXT', 'clnkkgj1h16545i5a4r594r4q0', 'Qualité d\'aucumation'),
('clnkkv84w22619i5a4fas7bqsi', 'qualiteDaucumation', 'Test', 'TEXT', 'clnkkv85022635i5a479p3nrws', 'Qualité d\'aucumation'),
('clnkkxtfn25986i5a4ztwyq8fr', 'qualiteDaucumation', 'Test', 'TEXT', 'clnkkxtft26004i5a4crlo0s4u', 'Qualité d\'aucumation');

-- --------------------------------------------------------

--
-- Structure de la table `Message`
--

CREATE TABLE `Message` (
  `id` varchar(191) COLLATE utf8mb4_unicode_ci NOT NULL,
  `elementFormMessage` varchar(191) COLLATE utf8mb4_unicode_ci DEFAULT NULL,
  `elementFormErreur` varchar(191) COLLATE utf8mb4_unicode_ci DEFAULT NULL,
  `text` json NOT NULL,
  `deleted` tinyint(1) NOT NULL DEFAULT '0'
) ENGINE=InnoDB DEFAULT CHARSET=utf8mb4 COLLATE=utf8mb4_unicode_ci;

--
-- Déchargement des données de la table `Message`
--

INSERT INTO `Message` (`id`, `elementFormMessage`, `elementFormErreur`, `text`, `deleted`) VALUES
('cl8bphvfc03858l082afdzqgx', 'cl8mbczwz03960c08ipkl8jwi', NULL, '[{\"type\": \"paragraph\", \"children\": [{\"text\": \"Bonjour \"}, {\"bold\": true, \"text\": \"USER_ABP\"}, {\"text\": \" je suis \"}, {\"bold\": true, \"text\": \"AWA\", \"italic\": true, \"underline\": true}, {\"text\": \", l\'intelligence artificielle de \"}, {\"bold\": true, \"text\": \"ProAssur\"}, {\"text\": \" qui accompagne \"}, {\"bold\": true, \"text\": \"PARTENAIRE_ABP\"}, {\"text\": \" sur l’\"}, {\"bold\": true, \"text\": \"acquisition de votre police d\'assurance\"}]}]', 0),
('cl8bpiqpf05128l08lqmodl8g', 'cl8bphvfi03878l08k8u9ic8z', NULL, '[{\"type\": \"paragraph\", \"children\": [{\"text\": \"Veuillez svp me donner \"}, {\"bold\": true, \"text\": \"votre nom complet\"}]}]', 0),
('cl8bpjhjd05388l083j4jdrss', NULL, 'cl8bphvfi03878l08k8u9ic8z', '[{\"type\": \"paragraph\", \"children\": [{\"text\": \"Prénom invalide\"}]}]', 0),
('cl8bpjy3k05648l08wetd49ee', NULL, 'cl8bphvfi03878l08k8u9ic8z', '[{\"type\": \"paragraph\", \"children\": [{\"text\": \"Le prénom doit composer d\'au moins 3 carractéres\"}]}]', 0),
('cl8bpm6q207918l080lvnkf2b', NULL, NULL, '[{\"type\": \"paragraph\", \"children\": [{\"text\": \"Merci \"}, {\"bold\": true, \"text\": \"FIRSTNAME\"}, {\"text\": \", pouvez vous maintenant me dire \"}, {\"bold\": true, \"text\": \"votre nom\"}, {\"text\": \" svp ?\"}]}]', 0),
('cl8bpplcm0228ex08oq0ukrdc', NULL, NULL, '[{\"type\": \"paragraph\", \"children\": [{\"text\": \"Veuillez svp entrer un nom valide\"}]}]', 0),
('cl8ev563e05053o089p9d60wh', 'cl8ev7dwg05733o08f1ui9q9v', NULL, '[{\"type\": \"paragraph\", \"children\": [{\"text\": \"Excellent COMPAGNY_NAME !\"}]}]', 0),
('cl8ev5ntw05313o0821lg2lvb', 'cl8ev7dwg05733o08f1ui9q9v', NULL, '[{\"type\": \"paragraph\", \"children\": [{\"text\": \"Veuillez entrer le montant du prêt\"}]}]', 0),
('cl8ev7dw905603o08wxkkg8mn', NULL, 'cl8ev7dwg05733o08f1ui9q9v', '[{\"type\": \"paragraph\", \"children\": [{\"text\": \"Le montant doit être en format numérique \"}]}]', 0),
('cl8evaulm11363o08544a4gp8', 'cl8evaulu11433o08e1zdphh8', NULL, '[{\"type\": \"paragraph\", \"children\": [{\"text\": \"Vous voulez alors faire un prêt de MONTANT_PRET FCFA\"}]}]', 0),
('cl8evbprf12753o08hbd8qqgt', 'cl8evaulu11433o08e1zdphh8', NULL, '[{\"type\": \"paragraph\", \"children\": [{\"text\": \"Veuillez dans cas entrer la durée\"}]}]', 0),
('cl8evcku213013o08ipnf7vfu', NULL, 'cl8evaulu11433o08e1zdphh8', '[{\"type\": \"paragraph\", \"children\": [{\"text\": \"La durée doit être au format numérique\"}]}]', 0),
('cl8lwqnum11141df08w8p7rdol', 'cl8lwqnuv11145df080674b1v3', NULL, '[{\"type\": \"paragraph\", \"children\": [{\"text\": \"Tres bien FIRSTNAME LASTNAME\"}]}]', 0),
('cl8lwrcg211300df08are733bj', 'cl8lwqnuv11145df080674b1v3', NULL, '[{\"type\": \"paragraph\", \"children\": [{\"text\": \"Pouvez vous svp me dire dire votre date de naissance ?\"}]}]', 0),
('cl8mbbr3s02990c08a30m7enf', 'cl8mbczwz03960c08ipkl8jwi', NULL, '[{\"type\": \"paragraph\", \"children\": [{\"text\": \"Êtes vous ?\"}]}]', 0),
('cl8mbgq3d11740c08z2gpj5zm', 'cl8mbgq3l11840c0804p18ttw', NULL, '[{\"type\": \"paragraph\", \"children\": [{\"text\": \"Vous êtes une entreprise,\"}]}, {\"type\": \"paragraph\", \"children\": [{\"text\": \"Nous sommes ravi de vous accueillir. \"}]}]', 0),
('cl8mbhczn13820c08v5l47b64', 'cl8mbgq3l11840c0804p18ttw', NULL, '[{\"type\": \"paragraph\", \"children\": [{\"text\": \"Pouvez vous svp me dire le nom de votre entreprise svp ?\"}]}]', 0),
('cl8ntn0cz5339zr08n60vy6v0', 'cl8ntn0d95344zr087u6r70d6', NULL, '[{\"type\": \"paragraph\", \"children\": [{\"text\": \"Veuillez svp uploader l\'autorisation de construction\"}]}]', 0),
('cl8nu8zfp10781zr08nhcqonpr', 'cl8ntn0d95344zr087u6r70d6', NULL, '[{\"type\": \"paragraph\", \"children\": [{\"text\": \"Photos et/ou images\"}]}]', 0),
('clbw59okk2078wqkc0whhrjby', 'clbw5dydx2257wqkcxjajvuaq', NULL, '[{\"type\": \"paragraph\", \"children\": [{\"text\": \"Merci d\'avoir ajouter la garantie \"}, {\"bold\": true, \"text\": \"Tous Risques Chantier\", \"italic\": true}]}]', 0),
('clbw5afzz2104wqkcbiiunc4z', NULL, NULL, '[{\"type\": \"paragraph\", \"children\": [{\"text\": \"Veuillez svp nous renseigner la \"}, {\"bold\": true, \"text\": \"durée du chantier\"}]}]', 0),
('clbw5bqyr2130wqkchvk5rv49', 'clbw5dydx2257wqkcxjajvuaq', NULL, '[{\"type\": \"paragraph\", \"children\": [{\"text\": \"Pouvez vous svp nous renseigner le \"}, {\"bold\": true, \"text\": \"montant estimatif du chantier\"}]}]', 0),
('clbw5dhjj2220wqkco6y9id98', 'clbw5dsqn2233wqkczqyhlqld', NULL, '[{\"type\": \"paragraph\", \"children\": [{\"text\": \"Excellent! Il ne vous reste qu\'à nous donner la durée du chantier.\"}]}]', 0),
('clcl813qy19754akcfx4qn83y', NULL, NULL, '[{\"type\": \"paragraph\", \"children\": [{\"text\": \"Bonjour, \"}]}, {\"type\": \"paragraph\", \"children\": [{\"text\": \"Je suis Awa l’intelligence artificielle de ProAssur prêt à vous accompagner sur l’acquisition de la police d\'assurance\"}]}]', 0),
('clcl81vab20014akcee594yn7', 'clcl8291r20174akcowg4ivlg', NULL, '[{\"type\": \"paragraph\", \"children\": [{\"text\": \"Pouvez-vous svp commencer par me donner votre \"}, {\"bold\": true, \"text\": \"nom complet \"}, {\"text\": \"?\"}]}]', 0),
('clcl83usm21134akckixytzxf', 'clcl85l6a21904akcfe1xdnxk', NULL, '[{\"type\": \"paragraph\", \"children\": [{\"text\": \"Merci NOM_COMPLET\"}]}]', 0),
('clcl85iu721714akc43mqzbaz', 'clcl85l6a21904akcfe1xdnxk', NULL, '[{\"type\": \"paragraph\", \"children\": [{\"text\": \"Il a quel âge \"}, {\"bold\": true, \"text\": \"NOM_COMPLET\"}, {\"text\": \" ?\"}]}]', 0),
('clcl8747922894akc5qtq9zbt', 'clcl886dn23344akcr0cyx65u', NULL, '[{\"type\": \"paragraph\", \"children\": [{\"text\": \"Parfait!\"}]}]', 0),
('clcl87tnn23154akc72uzea17', 'clcl886dn23344akcr0cyx65u', NULL, '[{\"type\": \"paragraph\", \"children\": [{\"text\": \"Veuillez svp renseigner le capital de NOM_COMPLET\"}]}]', 0),
('clcl896fa24334akcvyb10s0s', 'clcl8a0pc24754akcf35rvq58', NULL, '[{\"type\": \"paragraph\", \"children\": [{\"text\": \"J\'aurais également besoin de la durée du prêt\"}]}]', 0),
('clcl89qyq24594akctt14b15n', 'clcl8a0pc24754akcf35rvq58', NULL, '[{\"type\": \"paragraph\", \"children\": [{\"text\": \"Veuillez me communiquer la \"}, {\"bold\": true, \"text\": \"durée du prêt\"}, {\"text\": \" ?\"}]}]', 0),
('clcl8chr925774akcgr5bbeg8', 'clcl8dby326194akc8c7amzps', NULL, '[{\"type\": \"paragraph\", \"children\": [{\"text\": \"Merci pour ces informations.\"}]}]', 0),
('clcl8d5jr26034akc574gnxxi', 'clcl8dby326194akc8c7amzps', NULL, '[{\"type\": \"paragraph\", \"children\": [{\"text\": \"Donnez-moi le \"}, {\"bold\": true, \"text\": \"coût de la police\"}]}]', 0),
('clcl8f64o27154akcqx5j0gfg', 'clcl8g9p627574akcr6xaxrfy', NULL, '[{\"type\": \"paragraph\", \"children\": [{\"text\": \"Pour terminer avec NOM_COMPLET, j\'aurais besoin du\"}, {\"bold\": true, \"text\": \" taux annuel bancaire\"}]}]', 0),
('clcl8ft5827414akcozrsgm5a', 'clcl8g9p627574akcr6xaxrfy', NULL, '[{\"type\": \"paragraph\", \"children\": [{\"text\": \"Merci d\'ajouter % sur le taux. \"}]}, {\"type\": \"paragraph\", \"children\": [{\"text\": \"Exemple : 7.2%\"}]}]', 0),
('clclxeszt688203kcl5sgyqii', NULL, 'clcl85l6a21904akcfe1xdnxk', '[{\"type\": \"paragraph\", \"children\": [{\"text\": \"Désolé, l\'âge maximal est de \"}, {\"bold\": true, \"text\": \"55 ans\"}, {\"text\": \" et le minimum est de \"}, {\"bold\": true, \"text\": \"12 ans\"}]}]', 0),
('clclxwwjo975003kcbog0jp1w', NULL, NULL, '[{\"type\": \"paragraph\", \"children\": [{\"text\": \"Merci de renseigner.\"}]}]', 0),
('clcvy1jys4234ap08q0zwz493', 'clclxy3ih983703kc58silq50', NULL, '[{\"type\": \"paragraph\", \"children\": [{\"text\": \"Bonjour je suis\"}, {\"bold\": true, \"text\": \" \"}, {\"bold\": true, \"text\": \"AWA\", \"italic\": true, \"underline\": true}, {\"bold\": true, \"text\": \" , l\'intelligence artificielle de ProAssur \"}, {\"text\": \"qui vous accompagne sur l’ acquisition de votre\"}, {\"bold\": true, \"text\": \" police d\'assurance\"}]}]', 0),
('clcvy2uge5175ap08cth5fv21', 'clclxy3ih983703kc58silq50', NULL, '[{\"type\": \"paragraph\", \"children\": [{\"text\": \"Êtes vous ?\"}]}]', 0),
('cld1scaug2537tskwv8zkz70i', 'cld1sebt12637tskwuqwiizzc', NULL, '[{\"type\": \"paragraph\", \"children\": [{\"text\": \"Bonjour\"}, {\"bold\": true, \"text\": \" USER_ABP,\"}]}, {\"type\": \"paragraph\", \"children\": [{\"text\": \"je suis\"}, {\"bold\": true, \"text\": \" \"}, {\"bold\": true, \"text\": \"AWA\", \"italic\": true, \"underline\": true}, {\"bold\": true, \"text\": \" , l\'intelligence artificielle de ProAssur \"}, {\"text\": \"qui accompagne\"}, {\"bold\": true, \"text\": \" PARTENAIRE_ABP \"}, {\"text\": \"sur l’ acquisition de votre \"}, {\"bold\": true, \"text\": \"police d\'assurance\"}]}]', 0),
('cld1scoqp2563tskwuhuvnmde', 'cld1sebt12637tskwuqwiizzc', NULL, '[{\"type\": \"paragraph\", \"children\": [{\"text\": \"Êtes vous ?\"}]}]', 0),
('cld1sfqkb2774tskwaj1bhii4', 'cld1sglhd2816tskwqal9mq66', NULL, '[{\"type\": \"paragraph\", \"children\": [{\"text\": \"Parfait USER_ABP!\"}]}]', 0),
('cld1sggwk2800tskwddfr1q86', 'cld1sglhd2816tskwqal9mq66', NULL, '[{\"type\": \"paragraph\", \"children\": [{\"text\": \"Pouvez maintenant me donnée le nom complet du client ?\"}]}]', 0),
('cld1skkqz3437tskw8xtep5r0', 'cld1sl0id3500tskweij15jqc', NULL, '[{\"type\": \"paragraph\", \"children\": [{\"text\": \"Veuillez svp me donner l\'age de USER_RE ?\"}]}]', 0),
('cld1sojke3603tskwfrc4mhww', 'cld1sp0xe3616tskw919qpkh6', NULL, '[{\"type\": \"paragraph\", \"children\": [{\"text\": \"J\'aurez également besoin du \"}, {\"bold\": true, \"text\": \"montant de la cotisation\"}]}, {\"type\": \"paragraph\", \"children\": [{\"text\": \"Merci de le renseigner svp !\"}]}]', 0),
('cld1sqljh3748tskwabmtyqtp', 'cld1sr04e3770tskwyeaukxwh', NULL, '[{\"type\": \"paragraph\", \"children\": [{\"text\": \"Quelle serait alors la \"}, {\"bold\": true, \"text\": \"durée de la cotisation\"}, {\"text\": \" ?\"}]}]', 0),
('cld1sv2vl3909tskwe2rclg9q', 'cld1sz30m4057tskw5pt36ceq', NULL, '[{\"type\": \"paragraph\", \"children\": [{\"text\": \"Pour terminer votre parcours, merci de me renseigner la \"}, {\"bold\": true, \"text\": \"périodicite du prime\"}]}]', 0),
('cld1we5ed0219xukwhvlmzrat', 'cld1wevf30250xukwv19d5vzv', NULL, '[{\"type\": \"paragraph\", \"children\": [{\"text\": \"Veuillez svp renseigner le \"}, {\"bold\": true, \"text\": \"coût de la police\"}]}]', 0),
('cld1xvo5c8050xukwnxjm733p', 'cld1xwr3t8092xukwtuu8vwaw', NULL, '[{\"type\": \"paragraph\", \"children\": [{\"text\": \"Bonjour \"}, {\"bold\": true, \"text\": \"USER_ABP,\"}, {\"text\": \" \"}]}, {\"type\": \"paragraph\", \"children\": [{\"text\": \"je suis \"}, {\"bold\": true, \"text\": \"AWA\", \"italic\": true, \"underline\": true}, {\"text\": \", l\'intelligence artificielle de \"}, {\"bold\": true, \"text\": \"ProAssur\"}, {\"text\": \" qui accompagne \"}, {\"bold\": true, \"text\": \"PARTENAIRE_ABP\"}, {\"text\": \" sur l’\"}, {\"bold\": true, \"text\": \"acquisition de votre police d\'assurance\"}]}]', 0),
('cld1xwd858076xukwzofi6p2y', 'cld1xwr3t8092xukwtuu8vwaw', NULL, '[{\"type\": \"paragraph\", \"children\": [{\"text\": \"Veuillez svp renseigner\"}, {\"bold\": true, \"text\": \" votre nom complet !\"}]}]', 0),
('cld1xyng78188xukww5xida7l', 'cld1y0zn58286xukw1blrrhtc', NULL, '[{\"type\": \"paragraph\", \"children\": [{\"text\": \"Merci USER_ABP\"}]}]', 0),
('cld1y01be8220xukwqgc2alil', 'cld1y0zn58286xukw1blrrhtc', NULL, '[{\"type\": \"paragraph\", \"children\": [{\"text\": \"Pouvez vous svp me donner le \"}, {\"bold\": true, \"text\": \"capital garantie\"}, {\"text\": \" de \"}, {\"bold\": true, \"text\": \"USER_PE ?\"}]}]', 0),
('cld1y2v0u8408xukwly7pte0c', 'cld1y3ub18457xukwvbxrlcbp', NULL, '[{\"type\": \"paragraph\", \"children\": [{\"text\": \"Quel est l\'âge de \"}, {\"bold\": true, \"text\": \"USER_PE ?\"}]}]', 0),
('cld1y5u328587xukw6mtv7dfs', 'cld1y7z8l8694xukwus3s8yjs', NULL, '[{\"type\": \"paragraph\", \"children\": [{\"text\": \"Merci \"}, {\"bold\": true, \"text\": \"USER_ABP\"}, {\"text\": \" pour ces informations.\"}]}]', 0),
('cld1y6qga8625xukwyvqicd03', 'cld1y7z8l8694xukwus3s8yjs', NULL, '[{\"type\": \"paragraph\", \"children\": [{\"text\": \"Il ne me reste que la \"}, {\"bold\": true, \"text\": \"durée de la cotisation \"}, {\"text\": \"pour terminer la souscription\"}]}]', 0),
('cld1y7e8p8660xukwyaowgpi5', 'cld1y7z8l8694xukwus3s8yjs', NULL, '[{\"type\": \"paragraph\", \"children\": [{\"text\": \"Veuillez svp me renseigner la \"}, {\"bold\": true, \"text\": \"durée de la cotisation \"}, {\"text\": \"?\"}]}]', 0),
('cld202qb000036lkwlv1gzdnf', NULL, NULL, '[{\"type\": \"paragraph\", \"children\": [{\"text\": \"Bonjour,\"}]}, {\"type\": \"paragraph\", \"children\": [{\"text\": \"Avec le simulateur AWA, nous vous proposons le produit « Prévoyance Retraite », un contrat individuel qui vous permet de constituer une épargne en vue du versement à terme d’un capital. Une retraite heureuse commence aussi par des ressources disponibles !\"}]}]', 0),
('cld2056vm01846lkwjf73517f', 'cld206lcl02266lkws5u28b03', NULL, '[{\"type\": \"paragraph\", \"children\": [{\"text\": \"Bonjour,\"}]}, {\"type\": \"paragraph\", \"children\": [{\"text\": \"Avec le simulateur AWA, nous vous proposons le produit « Prévoyance Retraite », un contrat individuel qui vous permet de constituer une épargne en vue du versement à terme d’un capital. Une retraite heureuse commence aussi par des ressources disponibles !\"}]}]', 0),
('cld20669402106lkwem6is5yk', 'cld206lcl02266lkws5u28b03', NULL, '[{\"type\": \"paragraph\", \"children\": [{\"text\": \"Quel est le \"}, {\"bold\": true, \"text\": \"montant de la cotisation\"}, {\"text\": \" ?\"}]}]', 0),
('cld209g5403226lkwrwspue1f', 'cld20bbrl03736lkwjzk65ama', NULL, '[{\"type\": \"paragraph\", \"children\": [{\"text\": \"Quel est votre âge ?\"}]}]', 0),
('cld20b2h403486lkwy337l7hr', NULL, 'cld20bbrl03736lkwjzk65ama', '[{\"type\": \"paragraph\", \"children\": [{\"text\": \"L\'âge est compris entre 18 ans et 65 ans\"}]}]', 0),
('cld20cc0y04786lkwp75vl2ar', 'cld20dpce05006lkwj6i0wo79', NULL, '[{\"type\": \"paragraph\", \"children\": [{\"text\": \"Pendant combien de temps pouvez-vous cotiser ?\"}]}]', 0),
('cld4uomoq2384wm085v489wce', 'cld4usc2o2513wm085adhoikc', NULL, '[{\"type\": \"paragraph\", \"children\": [{\"text\": \"Bonjour,\"}]}, {\"type\": \"paragraph\", \"children\": [{\"text\": \"Avec le simulateur AWA, nous vous proposons le produit « Assurance Santé », un contrat individuel ou famillial qui vous permet de vous assurer ainsi que votre famille !\"}]}]', 0),
('cld4uprb62410wm08wxd7jfbj', 'cld4usc2o2513wm085adhoikc', NULL, '[{\"type\": \"paragraph\", \"children\": [{\"text\": \"Veuillez sélectionnez l\'\"}, {\"bold\": true, \"text\": \"option choisie\"}]}]', 0),
('cld4uw6of2649wm08la12azkb', 'cld4uxcb02671wm081ysv8des', NULL, '[{\"type\": \"paragraph\", \"children\": [{\"text\": \"Voulez vous assurer des \"}, {\"bold\": true, \"text\": \"enfants\"}, {\"text\": \"? \"}]}, {\"type\": \"paragraph\", \"children\": [{\"text\": \"Si oui, renseigner le nombre.\"}]}, {\"type\": \"paragraph\", \"children\": [{\"text\": \"Sinon entrez 0\"}]}]', 0),
('cld4v1kgy2783wm08b8jx7vjb', 'cld4v1z042805wm08ovw7rtjo', NULL, '[{\"type\": \"paragraph\", \"children\": [{\"text\": \"Voulez-vous assurer des adultes?\"}]}, {\"type\": \"paragraph\", \"children\": [{\"text\": \"Si oui, renseigner le nombre.\"}]}, {\"type\": \"paragraph\", \"children\": [{\"text\": \"Sinon rentrez 0\"}]}]', 0),
('cld95xxa313917f088praag0v', 'cld95z1y114337f08coql1noq', NULL, '[{\"type\": \"paragraph\", \"children\": [{\"text\": \"Bonjour,\"}]}, {\"type\": \"paragraph\", \"children\": [{\"text\": \"Avec le simulateur AWA, nous vous proposons le produit « Habitation », un contrat qui vous permet de de bénificer des garanties de base comme : \"}]}, {\"type\": \"unordered-list\", \"children\": [{\"type\": \"list-item\", \"children\": [{\"type\": \"list-item-content\", \"children\": [{\"text\": \"Incendie / Évènements naturels\"}]}]}, {\"type\": \"list-item\", \"children\": [{\"type\": \"list-item-content\", \"children\": [{\"text\": \"Dégâts des eaux\"}]}]}, {\"type\": \"list-item\", \"children\": [{\"type\": \"list-item-content\", \"children\": [{\"text\": \"Bris de glaces\"}]}]}, {\"type\": \"list-item\", \"children\": [{\"type\": \"list-item-content\", \"children\": [{\"text\": \"Vol\"}]}]}, {\"type\": \"list-item\", \"children\": [{\"type\": \"list-item-content\", \"children\": [{\"text\": \"Responsabilité civile\"}]}]}, {\"type\": \"list-item\", \"children\": [{\"type\": \"list-item-content\", \"children\": [{\"text\": \"Défense Recours\"}]}]}, {\"type\": \"list-item\", \"children\": [{\"type\": \"list-item-content\", \"children\": [{\"text\": \"etc...\"}]}]}]}, {\"type\": \"paragraph\", \"children\": [{\"text\": \"\"}]}]', 0),
('cld95yslt14177f08hxjkjyiz', 'cld95z1y114337f08coql1noq', NULL, '[{\"type\": \"paragraph\", \"children\": [{\"text\": \"Quelle est la \"}, {\"bold\": true, \"text\": \"surface développée\"}, {\"text\": \" ?\"}]}]', 0),
('cld961c6r15327f08unuvhqfe', 'cld961l3a15577f083by37n17', NULL, '[{\"type\": \"paragraph\", \"children\": [{\"text\": \"Quel est le \"}, {\"bold\": true, \"text\": \"capital sur contenu \"}, {\"text\": \"(en FCFA) ?\"}]}]', 0),
('cld964g9517767f08vkzyaete', 'cld9679ds19847f08w4ccvsfp', NULL, '[{\"type\": \"paragraph\", \"children\": [{\"text\": \"Vous pouvez également bénéficier d\'autres garanties supplémentaires\"}]}]', 0),
('cld965o0w18207f081li1y6oc', 'cld9679ds19847f08w4ccvsfp', NULL, '[{\"type\": \"paragraph\", \"children\": [{\"text\": \"Êtes vous intéressé par une \"}, {\"bold\": true, \"text\": \"Assistance à domicile ?\"}]}]', 0),
('cld968ua021347f08alvikm68', 'cld969bjn21777f083q2dzr0l', NULL, '[{\"type\": \"paragraph\", \"children\": [{\"text\": \"Êtes vous intéressé par les \"}, {\"bold\": true, \"text\": \"Dommages aux appareils électriques ?\"}]}]', 0),
('cld96bkgi23467f08r8x4uuay', 'cld96c5bs23867f08xbmdbs6r', NULL, '[{\"type\": \"paragraph\", \"children\": [{\"text\": \"Êtes vous intéressé par un \"}, {\"bold\": true, \"text\": \"Remplacement des serrures (garantie compl. \\\"vol\\\") ?\"}]}]', 0),
('cld96deua25137f08ojewknas', 'cld96dqrd25507f08n3pldhk9', NULL, '[{\"type\": \"paragraph\", \"children\": [{\"text\": \"Êtes vous intéressé par un \"}, {\"bold\": true, \"text\": \"RC Séjour - voyage ?\"}]}]', 0),
('cld96f4px27117f08s68dxpa6', 'cld96fw2s27577f08dgb9sbei', NULL, '[{\"type\": \"paragraph\", \"children\": [{\"text\": \"Êtes vous intéressé par un\"}, {\"bold\": true, \"text\": \" RC Chien (par chien) ?\"}]}]', 0),
('cld96hffy29337f084baqmtft', 'cld96itg529887f086t8n9jz9', NULL, '[{\"type\": \"paragraph\", \"children\": [{\"text\": \"Êtes vous intéressé par un \"}, {\"bold\": true, \"text\": \"RC Chasse (par chasseur amateur) ?\"}]}]', 0),
('cld96kfhr32157f08zklvx8py', 'cld96ku9232557f089kht83vd', NULL, '[{\"type\": \"paragraph\", \"children\": [{\"text\": \"Êtes vous intéressé par \"}, {\"bold\": true, \"text\": \"RC Sports (par sportif amateur) ?\"}]}]', 0),
('cld96n5ap34247f08jjpzqo9p', 'cld96ndyy34437f08a16s2ly9', NULL, '[{\"type\": \"paragraph\", \"children\": [{\"text\": \"Êtes vous intéressé par une \"}, {\"bold\": true, \"text\": \"Assurance scolaire - (par élève) Nombre d\'élèves ?\"}]}]', 0),
('clelvnafz01665kmmmd2updvq', 'clelvq43003365kmmrpv34nw6', NULL, '[{\"type\": \"paragraph\", \"children\": [{\"text\": \"Pour terminer, nous aimerons connaitre le \"}, {\"bold\": true, \"text\": \"type de cotisation\"}]}]', 0);

-- --------------------------------------------------------

--
-- Structure de la table `MethodePaiement`
--

CREATE TABLE `MethodePaiement` (
  `id` varchar(191) COLLATE utf8mb4_unicode_ci NOT NULL,
  `nom` varchar(191) COLLATE utf8mb4_unicode_ci NOT NULL DEFAULT '',
  `image_filesize` int(11) DEFAULT NULL,
  `image_extension` varchar(191) COLLATE utf8mb4_unicode_ci DEFAULT NULL,
  `image_width` int(11) DEFAULT NULL,
  `image_height` int(11) DEFAULT NULL,
  `image_id` varchar(191) COLLATE utf8mb4_unicode_ci DEFAULT NULL,
  `actif` tinyint(1) NOT NULL DEFAULT '1',
  `deleted` tinyint(1) NOT NULL DEFAULT '0',
  `type` enum('PAYPAL_CARTE_CREDIT','WAVE','ORANGE_MONEY','CHEQUE','COMPENSATION','ESPECE','VIREMENT') COLLATE utf8mb4_unicode_ci DEFAULT NULL
) ENGINE=InnoDB DEFAULT CHARSET=utf8mb4 COLLATE=utf8mb4_unicode_ci;

--
-- Déchargement des données de la table `MethodePaiement`
--

INSERT INTO `MethodePaiement` (`id`, `nom`, `image_filesize`, `image_extension`, `image_width`, `image_height`, `image_id`, `actif`, `deleted`, `type`) VALUES
('cld7spv6u009070mm7cgg98mk', 'Compensation', 48929, 'png', 512, 512, 'b5815831-0c4f-4bc7-984b-f5ed23682ff4', 1, 0, 'COMPENSATION'),
('cld7srzvy014970mm8aw01bfz', 'Virement', 52884, 'png', 1280, 994, '7c152ce4-bef7-47de-a9c2-aa7acfdc46bc', 1, 0, 'VIREMENT'),
('cld7stsy5018470mmvsgbbdqw', 'Chèque', 32478, 'jpg', 1025, 468, '44b2c27d-6436-4779-8f55-e25b43b4e97c', 1, 0, 'CHEQUE'),
('cld7sw4h5021170mmtdgwghoc', 'Espéce', 129683, 'jpg', 1200, 630, '71f5c0dc-8ce2-4896-9084-411b05a2b759', 1, 0, 'ESPECE'),
('cld98zud9258507f08m33vrr6e', 'Carte bancaire', 11706, 'jpg', 400, 225, '1063ad37-8ca9-4505-b1c7-3e814c947eb9', 1, 0, 'PAYPAL_CARTE_CREDIT'),
('cleg6y0qk2094b3mma17yn622', 'Wave', 51586, 'jpg', 1213, 670, 'd02e0b44-755b-42a5-896c-b1d9059490e2', 1, 0, 'WAVE');

-- --------------------------------------------------------

--
-- Structure de la table `OptionSelect`
--

CREATE TABLE `OptionSelect` (
  `id` varchar(191) COLLATE utf8mb4_unicode_ci NOT NULL,
  `cle` varchar(191) COLLATE utf8mb4_unicode_ci NOT NULL DEFAULT '',
  `valeur` varchar(191) COLLATE utf8mb4_unicode_ci NOT NULL DEFAULT '',
  `suivant` varchar(191) COLLATE utf8mb4_unicode_ci DEFAULT NULL,
  `elementForm` varchar(191) COLLATE utf8mb4_unicode_ci DEFAULT NULL,
  `champFormulaire` varchar(191) COLLATE utf8mb4_unicode_ci DEFAULT NULL,
  `deleted` tinyint(1) NOT NULL DEFAULT '0'
) ENGINE=InnoDB DEFAULT CHARSET=utf8mb4 COLLATE=utf8mb4_unicode_ci;

--
-- Déchargement des données de la table `OptionSelect`
--

INSERT INTO `OptionSelect` (`id`, `cle`, `valeur`, `suivant`, `elementForm`, `champFormulaire`, `deleted`) VALUES
('cl8mbczwy03940c08ergidthw', 'particulier', 'Particulier', 'cl8bphvfi03878l08k8u9ic8z', 'cl8mbczwz03960c08ipkl8jwi', NULL, 0),
('cl8mbe6p407040c08f6peek1n', 'entreprise', 'Entreprise', 'cl8mbgq3l11840c0804p18ttw', 'cl8mbczwz03960c08ipkl8jwi', NULL, 0),
('clclxxaue977603kcsr6s3tjz', 'homme', 'Homme', NULL, 'clclxy3ih983703kc58silq50', NULL, 0),
('clclxxvgs981803kccj8zhyic', 'femme', 'Femme', NULL, 'clclxy3ih983703kc58silq50', NULL, 0),
('cld1sduvi2589tskwjv9ckqtq', 'homme', 'Homme', 'cld1sglhd2816tskwqal9mq66', 'cld1sebt12637tskwuqwiizzc', NULL, 0),
('cld1se4d02615tskwvoht51ud', 'femme', 'Femme', 'cld1sglhd2816tskwqal9mq66', 'cld1sebt12637tskwuqwiizzc', NULL, 0),
('cld1sw0lu3935tskwogp1aqy4', '1', 'Année', NULL, 'cld1sz30m4057tskw5pt36ceq', NULL, 0),
('cld1sx8pk3977tskwxvt6oowe', '2', 'Semestre', NULL, 'cld1sz30m4057tskw5pt36ceq', NULL, 0),
('cld1sxwag4003tskwrdlx4ma9', '4', 'Trimestre', NULL, 'cld1sz30m4057tskw5pt36ceq', NULL, 0),
('cld1syxoe4029tskwmf2c5cs5', '12', 'Mois', NULL, 'cld1sz30m4057tskw5pt36ceq', NULL, 0),
('cld4ur62c2436wm08erkr4wm1', '1', 'SÉNÉGAL 80%', NULL, 'cld4usc2o2513wm085adhoikc', NULL, 0),
('cld4urmz42462wm08s2ab332h', '2', 'SÉNÉGAL 90%', NULL, 'cld4usc2o2513wm085adhoikc', NULL, 0),
('cld4us2oe2488wm08bprgmtjh', '3', 'AFRIQUE UE 100%', NULL, 'cld4usc2o2513wm085adhoikc', NULL, 0),
('cld6p17gz01920dkcupgciklt', 'Mr', 'Mr', NULL, NULL, 'cld6p29l302420dkcp7snt5hs', 0),
('cld6p1ln502260dkcofugmjok', 'Mme', 'Mme', NULL, NULL, 'cld6p29l302420dkcp7snt5hs', 0),
('cld96630818607f089anuey5c', 'OUI', '1', NULL, NULL, NULL, 0),
('cld966po119097f0889g1ey5y', '1', 'OUI', NULL, NULL, NULL, 0),
('cld966ppg19197f08t4daa68e', '1', 'OUI', NULL, 'cld969bjn21777f083q2dzr0l', NULL, 0),
('cld9671qr19567f08an8h6w0v', '0', 'NON', NULL, 'cld969bjn21777f083q2dzr0l', NULL, 0),
('cld96za73152127f08dnus4340', '1', 'OUI', NULL, 'cld9679ds19847f08w4ccvsfp', NULL, 0),
('cld96zkx7152467f08496c1u90', '0', 'NON', NULL, 'cld9679ds19847f08w4ccvsfp', NULL, 0),
('cld96zzmq158437f08u1riqe0i', '1', 'OUI', NULL, 'cld96c5bs23867f08xbmdbs6r', NULL, 0),
('cld970e1x158777f086eb0cas0', '0', 'NON', NULL, 'cld96c5bs23867f08xbmdbs6r', NULL, 0),
('cld970yeq164747f083hf2oojz', '1', 'OUI', NULL, 'cld96dqrd25507f08n3pldhk9', NULL, 0),
('cld9712ye165087f08x5ipp4bd', '0', 'NON', NULL, 'cld96dqrd25507f08n3pldhk9', NULL, 0),
('clelvo28s02005kmm30m5p5dl', '1', 'Année', NULL, 'clelvq43003365kmmrpv34nw6', NULL, 0),
('clelvpajt02405kmmnenrntqk', '2', 'Semestre', NULL, 'clelvq43003365kmmrpv34nw6', NULL, 0),
('clelvpoee02745kmmd4r0x76j', '4', 'Trimestre', NULL, 'clelvq43003365kmmrpv34nw6', NULL, 0),
('clelvq32y03085kmmiq3yao67', '12', 'Mensuel', NULL, 'clelvq43003365kmmrpv34nw6', NULL, 0),
('clng1wz9n1026x9a4d9n0rycx', 'essence', 'Essence', NULL, NULL, 'clng1yqy81114x9a4tpkcats8', 0),
('clng1ygl51098x9a4pxattvxf', 'gasoil', 'Gasoil', NULL, NULL, 'clng1yqy81114x9a4tpkcats8', 0),
('clnj8f5dp291637zigrox3jkbr4', 'somme 2', 'somme 2', NULL, NULL, 'clnj8f5dv291654zigr21vuc2gu', 0),
('clnj8f5dp291639zigr3mgrfxdv', 'Somme 1', 'Somme 1', NULL, NULL, 'clnj8f5dv291654zigr21vuc2gu', 0);

-- --------------------------------------------------------

--
-- Structure de la table `Paiement`
--

CREATE TABLE `Paiement` (
  `id` varchar(191) COLLATE utf8mb4_unicode_ci NOT NULL,
  `intitule` varchar(191) COLLATE utf8mb4_unicode_ci NOT NULL DEFAULT '',
  `montant` int(11) NOT NULL,
  `date` date NOT NULL,
  `libelle` varchar(191) COLLATE utf8mb4_unicode_ci NOT NULL DEFAULT '',
  `banque` varchar(191) COLLATE utf8mb4_unicode_ci NOT NULL DEFAULT '',
  `numero` varchar(191) COLLATE utf8mb4_unicode_ci NOT NULL DEFAULT '',
  `type` enum('PAYPAL_CARTE_CREDIT','WAVE','ORANGE_MONEY','CHEQUE','COMPENSATION','ESPECE','VIREMENT') COLLATE utf8mb4_unicode_ci DEFAULT NULL,
  `info` json DEFAULT NULL,
  `quittance` varchar(191) COLLATE utf8mb4_unicode_ci DEFAULT NULL,
  `deleted` tinyint(1) NOT NULL DEFAULT '0',
  `ordreCompagnie` tinyint(1) NOT NULL DEFAULT '0'
) ENGINE=InnoDB DEFAULT CHARSET=utf8mb4 COLLATE=utf8mb4_unicode_ci;

--
-- Déchargement des données de la table `Paiement`
--

INSERT INTO `Paiement` (`id`, `intitule`, `montant`, `date`, `libelle`, `banque`, `numero`, `type`, `info`, `quittance`, `deleted`, `ordreCompagnie`) VALUES
('clnerri3u4812z9i4cfaz8581', 'Paiement quittance', 98150, '2023-10-06', '', '', '', 'ESPECE', '{\"date\": \"2023-10-06\", \"type\": \"ESPECE\", \"montant\": 98150, \"intitule\": \"Paiement quittance\"}', 'clnerrj8z4895z9i47ry8q4x1', 0, 0),
('clng1jouk45672gsi4tb0vaszq', 'Paiement quittance', 48453, '2023-10-07', '', '', '', 'ESPECE', '{\"date\": \"2023-10-07\", \"type\": \"ESPECE\", \"montant\": 48453, \"intitule\": \"Paiement quittance\"}', NULL, 0, 0),
('clng2ck1c23329x9a4bewmwq0b', 'Paiement quittance', 48453, '2023-10-07', '', '', '', 'ESPECE', '{\"date\": \"2023-10-07\", \"type\": \"ESPECE\", \"montant\": 48453, \"intitule\": \"Paiement quittance\"}', 'clng2clpz23476x9a499lql4ag', 0, 0),
('clnhordkq175719x9a4jw0jj7bg', 'Paiement quittance', 90470, '2023-10-08', '', '', '', 'ESPECE', '{\"date\": \"2023-10-08\", \"type\": \"ESPECE\", \"montant\": 90470, \"intitule\": \"Paiement quittance\"}', 'clnhoresc175766x9a4sogcv862', 0, 0),
('clnj8gwo7291713zigr4bh9mij0', 'Paiement quittance', 3, '2023-10-09', '', '', '', 'ESPECE', '{\"date\": \"2023-10-09\", \"type\": \"ESPECE\", \"montant\": 3, \"intitule\": \"Paiement quittance\"}', 'clnj8gy0b291786zigrwgr4f5al', 0, 0),
('clnk6njd7323668zigrz1hz78cs', 'Paiement quittance', 48300, '2023-10-10', '', '', '', 'ESPECE', '{\"date\": \"2023-10-10\", \"type\": \"ESPECE\", \"montant\": 48300, \"intitule\": \"Paiement quittance\"}', 'clnk6nlis323741zigrmfj4ua8k', 0, 0),
('clnkjr5jr5172p4a49yg0x365', 'Paiement quittance', 108340, '2023-10-10', '', 'CBAO', '645789087989783', 'CHEQUE', '{\"date\": \"2023-10-10\", \"type\": \"CHEQUE\", \"banque\": \"CBAO\", \"numero\": \"645789087989783\", \"montant\": 108340, \"intitule\": \"Paiement quittance\", \"ordreCompagnie\": true}', NULL, 0, 1),
('clnkk8lqi5276i5a4xpnqxoh1', 'Paiement quittance', 98400, '2023-10-10', 'Test', '', '', 'COMPENSATION', '{\"date\": \"2023-10-10\", \"type\": \"COMPENSATION\", \"libelle\": \"Test\", \"montant\": 98400, \"intitule\": \"Paiement quittance\"}', NULL, 0, 0),
('clnkkec8d11462i5a44j92vgwh', 'Paiement quittance', 97900, '2023-10-10', '', 'CBAO', '645789087989', 'CHEQUE', '{\"date\": \"2023-10-10\", \"type\": \"CHEQUE\", \"banque\": \"CBAO\", \"numero\": \"645789087989\", \"montant\": 97900, \"intitule\": \"Paiement quittance\", \"ordreCompagnie\": true}', NULL, 0, 1),
('clnkkv15022609i5a40ia8dl5a', 'Paiement quittance', 3, '2023-10-10', '', 'CBAO', '645789087989', 'CHEQUE', '{\"date\": \"2023-10-10\", \"type\": \"CHEQUE\", \"banque\": \"CBAO\", \"numero\": \"645789087989\", \"montant\": 3, \"intitule\": \"Paiement quittance\", \"ordreCompagnie\": false}', 'clnkkv85u22682i5a449ehye1l', 0, 0),
('clnkkxs4o25978i5a49wpfnjfn', 'Paiement quittance', 3, '2023-10-10', '', 'CBAO', '', 'VIREMENT', '{\"date\": \"2023-10-10\", \"type\": \"VIREMENT\", \"banque\": \"CBAO\", \"montant\": 3, \"intitule\": \"Paiement quittance\"}', 'clnkkxtgy26051i5a4yhyeo4hp', 0, 0);

-- --------------------------------------------------------

--
-- Structure de la table `Partenaire`
--

CREATE TABLE `Partenaire` (
  `id` varchar(191) COLLATE utf8mb4_unicode_ci NOT NULL,
  `nom` varchar(191) COLLATE utf8mb4_unicode_ci NOT NULL DEFAULT '',
  `image_filesize` int(11) DEFAULT NULL,
  `actif` tinyint(1) NOT NULL DEFAULT '1',
  `image_extension` varchar(191) COLLATE utf8mb4_unicode_ci DEFAULT NULL,
  `image_height` int(11) DEFAULT NULL,
  `image_id` varchar(191) COLLATE utf8mb4_unicode_ci DEFAULT NULL,
  `image_width` int(11) DEFAULT NULL,
  `deleted` tinyint(1) NOT NULL DEFAULT '0'
) ENGINE=InnoDB DEFAULT CHARSET=utf8mb4 COLLATE=utf8mb4_unicode_ci;

--
-- Déchargement des données de la table `Partenaire`
--

INSERT INTO `Partenaire` (`id`, `nom`, `image_filesize`, `actif`, `image_extension`, `image_height`, `image_id`, `image_width`, `deleted`) VALUES
('clcw30mjj0414p708wl6ugygk', 'Outarde', 9123, 1, 'png', 180, '91e71eb6-224b-48da-8d2e-b7d9dfd64c26', 258, 0),
('cld4y5hwl397829085r6w4vt4', 'LBA', 64895, 1, 'png', 464, 'e3613341-694d-4b64-ac77-5f79781da329', 1998, 0);

-- --------------------------------------------------------

--
-- Structure de la table `Police`
--

CREATE TABLE `Police` (
  `id` varchar(191) COLLATE utf8mb4_unicode_ci NOT NULL,
  `police` varchar(191) COLLATE utf8mb4_unicode_ci NOT NULL DEFAULT '',
  `derniereDateModif` datetime(3) DEFAULT NULL,
  `compagnie` varchar(191) COLLATE utf8mb4_unicode_ci DEFAULT NULL,
  `client` varchar(191) COLLATE utf8mb4_unicode_ci DEFAULT NULL,
  `apporteur` varchar(191) COLLATE utf8mb4_unicode_ci DEFAULT NULL,
  `risque` varchar(191) COLLATE utf8mb4_unicode_ci DEFAULT NULL,
  `deleted` tinyint(1) NOT NULL DEFAULT '0',
  `infoPolice` json DEFAULT NULL
) ENGINE=InnoDB DEFAULT CHARSET=utf8mb4 COLLATE=utf8mb4_unicode_ci;

--
-- Déchargement des données de la table `Police`
--

INSERT INTO `Police` (`id`, `police`, `derniereDateModif`, `compagnie`, `client`, `apporteur`, `risque`, `deleted`, `infoPolice`) VALUES
('clnerrj8c4859z9i4p3429bc5', '123456789', NULL, 'clmfhza9y794138qgu0ehp2ulb', 'clneo6cdp968943ti4gutpgw6s', 'clmfh9jof791438qgu2sr69cb4', 'cln973cz767325kgnz1snu2bz', 0, '[]'),
('clnesyumz197904z9i4kvk7omab', '1234567778', NULL, 'clmfhza9y794138qgu0ehp2ulb', 'clnesr2p9131942z9i4lim41mdj', 'clmfh9jof791438qgu2sr69cb4', 'cln973cz767325kgnz1snu2bz', 0, '[]'),
('clng2clpe23432x9a43y5zvzs3', '90080/0079394', NULL, 'clmfhzaci797588qgu65rckg38', 'clneo61f8418123ti4suq1w0r2', 'clmfh9jof791438qgu2sr69cb4', 'cln973czr67845kgnuchaklk0', 0, '[]'),
('clnhorerj175738x9a4lmsgnm4p', '90080/345675867', '2023-10-08 16:42:48.305', 'clmfhzaci797588qgu65rckg38', 'clneo5x9j126563ti4yetsuehj', 'clmfh9jof791438qgu2sr69cb4', 'cln973cz767325kgnz1snu2bz', 0, '[]'),
('clnk6nlhm323694zigrxo3hjdak', '90080/56476587', NULL, 'clmfhzaci797588qgu65rckg38', 'clneo604v339933ti46d69fr7p', 'clmfh9jof791438qgu2sr69cb4', 'cln973dj784385kgny51cfsrd', 0, '[]'),
('clnkkdygy11418i5a4f4qdg352', '0002/6758768', NULL, 'clmfhza9p793988qgu23pycfsm', 'clneo6cdp968943ti4gutpgw6s', 'clmfh9jof791438qgu2sr69cb4', 'cln973d2j70445kgn5ta6wt4x', 0, '[]'),
('clnkkgj1h16545i5a4r594r4q0', '0002/56747655', NULL, 'clmfhza9p793988qgu23pycfsm', 'clneo5w9f42563ti44wejwszj', 'clmfhakcn791558qguw26hv7qa', 'cln973d2j70445kgn5ta6wt4x', 0, '[]'),
('clnkkv85022635i5a479p3nrws', '0002/587698', NULL, 'clmfhza9p793988qgu23pycfsm', 'clneo61d4414313ti49vh77ai7', 'clmfh9jof791438qgu2sr69cb4', 'cln973d2j70445kgn5ta6wt4x', 0, '[]'),
('clnkkxtft26004i5a4crlo0s4u', '0002/5675875689', NULL, 'clmfhza9p793988qgu23pycfsm', 'clneo616j403873ti4v7um31vt', 'clmfh9jof791438qgu2sr69cb4', 'cln973d2j70445kgn5ta6wt4x', 0, '[]');

-- --------------------------------------------------------

--
-- Structure de la table `Post`
--

CREATE TABLE `Post` (
  `id` varchar(191) COLLATE utf8mb4_unicode_ci NOT NULL,
  `title` varchar(191) COLLATE utf8mb4_unicode_ci NOT NULL DEFAULT '',
  `status` varchar(191) COLLATE utf8mb4_unicode_ci DEFAULT 'draft',
  `content` json NOT NULL,
  `publishDate` datetime(3) DEFAULT NULL,
  `author` varchar(191) COLLATE utf8mb4_unicode_ci DEFAULT NULL,
  `deleted` tinyint(1) NOT NULL DEFAULT '0'
) ENGINE=InnoDB DEFAULT CHARSET=utf8mb4 COLLATE=utf8mb4_unicode_ci;

-- --------------------------------------------------------

--
-- Structure de la table `Quittance`
--

CREATE TABLE `Quittance` (
  `id` varchar(191) COLLATE utf8mb4_unicode_ci NOT NULL,
  `police` varchar(191) COLLATE utf8mb4_unicode_ci DEFAULT NULL,
  `dateCreation` date DEFAULT NULL,
  `dateEffet` date DEFAULT NULL,
  `dateEcheance` date DEFAULT NULL,
  `primeNette` int(11) DEFAULT NULL,
  `accessoire` int(11) DEFAULT NULL,
  `taxe` int(11) DEFAULT NULL,
  `primeTotale` int(11) DEFAULT NULL,
  `avenant` varchar(191) COLLATE utf8mb4_unicode_ci DEFAULT NULL,
  `deleted` tinyint(1) NOT NULL DEFAULT '0',
  `numero` varchar(191) COLLATE utf8mb4_unicode_ci NOT NULL DEFAULT '',
  `derniereDateModif` datetime(3) DEFAULT NULL,
  `observation` varchar(191) COLLATE utf8mb4_unicode_ci NOT NULL DEFAULT '',
  `factureClient` varchar(191) COLLATE utf8mb4_unicode_ci NOT NULL DEFAULT '',
  `factureCompagnie` varchar(191) COLLATE utf8mb4_unicode_ci NOT NULL DEFAULT '',
  `factureProassur` varchar(191) COLLATE utf8mb4_unicode_ci NOT NULL DEFAULT '',
  `typeRelance` enum('DureeFerme','taciteReconduction') COLLATE utf8mb4_unicode_ci DEFAULT NULL
) ENGINE=InnoDB DEFAULT CHARSET=utf8mb4 COLLATE=utf8mb4_unicode_ci;

--
-- Déchargement des données de la table `Quittance`
--

INSERT INTO `Quittance` (`id`, `police`, `dateCreation`, `dateEffet`, `dateEcheance`, `primeNette`, `accessoire`, `taxe`, `primeTotale`, `avenant`, `deleted`, `numero`, `derniereDateModif`, `observation`, `factureClient`, `factureCompagnie`, `factureProassur`, `typeRelance`) VALUES
('clnerrj8z4895z9i47ry8q4x1', 'clnerrj8c4859z9i4p3429bc5', '2023-10-06', '2023-10-06', '2024-10-07', 89750, 5000, 3400, 98150, 'clmkumfo305129tgs0u4v6y38', 0, '0003/0000000001/10-23', NULL, 'Test', 'quittance_CLIENTclnerrj8z4895z9i47ry8q4x1.pdf', 'quittance_COMPAGNIEclnerrj8z4895z9i47ry8q4x1.pdf', 'quittance_PROASSURclnerrj8z4895z9i47ry8q4x1.pdf', NULL),
('clng2clpz23476x9a499lql4ag', 'clng2clpe23432x9a43y5zvzs3', '2023-10-07', '2023-10-07', '2024-04-06', 38898, 3000, 6555, 48453, 'clmkumfo305129tgs0u4v6y38', 0, '90080/0000000003/10-23', NULL, '', 'quittance_CLIENTclng2clpz23476x9a499lql4ag.pdf', 'quittance_COMPAGNIEclng2clpz23476x9a499lql4ag.pdf', 'quittance_PROASSURclng2clpz23476x9a499lql4ag.pdf', 'DureeFerme'),
('clnhoresc175766x9a4sogcv862', 'clnhorerj175738x9a4lmsgnm4p', '2023-10-08', '2023-10-08', '2023-10-08', 78900, 5000, 6570, 90470, 'clmkumfo305129tgs0u4v6y38', 0, '90080/0000000004/10-23', NULL, 'Test', 'quittance_CLIENTclnhoresc175766x9a4sogcv862.pdf', 'quittance_COMPAGNIEclnhoresc175766x9a4sogcv862.pdf', 'quittance_PROASSURclnhoresc175766x9a4sogcv862.pdf', 'DureeFerme'),
('clnj8gy0b291786zigrwgr4f5al', NULL, '2023-10-09', '2023-10-09', '2024-06-08', 1, 1, 1, 3, 'clnexbuz015941gsi43nd4v5sb', 1, '0003/0000000005/10-23', NULL, 'saos', 'quittance_CLIENTclnj8gy0b291786zigrwgr4f5al.pdf', 'quittance_COMPAGNIEclnj8gy0b291786zigrwgr4f5al.pdf', 'quittance_PROASSURclnj8gy0b291786zigrwgr4f5al.pdf', 'DureeFerme'),
('clnk6nlis323741zigrmfj4ua8k', 'clnk6nlhm323694zigrxo3hjdak', '2023-10-10', '2023-10-10', '2024-02-09', 39000, 5000, 4300, 48300, 'clmkumfo305129tgs0u4v6y38', 0, '90080/0000000006/10-23', NULL, 'Tes', 'quittance_CLIENTclnk6nlis323741zigrmfj4ua8k.pdf', 'quittance_COMPAGNIEclnk6nlis323741zigrmfj4ua8k.pdf', 'quittance_PROASSURclnk6nlis323741zigrmfj4ua8k.pdf', 'DureeFerme'),
('clnkkv85u22682i5a449ehye1l', 'clnkkv85022635i5a479p3nrws', '2023-10-10', '2023-10-10', '2023-10-09', 1, 1, 1, 3, 'clmkumfo305129tgs0u4v6y38', 0, '0002/0000000007/10-23', NULL, 'Test', 'quittance_CLIENTclnkkv85u22682i5a449ehye1l.pdf', 'quittance_COMPAGNIEclnkkv85u22682i5a449ehye1l.pdf', 'quittance_PROASSURclnkkv85u22682i5a449ehye1l.pdf', 'DureeFerme'),
('clnkkxtgy26051i5a4yhyeo4hp', 'clnkkxtft26004i5a4crlo0s4u', '2023-10-10', '2023-10-09', '2024-03-09', 1, 1, 1, 3, 'clmkumfo305129tgs0u4v6y38', 0, '0002/0000000008/10-23', NULL, '', 'quittance_CLIENTclnkkxtgy26051i5a4yhyeo4hp.pdf', 'quittance_COMPAGNIEclnkkxtgy26051i5a4yhyeo4hp.pdf', 'quittance_PROASSURclnkkxtgy26051i5a4yhyeo4hp.pdf', 'DureeFerme');

-- --------------------------------------------------------

--
-- Structure de la table `Risque`
--

CREATE TABLE `Risque` (
  `id` varchar(191) COLLATE utf8mb4_unicode_ci NOT NULL,
  `nom` varchar(191) COLLATE utf8mb4_unicode_ci NOT NULL DEFAULT '',
  `icon` enum('magnifying_glass','right_arrow','right_arrow1','up_arrow','down_arrow','cashback','insurance','house','family','drive','home','heart_beat','fire','briefcase','ring','plane','easy_to_use','policy','contract','fund','group','insurance_1','success','life_insurance','folder','telephone','email','telephone_call','pin','cash_flow','profits','insurance_2','select','meeting','agreement','insurance_agent','tick','money_back','employees','mission','computer','chat','file','plus','shield') COLLATE utf8mb4_unicode_ci NOT NULL,
  `ordre` int(11) NOT NULL,
  `tarif` int(11) NOT NULL,
  `description` varchar(191) COLLATE utf8mb4_unicode_ci NOT NULL DEFAULT '',
  `obligatoire` tinyint(1) NOT NULL DEFAULT '0',
  `actif` tinyint(1) NOT NULL DEFAULT '1',
  `typeFinancement` varchar(191) COLLATE utf8mb4_unicode_ci DEFAULT NULL,
  `image_filename` varchar(191) COLLATE utf8mb4_unicode_ci DEFAULT NULL,
  `image_filesize` int(11) DEFAULT NULL,
  `deleted` tinyint(1) NOT NULL DEFAULT '0'
) ENGINE=InnoDB DEFAULT CHARSET=utf8mb4 COLLATE=utf8mb4_unicode_ci;

--
-- Déchargement des données de la table `Risque`
--

INSERT INTO `Risque` (`id`, `nom`, `icon`, `ordre`, `tarif`, `description`, `obligatoire`, `actif`, `typeFinancement`, `image_filename`, `image_filesize`, `deleted`) VALUES
('cl8ay8pj10187270855wp3shm', 'Décès emprunteur', 'insurance', 1, 1, '', 1, 1, 'cl8ay8pkh01942708ckgeslt5', 'death-qods2GMZjOEBnzoT89.json', 99401, 0),
('cl8ay9etf02662708eap17taz', 'Tous Risques Chantier', 'cashback', 2, 2, '', 0, 1, 'cl8ay8pkh01942708ckgeslt5', 'risque-chantier-YPCdg30BHjgjVfzLQcb.json', 89927, 0),
('cl8aya0ws030027080ic07udk', 'Multirisque du bâtiment', 'house', 3, 3, '', 0, 1, 'cl8ay8pkh01942708ckgeslt5', 'toutrisque-TcaXObf4VwCEVkePT4OO.json', 328176, 0),
('cl8ayagre03342708lfiq6nrv', 'Décennale du bâtiment', 'fire', 4, 4, '', 0, 1, 'cl8ay8pkh01942708ckgeslt5', 'decenal-108lgEQnRNdZgGDWubUu.json', 4570, 0),
('clcl6r7di0663x2kc1flmjnwk', 'Déces dégressif', 'insurance', 1, 1, '', 1, 1, 'cl8ayc7yr073627088x4m591j', 'sablier-xGX4PMAfjcIa411hIL.json', 30326, 0),
('cld1p20zn2962hqkwjnb2ika1', 'Education', 'insurance', 1, 1, '', 1, 1, 'cld1p3klj2987hqkwgd6qr86d', 'education-eXPTvjjHLwwfiFa6txy.json', 352512, 0),
('cld1xsgox7543xukw76utkprc', 'Prévoyance scolaire', 'insurance', 1, 1, '', 1, 1, 'cld1xsgp07547xukw2hy1q73l', 'p-escolaire-80oaxRTFRXnJL7jmhvL.json', 392792, 0),
('cld1zfxx114294xukw2m9prpgr', 'Prévoyance retraite', 'insurance', 1, 1, '', 1, 1, 'cld1zfxzb14307xukwd6v8lqzr', 'olld-man-Z9snMOSMcSmLLr8DVf.json', 21548, 0),
('cld4uetk10157wm08f76yhe0b', 'Santé', 'heart_beat', 1, 1, '', 1, 1, 'cld4uetmt0170wm080bx3kbwc', 'sante-NxOKSaazWt4Qj88CIf.json', 74587, 0),
('cld961v2j15987f08pj1ikyl0', 'Habitation', 'house', 1, 1, '', 1, 1, 'cld4yu4tp50502908dmudp7x8', 'property-JCLlVyVqNx4TzM39hQ9.json', 119988, 0);

-- --------------------------------------------------------

--
-- Structure de la table `RisqueBranche`
--

CREATE TABLE `RisqueBranche` (
  `id` varchar(191) COLLATE utf8mb4_unicode_ci NOT NULL,
  `nom` varchar(191) COLLATE utf8mb4_unicode_ci NOT NULL DEFAULT '',
  `deleted` tinyint(1) NOT NULL DEFAULT '0',
  `branche` varchar(191) COLLATE utf8mb4_unicode_ci DEFAULT NULL
) ENGINE=InnoDB DEFAULT CHARSET=utf8mb4 COLLATE=utf8mb4_unicode_ci;

--
-- Déchargement des données de la table `RisqueBranche`
--

INSERT INTO `RisqueBranche` (`id`, `nom`, `deleted`, `branche`) VALUES
('cln973cy665695kgnyga1r7wr', 'MULTIRISQUE HABITATION', 0, 'cln973cy265575kgnsbyve9s5'),
('cln973cyi66285kgnuo4pcv7g', 'T.P.V.', 0, 'cln973cyf66165kgnrf8oasx5'),
('cln973cyq66805kgnzcurxq4p', 'T.P.M', 0, 'cln973cyf66165kgnrf8oasx5'),
('cln973cz767325kgnz1snu2bz', 'FLOTTE DE VEHICULES', 0, 'cln973cyf66165kgnrf8oasx5'),
('cln973czr67845kgnuchaklk0', 'CATEG 1 PROMENADES AFFAIRES', 0, 'cln973cyf66165kgnrf8oasx5'),
('cln973d0r68365kgnhkjnlsr1', 'DEUX ROUES', 0, 'cln973cyf66165kgnrf8oasx5'),
('cln973d1i68885kgncvalw4zy', 'VEH UTILITAIRE - VEH COM - INF OU = 3T500', 0, 'cln973cyf66165kgnrf8oasx5'),
('cln973d2369405kgng2nc7az0', 'VEH UTILITAIRE - VEH COM - CAROSSERIE TOURISME', 0, 'cln973cyf66165kgnrf8oasx5'),
('cln973d2b69925kgnq4il58rr', 'VEH UTILITAIRE - VEH COM - +3T500', 0, 'cln973cyf66165kgnrf8oasx5'),
('cln973d2j70445kgn5ta6wt4x', 'RISQUES SIMPLES', 0, 'cln973cy265575kgnsbyve9s5'),
('cln973d2q70965kgn4oyomms2', 'MULTIRISQUE PROFESSIONNELLE', 0, 'cln973cy265575kgnsbyve9s5'),
('cln973d3271485kgn879429yw', 'TRANSPORTS POUR PROPRE COMPTE', 0, 'cln973cyf66165kgnrf8oasx5'),
('cln973d3b72075kgndj1ohheo', 'RC DIVERSES', 0, 'cln973d3871955kgng3kdja5u'),
('cln973d3j72665kgnu1mkcf7e', 'GLOBALE DE BANQUE', 0, 'cln973d3h72545kgns8lkozxz'),
('cln973d3v73575kgn6qw7pn23', 'TAXIS', 0, 'cln973cyf66165kgnrf8oasx5'),
('cln973d4c74555kgnhdf3ndrr', 'TR CHANTIER', 0, 'cln973d4a74435kgnxc6cva09'),
('cln973d4l75145kgnz6uuhtbb', 'VOL EN COFFRE', 0, 'cln973d4j75025kgnjn44wpzr'),
('cln973d5u77295kgnesethiqt', 'TPV AMSA', 0, 'cln973d5n77175kgncvq7x38w'),
('cln973d6j77815kgnr76lx08g', 'INDIVIDUELLE SCOLAIRE GROUP', 0, 'cln973d3871955kgng3kdja5u'),
('cln973dh679505kgnbisa9xt7', 'ENGINS ET VEHICULES SPECIAUX', 0, 'cln973cyf66165kgnrf8oasx5'),
('cln973dhw81265kgn110y6cca', 'FACULTES MARITIMES', 0, 'cln973dhu81145kgnuu1cygez'),
('cln973di781785kgn5pvsrdtw', 'FACULTES TERRESTRES', 0, 'cln973dhu81145kgnuu1cygez'),
('cln973dif82305kgntn2uht0p', 'R.C.DECENNALE', 0, 'cln973d4a74435kgnxc6cva09'),
('cln973dj784385kgny51cfsrd', 'FACULTES AERIENNES', 0, 'cln973dhu81145kgnuu1cygez'),
('cln973djj84975kgne0qzr058', 'MALADIE & HOSPIT. GROUPE', 0, 'cln973djh84855kgntkd6013n'),
('cln973djp85495kgna6koeuwc', 'A.F.P.', 0, 'cln973djh84855kgntkd6013n'),
('cln973dk786795kgnzqh6gmqv', 'TRANSPORT PRIVЙ DE MARCHANDISES', 0, 'cln973cyf66165kgnrf8oasx5'),
('cln973dke87315kgnqn08uc1p', 'TPV CGA', 0, 'cln973d5n77175kgncvq7x38w'),
('cln973dkp87835kgnbcp9noya', 'RC ORGANISATEUR DE MANIFESTATIONS', 0, 'cln973d3871955kgng3kdja5u'),
('cln973dkx88425kgna9fttexp', 'CAUTION', 0, 'cln973dkv88305kgngco60umj'),
('cln973dl589015kgnvj7vr4d3', 'COLLECTIVE ACCIDENTS', 0, 'cln973dl388895kgnsk5oqrss'),
('cln973dlc89535kgnl138ta0r', 'INDIVIDUELLE ACCIDENTS', 0, 'cln973dl388895kgnsk5oqrss'),
('cln973dlj90055kgnzp1q7fmt', 'MULTIRISQUE IMMEUBLE', 0, 'cln973cy265575kgnsbyve9s5'),
('cln973dlu90575kgn2dv12aj1', 'RC COLONIE DE VACANCES', 0, 'cln973d3871955kgng3kdja5u'),
('cln973dm191095kgnkc65tbj8', 'RESPONSABILITЙ CIVILE ASKIA', 0, 'cln973d3871955kgng3kdja5u'),
('cln973dm891615kgncbcgihgk', 'CAUTIONS', 0, 'cln973dkv88305kgngco60umj'),
('cln973dmf92135kgn76hpgv8g', 'TPV ASKIA', 0, 'cln973d5n77175kgncvq7x38w'),
('cln973dmn92725kgndarq581g', 'ASKIA - INTER PARTNER ASSISTANCE', 0, 'cln973dml92605kgn9vzfzvza'),
('cln973dmy93245kgnbui8saz2', 'TRANSPORT DE FONDS ET VALEURS', 0, 'cln973d3h72545kgns8lkozxz'),
('cln973dne93765kgnrx1y7kfh', 'RISQUES SIMPLES OGAR', 0, 'cln973cy265575kgnsbyve9s5'),
('cln973dp394675kgnw4o51y6d', 'RISQUES COMMERCIAUX', 0, 'cln973cy265575kgnsbyve9s5'),
('cln973dpv95195kgnm7v68y6e', 'MULTIRISQUES COMMERCIAUX', 0, 'cln973cy265575kgnsbyve9s5'),
('cln973dqg95715kgnr6ojv2rk', 'RISQUES INDUSTRIELS AXA', 0, 'cln973cy265575kgnsbyve9s5'),
('cln973dqo96235kgnyus5gxkl', 'PERTE EXPLOITATION', 0, 'cln973cy265575kgnsbyve9s5'),
('cln973drh97925kgnqjvyyb8x', 'TRANSPORTS PRIVES', 0, 'cln973cyf66165kgnrf8oasx5'),
('cln973ds699615kgnyn2f3zes', 'RISQUES DIVERS DOMMAGES', 0, 'cln973d3h72545kgns8lkozxz'),
('cln973dsh100135kgn5o3n4agw', 'DEGВTS DES EAUX', 0, 'cln973d3h72545kgns8lkozxz'),
('cln973dso100655kgnq1w2ifie', 'BRIS DE GLACES', 0, 'cln973d3h72545kgns8lkozxz'),
('cln973dsv101175kgnq9ic5itj', 'CORPS MARITIME', 0, 'cln973dhu81145kgnuu1cygez'),
('cln973dt1101695kgncsa9tkmc', 'R.C. ARMATEUR', 0, 'cln973dhu81145kgnuu1cygez'),
('cln973du3104235kgne65majhi', 'AUTO', 0, 'cln973du1104115kgnguezre4p'),
('cln973dx9105605kgnd4917r6f', 'PARTICULIERS', 0, 'cln973dx2105485kgnluqnimkd'),
('cln973e4h106125kgndag7cxdb', 'SOCIETE', 0, 'cln973dx2105485kgnluqnimkd'),
('cln973e4r106715kgn7sh76dm3', 'BONNE GESTION ASSINCO', 0, 'cln973e4o106595kgnp8b4k16k'),
('cln973e4y107235kgnauv899z3', 'GLOBALE DOMMAGES AXA ASSINCO', 0, 'cln973cy265575kgnsbyve9s5'),
('cln973e58107755kgnfelji2ov', 'BRIS DE MACHINES', 0, 'cln973d4j75025kgnjn44wpzr'),
('cln973e5f108275kgnfntbb7om', 'TOUS RISQUES CHANTIERS', 0, 'cln973d4j75025kgnjn44wpzr'),
('cln973e5m108795kgnauslwc52', 'TOUS RISQUES MONTAGES', 0, 'cln973d4j75025kgnjn44wpzr'),
('cln973e5t109315kgn7ywv36qj', 'VOL (PARTICULIERS)', 0, 'cln973d4j75025kgnjn44wpzr'),
('cln973e60109835kgn17otqwvo', 'VOL (SOCIETES)', 0, 'cln973d4j75025kgnjn44wpzr'),
('cln973e6n111135kgnrjsno13r', 'TOUS RISQUES INFORMATIQUES', 0, 'cln973d4j75025kgnjn44wpzr'),
('cln973e6u111655kgnxt1r6blf', 'PE APRES BRIS DE MACHINES', 0, 'cln973d4j75025kgnjn44wpzr'),
('cln973e76112565kgnr671y6k8', 'TIERS CHARGEUR', 0, 'cln973dhu81145kgnuu1cygez'),
('cln973e7d113085kgnt1ub6b32', 'RC PROPRIETAIRE', 0, 'cln973dhu81145kgnuu1cygez'),
('cln973e7o113605kgn9no0m5zq', 'RC AFFRETEUR', 0, 'cln973dhu81145kgnuu1cygez'),
('cln973e7w114125kgnqdus0j2u', 'RC TRANSPORTEUR', 0, 'cln973dhu81145kgnuu1cygez'),
('cln973e83114645kgnpnr6xkfc', 'RISQUES DIVERS', 0, 'cln973d3h72545kgns8lkozxz'),
('cln973e8b115165kgnnwf6yj4w', 'COMPLEMENTAIRE ACC TRAVAIL', 0, 'cln973djh84855kgntkd6013n'),
('cln973e8y116465kgnua9so5eg', 'PROTECTION CREDIT', 0, 'cln973djh84855kgntkd6013n'),
('cln973e95116985kgno95dzjgq', 'ANNUELLE VOYAGE AVION', 0, 'cln973djh84855kgntkd6013n'),
('cln973e9d117505kgn8mvvdp2n', 'INDIVIDUELLE AU VOYAGE', 0, 'cln973djh84855kgntkd6013n'),
('cln973e9j118025kgnbztnsnqd', 'PROTECTION SOCIALE ENTREPRISES', 0, 'cln973djh84855kgntkd6013n'),
('cln973e9r118545kgnc6axn0qg', 'MALADIE & HOSPIT. INDIVIDUELLE', 0, 'cln973djh84855kgntkd6013n'),
('cln973eaa119455kgngjo1amk1', 'HOSPITALISATION INDIVIDUELLE', 0, 'cln973djh84855kgntkd6013n'),
('cln973eah119975kgnpvpw9cd1', 'MALADIE HOSPITALISATION GROUPE', 0, 'cln973djh84855kgntkd6013n'),
('cln973eap120495kgnd9r4w3at', 'COMPLEMENTAIRE MALADIE OCI', 0, 'cln973djh84855kgntkd6013n'),
('cln973eb9121015kgn3qtk1gli', 'ASSURANCE SANTE UNIVERSELLE', 0, 'cln973djh84855kgntkd6013n'),
('cln973ebv121535kgnb3g90kp2', 'RC DIVERSES OGAR', 0, 'cln973d3871955kgng3kdja5u'),
('cln973lqs122055kgnq7phbpmc', 'RC SCOLAIRES OGAR', 0, 'cln973d3871955kgng3kdja5u'),
('cln973lr9122575kgngauq432l', 'RC CHASSE OGAR', 0, 'cln973d3871955kgng3kdja5u'),
('cln973lrt123095kgnbcuam4h8', 'RC EXPLOITATION OGAR', 0, 'cln973d3871955kgng3kdja5u'),
('cln973ls0123615kgnj4bw158l', 'RC ENTREPRISES OGAR', 0, 'cln973d3871955kgng3kdja5u'),
('cln973ls7124135kgneui03jhw', 'RC DIVERSES AXA', 0, 'cln973d3871955kgng3kdja5u'),
('cln973lsi124655kgnge0y7cke', 'RC PROPRIETAIRE IMMEUBLE OGAR', 0, 'cln973d3871955kgng3kdja5u'),
('cln973lsp125175kgnd9lcsrtm', 'RC MEDICALE OGAR', 0, 'cln973d3871955kgng3kdja5u'),
('cln973lsw125695kgniupovxvn', 'RC DIVERSES ASSINCO / ANG', 0, 'cln973d3871955kgng3kdja5u'),
('cln973lt3126215kgnh2i3cvr9', 'RC CHEF DE FAMILLE OGAR', 0, 'cln973d3871955kgng3kdja5u'),
('cln973lte127125kgnp3bacm1n', 'OGAR ASSISTANCE', 0, 'cln973dml92605kgn9vzfzvza'),
('cln973ltn127645kgn7r3duujr', 'AXA ASSISTANCE', 0, 'cln973dml92605kgn9vzfzvza'),
('cln973ltu128165kgnh1i8aa25', 'ASSINCO ASSISTANCE', 0, 'cln973dml92605kgn9vzfzvza'),
('cln973lu1128685kgniknp9dr6', 'ANG ASSISTANCE', 0, 'cln973dml92605kgn9vzfzvza'),
('cln973lu8129205kgny0u9ai4y', 'RESPONSABILITE CIVILE OGAR', 0, 'cln973d3871955kgng3kdja5u'),
('cln973luf129725kgnfp0g16yn', 'CORPS MARITIMES ASSINCO', 0, 'cln973dhu81145kgnuu1cygez'),
('cln973lur130315kgnj9t9jwjt', 'Plaisance ASSINCO', 0, 'cln973luo130195kgn2hu4p2ij'),
('cln973luy130905kgnb6gp6xas', 'ASSURANCE DECES AXA', 0, 'cln973luw130785kgn7nzubwzs'),
('cln973lv5131425kgnzbday8vj', 'PME/PMI OGAR', 0, 'cln973cy265575kgnsbyve9s5'),
('cln973lvc131945kgnlcyv1yvn', 'RISQUES INDUSTRIELS OGAR', 0, 'cln973cy265575kgnsbyve9s5'),
('cln973lvj132465kgn4dcqpfxn', 'RISQUES INDUSTRIELS ASSINCO', 0, 'cln973cy265575kgnsbyve9s5'),
('cln973lvu132985kgntxwwph6l', 'PERTE EXPLOITATION OGAR', 0, 'cln973cy265575kgnsbyve9s5'),
('cln973lw2133505kgnslxkk0js', 'GLOBALE DOMMAGES OGAR', 0, 'cln973cy265575kgnsbyve9s5'),
('cln973lwh134615kgncai0w6dj', 'GLOBALE DOMMAGES ANG', 0, 'cln973cy265575kgnsbyve9s5'),
('cln973lwu135525kgn2yvmz40y', 'RESPONSABILITE CIVILE SCOLAIRE', 0, 'cln973d3871955kgng3kdja5u'),
('cln973lx4136045kgnspnh7e1x', 'RESPONSABILITE CIVILE AXA', 0, 'cln973d3871955kgng3kdja5u'),
('cln973lxb136565kgniuws8237', 'MULTIRISQUES PROFESSIONNELLES AXA', 0, 'cln973cy265575kgnsbyve9s5'),
('cln973lxk137155kgncy8b8mh3', 'HABITATION', 0, 'cln973lxi137035kgnh2npfh3j'),
('cln973lxq137675kgnoz4iyze1', 'AXA I P A', 0, 'cln973dml92605kgn9vzfzvza'),
('cln973lxx138195kgn85u9hrw4', 'RC SCOLAIRE / EXTRASCOLAIRE', 0, 'cln973d3871955kgng3kdja5u'),
('cln973lyn139705kgnvgmnl2jd', 'RC ENTREPRISE', 0, 'cln973d3871955kgng3kdja5u'),
('cln973lz1140615kgnp0gzt3l6', 'AXA - INTER PARTNER ASSISTANCE', 0, 'cln973dml92605kgn9vzfzvza'),
('cln973lz9141205kgn8pck8xlz', 'MORTALITE TOUS RISQUES', 0, 'cln973lz7141085kgny1ac2mm6'),
('cln973m13145625kgnsyympun0', 'TPV CNART', 0, 'cln973d5n77175kgncvq7x38w'),
('cln973m2g148875kgnud8r88l2', 'ASSURANCE VOYAGE', 0, 'cln973djh84855kgntkd6013n'),
('cln973m2t149785kgnh22zf1jr', 'RCCF / VIE PRIVEE', 0, 'cln973d3871955kgng3kdja5u'),
('cln973m3e151085kgnc1q9yp7g', 'INTERNATIONAL SOS', 0, 'cln973dml92605kgn9vzfzvza'),
('cln973m3w152385kgn5ir354p4', 'MALADIE HOSPIT EVASAN', 0, 'cln973djh84855kgntkd6013n'),
('cln973m44152905kgntufffvx2', 'COMPLEMENTAIRE IPM', 0, 'cln973djh84855kgntkd6013n'),
('cln973m4r154205kgnd10r66bv', 'PREVOYANCE DECES GROUPE', 0, 'cln973luw130785kgn7nzubwzs'),
('cln973m4y154725kgng8q65idw', 'CAREC PREVOYANCE COLLECTIVE', 0, 'cln973luw130785kgn7nzubwzs'),
('cln973ndb201275kgn6xz2r9cl', 'MODULES TARIFICATION', 0, 'cln973e4o106595kgnp8b4k16k'),
('cln973ndh201795kgn2lcsg76p', 'CREDIT INTERIEUR CA GLOBAL', 0, 'cln973dkv88305kgngco60umj'),
('cln973nds202315kgn1h4ci7ny', 'CREDIT INTERIEUR CA PARTIEL', 0, 'cln973dkv88305kgngco60umj'),
('cln973ndz202835kgn36ghgf8d', 'CREDIT INTERIEUR INDIVIDUEL', 0, 'cln973dkv88305kgngco60umj'),
('cln973ne6203355kgnkuswwsb6', 'CREDIT EXPORT - RISQUE POLITIQUE - CA GLOBAL', 0, 'cln973dkv88305kgngco60umj'),
('cln973nec203875kgn0q6t8twl', 'CREDIT EXPORT - RISQUE COMMERCIAL - CA GLOBAL', 0, 'cln973dkv88305kgngco60umj'),
('cln973nej204395kgny8itu37b', 'CREDIT EXPORT - RISQUES MIXTES - CA PARTIEL', 0, 'cln973dkv88305kgngco60umj'),
('cln973nev204915kgny8jopn85', 'CREDIT EXPORT - RISQUE POLITIQUE - CA PARTIEL', 0, 'cln973dkv88305kgngco60umj'),
('cln973nf2205435kgnmgtsfjim', 'CREDIT EXPORT - RISQUE POLITIQUE - INDIVIDUEL', 0, 'cln973dkv88305kgngco60umj'),
('cln973nf9205955kgn4253u2ks', 'CREDIT EXPORT - RISQUE COMMERCIAL - CA PARTIEL', 0, 'cln973dkv88305kgngco60umj'),
('cln973nfg206475kgnpd4w3asr', 'CREDIT EXPORT - RISQUE COMMERCIAL - INDIVIDUEL', 0, 'cln973dkv88305kgngco60umj'),
('cln973nfn206995kgns9mu4d7t', 'CREDIT EXPORT - RISQUES MIXTES - CA GLOBAL', 0, 'cln973dkv88305kgngco60umj'),
('cln973ng1207715kgntqa0zc9h', 'CREDIT EXPORT - RISQUES MIXTES - INDIVIDUEL', 0, 'cln973dkv88305kgngco60umj'),
('cln973ng9208235kgndevg296a', 'ACHETEUR PUBLIC - RISQUE POLITIQUE - GLOBAL', 0, 'cln973dkv88305kgngco60umj'),
('cln973niz208755kgnc3tk0hk2', 'ACHETEUR PUBLIC - RISQUE POLITIQUE - INDIVIDUEL', 0, 'cln973dkv88305kgngco60umj'),
('cln973nq1209275kgn3joobw37', 'ASSURANCE PERTE DE LOYERS', 0, 'cln973dkv88305kgngco60umj'),
('cln973nqh210185kgn85emd5l7', 'GLOBAL CREDIT BANCAIRE', 0, 'cln973dkv88305kgngco60umj'),
('cln973nqt211095kgnfss8jr4f', 'CAPACITE FINANCIERE', 0, 'cln973dkv88305kgngco60umj'),
('cln973nr5212005kgn1726j3we', 'RETRAITE PURE', 0, 'cln973luw130785kgn7nzubwzs'),
('cln973nrg212525kgnjj343leu', 'MIXTE INDIVIDUEL', 0, 'cln973luw130785kgn7nzubwzs'),
('cln973nro213045kgnbyaxyu7l', 'FAUSSE MIXTE INDIVIDUEL', 0, 'cln973luw130785kgn7nzubwzs'),
('cln973nrv213565kgn07qcair5', 'EPARGNE INDIVIDUELLE', 0, 'cln973luw130785kgn7nzubwzs'),
('cln973ns3214085kgn538np6ah', 'DECES INDIVIDUEL', 0, 'cln973luw130785kgn7nzubwzs');

-- --------------------------------------------------------

--
-- Structure de la table `Souscription`
--

CREATE TABLE `Souscription` (
  `id` varchar(191) COLLATE utf8mb4_unicode_ci NOT NULL,
  `date` date DEFAULT NULL,
  `price` double DEFAULT NULL,
  `resultat` json DEFAULT NULL,
  `output` json DEFAULT NULL,
  `agent` varchar(191) COLLATE utf8mb4_unicode_ci DEFAULT NULL,
  `partenaire` varchar(191) COLLATE utf8mb4_unicode_ci DEFAULT NULL,
  `typeFinancement` varchar(191) COLLATE utf8mb4_unicode_ci DEFAULT NULL,
  `status` enum('EN_COURS','VALIDE','REFUSER') COLLATE utf8mb4_unicode_ci DEFAULT 'EN_COURS',
  `infoClient` json DEFAULT NULL,
  `methodePaiement` varchar(191) COLLATE utf8mb4_unicode_ci DEFAULT NULL,
  `contrat` varchar(191) COLLATE utf8mb4_unicode_ci NOT NULL DEFAULT '',
  `deleted` tinyint(1) NOT NULL DEFAULT '0'
) ENGINE=InnoDB DEFAULT CHARSET=utf8mb4 COLLATE=utf8mb4_unicode_ci;

--
-- Déchargement des données de la table `Souscription`
--

INSERT INTO `Souscription` (`id`, `date`, `price`, `resultat`, `output`, `agent`, `partenaire`, `typeFinancement`, `status`, `infoClient`, `methodePaiement`, `contrat`, `deleted`) VALUES
('cld1yayxv9948xukw7plb58t8', '2023-01-18', 817975.0259459757, '[{\"cle\": \"Nom de l\'assuré\", \"valeur\": \"Fallou Séne\"}, {\"cle\": \"Age du cotisant\", \"valeur\": \"20\"}, {\"cle\": \"Capital\", \"valeur\": \"30000000\"}, {\"cle\": \"Durée de la cotisation\", \"valeur\": \"10\"}]', '[{\"cle\": \"Capital Garanti en XOF\", \"valeur\": \"30000000\"}, {\"cle\": \"Âge du cotisant\", \"valeur\": \"20\"}, {\"cle\": \"Durée de la cotisation\", \"valeur\": \"10\"}, {\"cle\": \"Prime en XOF\", \"valeur\": \"817975.0259459757\"}]', 'cl8ay6m4400652708ejlbgp9k', 'clcw30mjj0414p708wl6ugygk', 'cld1xsgp07547xukw2hy1q73l', 'VALIDE', NULL, NULL, '', 0),
('cld20k24r25176lkww56fqniq', '2023-01-18', 658601.8627889293, '[{\"cle\": \"Capital garanti\", \"valeur\": \"20000000\"}, {\"cle\": \"Age du cotisant\", \"valeur\": \"29\"}, {\"cle\": \"Durée de la cotisation\", \"valeur\": \"10\"}]', '[{\"cle\": \"Capital Garanti\", \"valeur\": \"20000000\"}, {\"cle\": \"Age du cotisant\", \"valeur\": \"29\"}, {\"cle\": \"Durée de la cotisation\", \"valeur\": \"10\"}, {\"cle\": \"Prime\", \"valeur\": \"658601.8627889293\"}]', 'cl8ay6m4400652708ejlbgp9k', 'clcw30mjj0414p708wl6ugygk', 'cld1zfxzb14307xukwd6v8lqzr', 'EN_COURS', NULL, NULL, '', 0),
('cld80i6wk210713umm6btw9fwu', '2023-01-22', 9879027.94183394, '[{\"cle\": \"Capital garanti\", \"valeur\": \"300000000\"}, {\"cle\": \"Age du cotisant\", \"valeur\": \"29\"}, {\"cle\": \"Durée de la cotisation\", \"valeur\": \"10\"}]', '[{\"cle\": \"Capital Garanti\", \"valeur\": \"300000000\"}, {\"cle\": \"Age du cotisant\", \"valeur\": \"29\"}, {\"cle\": \"Durée de la cotisation\", \"valeur\": \"10\"}, {\"cle\": \"Prime\", \"valeur\": \"9879027.94183394\"}]', 'cl8ay6m4400652708ejlbgp9k', 'clcw30mjj0414p708wl6ugygk', 'cld1zfxzb14307xukwd6v8lqzr', 'EN_COURS', NULL, NULL, '', 0),
('cld81whbk09700qmmj13ab3m0', '2023-01-23', 9879027941.833939, '[{\"cle\": \"Capital garanti\", \"valeur\": \"300000000000\"}, {\"cle\": \"Age du cotisant\", \"valeur\": \"29\"}, {\"cle\": \"Durée de la cotisation\", \"valeur\": \"10\"}]', '[{\"cle\": \"Capital Garanti\", \"valeur\": \"300000000000\"}, {\"cle\": \"Age du cotisant\", \"valeur\": \"29\"}, {\"cle\": \"Durée de la cotisation\", \"valeur\": \"10\"}, {\"cle\": \"Prime\", \"valeur\": \"9879027941.833939\"}]', 'cl8ay6m4400652708ejlbgp9k', 'clcw30mjj0414p708wl6ugygk', 'cld1zfxzb14307xukwd6v8lqzr', 'VALIDE', '[{\"cle\": \"Prénom du client\", \"valeur\": \"Mbaye\"}, {\"cle\": \"Nom du client\", \"valeur\": \"DIOP\"}, {\"cle\": \"Civilité\", \"valeur\": \"Mr\"}, {\"cle\": \"Date de naissance\", \"valeur\": \"1993-10-21\"}, {\"cle\": \"Adresse du client\", \"valeur\": \"Malika\"}]', NULL, '', 0),
('cld820blw12490qmmhmc0xv1l', '2023-01-23', 9879027941.833939, '[{\"cle\": \"Capital garanti\", \"valeur\": \"300000000000\"}, {\"cle\": \"Age du cotisant\", \"valeur\": \"29\"}, {\"cle\": \"Durée de la cotisation\", \"valeur\": \"10\"}]', '[{\"cle\": \"Capital Garanti\", \"valeur\": \"300000000000\"}, {\"cle\": \"Age du cotisant\", \"valeur\": \"29\"}, {\"cle\": \"Durée de la cotisation\", \"valeur\": \"10\"}, {\"cle\": \"Prime\", \"valeur\": \"9879027941.833939\"}]', 'cl8ay6m4400652708ejlbgp9k', 'clcw30mjj0414p708wl6ugygk', 'cld1zfxzb14307xukwd6v8lqzr', 'REFUSER', '[{\"cle\": \"Prénom du client\", \"valeur\": \"Mbaye\"}, {\"cle\": \"Nom du client\", \"valeur\": \"DIOP\"}, {\"cle\": \"Civilité\", \"valeur\": \"Mr\"}, {\"cle\": \"Date de naissance\", \"valeur\": \"1993-10-21\"}, {\"cle\": \"Adresse du client\", \"valeur\": \"Malika\"}]', NULL, '', 0),
('cld85e7at14613gmmnta0dp3m', '2023-01-23', 1228308.073901994, '[{\"cle\": \"Genre\", \"valeur\": \"Homme\"}, {\"cle\": \"Nom de l\'assuré\", \"valeur\": \"Saliou Sall\"}, {\"cle\": \"Age de l\'assuré\", \"valeur\": \"20\"}, {\"cle\": \"Capital\", \"valeur\": \"780000000\"}, {\"cle\": \"Durée du ptêt\", \"valeur\": \"5\"}, {\"cle\": \"Coût de la police\", \"valeur\": \"250000\"}, {\"cle\": \"Taux bancaire annuel\", \"valeur\": \"8.5\"}]', '[{\"cle\": \"COUT DE LA POLICE \", \"valeur\": \"250000\"}, {\"cle\": \"TAUX_BANCAIRE_ANNUEL \", \"valeur\": \"8.5\"}, {\"cle\": \"CAPITAL \", \"valeur\": \"780000000\"}, {\"cle\": \"DUREE\", \"valeur\": \"5\"}, {\"cle\": \"AGE DE L\'ASSURE \", \"valeur\": \"20\"}, {\"cle\": \"PRIME PURE \", \"valeur\": \"3049197.866504238\"}, {\"cle\": \"FRAIS DE GESTION \", \"valeur\": \"1875627.8176982538\"}, {\"cle\": \"FRAIS ACQUISITION \", \"valeur\": \"858304.2807004154\"}, {\"cle\": \"PRIME COMMERCIALE  UNIQUE \", \"valeur\": \"5722028.538002769\"}, {\"cle\": \"PRIME ANNUELLE\", \"valeur\": \"1228308.0739019944\"}]', 'cl8ay6m4400652708ejlbgp9k', 'clcw30mjj0414p708wl6ugygk', 'cl8ayc7yr073627088x4m591j', 'EN_COURS', '[{\"cle\": \"Prénom du client\", \"valeur\": \"Saliou\"}, {\"cle\": \"Nom du client\", \"valeur\": \"Sall\"}, {\"cle\": \"Civilité\", \"valeur\": \"Mr\"}, {\"cle\": \"Date de naissance\", \"valeur\": \"2012-06-13\"}, {\"cle\": \"Adresse du client\", \"valeur\": \"Malika sur mer\"}]', NULL, '', 0),
('cld85jr0o35323gmmtz4pyc8w', '2023-01-23', 865215564.8776811, '[{\"cle\": \"Nom de l\'assuré\", \"valeur\": \"Ken begoul Diop\"}, {\"cle\": \"Age du cotisant\", \"valeur\": \"21\"}, {\"cle\": \"Capital\", \"valeur\": \"50000000000\"}, {\"cle\": \"Durée de la cotisation\", \"valeur\": \"6\"}]', '[{\"cle\": \"Capital Garanti en XOF\", \"valeur\": \"50000000000\"}, {\"cle\": \"Âge du cotisant\", \"valeur\": \"21\"}, {\"cle\": \"Durée de la cotisation\", \"valeur\": \"6\"}, {\"cle\": \"Prime en XOF\", \"valeur\": \"865215564.8776811\"}]', 'cl8ay6m4400652708ejlbgp9k', 'clcw30mjj0414p708wl6ugygk', 'cld1xsgp07547xukw2hy1q73l', 'VALIDE', '[{\"cle\": \"Prénom du client\", \"valeur\": \"Ken Begoul\"}, {\"cle\": \"Nom du client\", \"valeur\": \"DIOP\"}, {\"cle\": \"Civilité\", \"valeur\": \"Mr\"}, {\"cle\": \"Date de naissance\", \"valeur\": \"2002-06-23\"}, {\"cle\": \"Adresse du client\", \"valeur\": \"Malika\"}]', 'cld7srzvy014970mm8aw01bfz', '', 0),
('cld9fja3h4093gj085be7rwct', '2023-01-23', 1182042.497664528, '[{\"cle\": \"Nom de l\'assuré\", \"valeur\": \"Ouseynou Sylla\"}, {\"cle\": \"Age du cotisant\", \"valeur\": \"25\"}, {\"cle\": \"Capital\", \"valeur\": \"40000000\"}, {\"cle\": \"Durée de la cotisation\", \"valeur\": \"10\"}]', '[{\"cle\": \"Capital Garanti en XOF\", \"valeur\": \"40000000\"}, {\"cle\": \"Âge du cotisant\", \"valeur\": \"25\"}, {\"cle\": \"Durée de la cotisation\", \"valeur\": \"10\"}, {\"cle\": \"Prime en XOF\", \"valeur\": \"1182042.4976645284\"}]', 'cl8ay6m4400652708ejlbgp9k', 'clcw30mjj0414p708wl6ugygk', 'cld1xsgp07547xukw2hy1q73l', 'EN_COURS', '[{\"cle\": \"Prénom du client\", \"valeur\": \"Ouseynou\"}, {\"cle\": \"Nom du client\", \"valeur\": \"sylla\"}, {\"cle\": \"Civilité\", \"valeur\": \"Mr\"}, {\"cle\": \"Date de naissance\", \"valeur\": \"1998-06-10\"}, {\"cle\": \"Adresse du client\", \"valeur\": \"Point E\"}]', 'cld7srzvy014970mm8aw01bfz', '', 0),
('cldbq71mz3404fvkcsowrtknt', '2023-01-25', 4818505.364780246, '[{\"cle\": \"Genre\", \"valeur\": \"Homme\"}, {\"cle\": \"Nom complet\", \"valeur\": \"Souleymane Sylla\"}, {\"cle\": \"Age de l\'assuré\", \"valeur\": \"29\"}, {\"cle\": \"Montant de la cotisation\", \"valeur\": \"40000\"}, {\"cle\": \"Durée de la cotisation\", \"valeur\": \"10\"}, {\"cle\": \"Coût de la police\", \"valeur\": \"20000\"}, {\"cle\": \"Périodicité de la prime\", \"valeur\": \"Mois\"}]', '[{\"cle\": \"Cout de la police\", \"valeur\": \"20000\"}, {\"cle\": \"Périodicité Prime (1=An; 2=Sem; 4=Trim; 12=Mois)\", \"valeur\": \"12\"}, {\"cle\": \"MONTANT DE LA  la cotisation\", \"valeur\": \"40000\"}, {\"cle\": \"AGE DE L\'ASSURE\", \"valeur\": \"29\"}, {\"cle\": \"Duré de cotisation\", \"valeur\": \"10\"}, {\"cle\": \"Rente certaine servie sur 5 ans\", \"valeur\": \"877327.1830201332\"}, {\"cle\": \"Capital Equivalent\", \"valeur\": \"4818505.364780246\"}]', 'cl8ay6m4400652708ejlbgp9k', 'clcw30mjj0414p708wl6ugygk', 'cld1p3klj2987hqkwgd6qr86d', 'EN_COURS', '[{\"cle\": \"Prénom du client\", \"valeur\": \"Souleymane\"}, {\"cle\": \"Nom du client\", \"valeur\": \"Sylla\"}, {\"cle\": \"Civilité\", \"valeur\": \"Mr\"}, {\"cle\": \"Date de naissance\", \"valeur\": \"2023-01-26\"}, {\"cle\": \"Adresse du client\", \"valeur\": \"Malika\"}]', 'cld7srzvy014970mm8aw01bfz', '', 0),
('cldbqntmh10227fvkcxeafress', '2023-01-25', 4818505.364780246, '[{\"cle\": \"Genre\", \"valeur\": \"Homme\"}, {\"cle\": \"Nom complet\", \"valeur\": \"Souleymane Sylla\"}, {\"cle\": \"Age de l\'assuré\", \"valeur\": \"29\"}, {\"cle\": \"Montant de la cotisation\", \"valeur\": \"40000\"}, {\"cle\": \"Durée de la cotisation\", \"valeur\": \"10\"}, {\"cle\": \"Coût de la police\", \"valeur\": \"20000\"}, {\"cle\": \"Périodicité de la prime\", \"valeur\": \"Mois\"}]', '[{\"cle\": \"Cout de la police\", \"valeur\": \"20000\"}, {\"cle\": \"Périodicité Prime (1=An; 2=Sem; 4=Trim; 12=Mois)\", \"valeur\": \"12\"}, {\"cle\": \"MONTANT DE LA  la cotisation\", \"valeur\": \"40000\"}, {\"cle\": \"AGE DE L\'ASSURE\", \"valeur\": \"29\"}, {\"cle\": \"Duré de cotisation\", \"valeur\": \"10\"}, {\"cle\": \"Rente certaine servie sur 5 ans\", \"valeur\": \"877327.1830201332\"}, {\"cle\": \"Capital Equivalent\", \"valeur\": \"4818505.364780246\"}]', 'cl8ay6m4400652708ejlbgp9k', 'clcw30mjj0414p708wl6ugygk', 'cld1p3klj2987hqkwgd6qr86d', 'EN_COURS', '[{\"cle\": \"Prénom du client\", \"valeur\": \"Souleymane\"}, {\"cle\": \"Nom du client\", \"valeur\": \"Sylla\"}, {\"cle\": \"Civilité\", \"valeur\": \"Mr\"}, {\"cle\": \"Date de naissance\", \"valeur\": \"1997-01-09\"}, {\"cle\": \"Adresse du client\", \"valeur\": \"Point E\"}]', 'cld7srzvy014970mm8aw01bfz', '', 0),
('cldbqrf1v10820fvkcicavlurp', '2023-01-25', 1485750, '[{\"cle\": \"Option choisie\", \"valeur\": \"SÉNÉGAL 90%\"}, {\"cle\": \"Nombre d\'adulte (s)\", \"valeur\": \"1\"}, {\"cle\": \"Nombre d\'adulte (s)\", \"valeur\": \"2\"}]', '[{\"cle\": \"option choisie\", \"valeur\": \"SÉNÉGAL 90%\"}, {\"cle\": \"Nombre d\'adulte (s)\", \"valeur\": \"1\"}, {\"cle\": \"Nombre d\'enfant (s)\", \"valeur\": \"2\"}, {\"cle\": \"Nombre d\'adulte (s)\", \"valeur\": \"500000\"}, {\"cle\": \"Nombre d\'enfant (s)\", \"valeur\": \"900000\"}, {\"cle\": \"total famille ou groupe\", \"valeur\": \"3\"}, {\"cle\": \"PRIME NETTE\", \"valeur\": \"1400000\"}, {\"cle\": \"Accessoires\", \"valeur\": \"15000\"}, {\"cle\": \"Taxes\", \"valeur\": \"15000\"}, {\"cle\": \"PRIME TOTALE\", \"valeur\": \"1485750\"}]', 'cl8ay6m4400652708ejlbgp9k', 'clcw30mjj0414p708wl6ugygk', 'cld4uetmt0170wm080bx3kbwc', 'EN_COURS', '[{\"cle\": \"Prénom du client\", \"valeur\": \"Fatoumata\"}, {\"cle\": \"Nom du client\", \"valeur\": \"Sow\"}, {\"cle\": \"Civilité\", \"valeur\": \"Mme\"}, {\"cle\": \"Date de naissance\", \"valeur\": \"1985-06-28\"}, {\"cle\": \"Adresse du client\", \"valeur\": \"Keur Massar\"}]', 'cld7spv6u009070mm7cgg98mk', '', 0),
('cldbqwi3g11860fvkcyjrb7cb7', '2023-01-25', 81797.50259459756, '[{\"cle\": \"Nom de l\'assuré\", \"valeur\": \"Ismaila DIOP\"}, {\"cle\": \"Age du cotisant\", \"valeur\": \"20\"}, {\"cle\": \"Capital\", \"valeur\": \"3000000\"}, {\"cle\": \"Durée de la cotisation\", \"valeur\": \"10\"}]', '[{\"cle\": \"Capital Garanti en XOF\", \"valeur\": \"3000000\"}, {\"cle\": \"Âge du cotisant\", \"valeur\": \"20\"}, {\"cle\": \"Durée de la cotisation\", \"valeur\": \"10\"}, {\"cle\": \"Prime en XOF\", \"valeur\": \"81797.50259459756\"}]', 'cl8ay6m4400652708ejlbgp9k', 'clcw30mjj0414p708wl6ugygk', 'cld1xsgp07547xukw2hy1q73l', 'EN_COURS', '[{\"cle\": \"Prénom du client\", \"valeur\": \"Ismaila\"}, {\"cle\": \"Nom du client\", \"valeur\": \"DIOP\"}, {\"cle\": \"Civilité\", \"valeur\": \"Mr\"}, {\"cle\": \"Date de naissance\", \"valeur\": \"1984-05-30\"}, {\"cle\": \"Adresse du client\", \"valeur\": \"Nord Foire\"}]', 'cld7stsy5018470mmvsgbbdqw', '', 0),
('cldofbqn51041n7kzqbealc0y', '2023-02-03', 2493750, '[{\"cle\": \"Option choisie\", \"valeur\": \"SÉNÉGAL 90%\"}, {\"cle\": \"Nombre d\'adulte (s)\", \"valeur\": \"2\"}, {\"cle\": \"Nombre d\'adulte (s)\", \"valeur\": \"3\"}]', '[{\"cle\": \"option choisie\", \"valeur\": \"SÉNÉGAL 90%\"}, {\"cle\": \"Nombre d\'adulte (s)\", \"valeur\": \"2\"}, {\"cle\": \"Nombre d\'enfant (s)\", \"valeur\": \"3\"}, {\"cle\": \"Nombre d\'adulte (s)\", \"valeur\": \"1000000\"}, {\"cle\": \"Nombre d\'enfant (s)\", \"valeur\": \"1350000\"}, {\"cle\": \"total famille ou groupe\", \"valeur\": \"5\"}, {\"cle\": \"PRIME NETTE\", \"valeur\": \"2350000\"}, {\"cle\": \"Accessoires\", \"valeur\": \"25000\"}, {\"cle\": \"Taxes\", \"valeur\": \"25000\"}, {\"cle\": \"PRIME TOTALE\", \"valeur\": \"2493750\"}]', 'cl8ay6m4400652708ejlbgp9k', 'clcw30mjj0414p708wl6ugygk', 'cld4uetmt0170wm080bx3kbwc', 'EN_COURS', '[{\"cle\": \"Prénom du client\", \"valeur\": \"Mbaye\"}, {\"cle\": \"Nom du client\", \"valeur\": \"DIOP\"}, {\"cle\": \"Civilité\", \"valeur\": \"Mr\"}, {\"cle\": \"Date de naissance\", \"valeur\": \"2023-02-02\"}, {\"cle\": \"Adresse du client\", \"valeur\": \"Malika\"}]', 'cld7srzvy014970mm8aw01bfz', '', 0),
('cldofbtiu1072n7kz4hfhdowd', '2023-02-03', 2493750, '[{\"cle\": \"Option choisie\", \"valeur\": \"SÉNÉGAL 90%\"}, {\"cle\": \"Nombre d\'adulte (s)\", \"valeur\": \"2\"}, {\"cle\": \"Nombre d\'adulte (s)\", \"valeur\": \"3\"}]', '[{\"cle\": \"option choisie\", \"valeur\": \"SÉNÉGAL 90%\"}, {\"cle\": \"Nombre d\'adulte (s)\", \"valeur\": \"2\"}, {\"cle\": \"Nombre d\'enfant (s)\", \"valeur\": \"3\"}, {\"cle\": \"Nombre d\'adulte (s)\", \"valeur\": \"1000000\"}, {\"cle\": \"Nombre d\'enfant (s)\", \"valeur\": \"1350000\"}, {\"cle\": \"total famille ou groupe\", \"valeur\": \"5\"}, {\"cle\": \"PRIME NETTE\", \"valeur\": \"2350000\"}, {\"cle\": \"Accessoires\", \"valeur\": \"25000\"}, {\"cle\": \"Taxes\", \"valeur\": \"25000\"}, {\"cle\": \"PRIME TOTALE\", \"valeur\": \"2493750\"}]', 'cl8ay6m4400652708ejlbgp9k', 'clcw30mjj0414p708wl6ugygk', 'cld4uetmt0170wm080bx3kbwc', 'EN_COURS', '[{\"cle\": \"Prénom du client\", \"valeur\": \"Mbaye\"}, {\"cle\": \"Nom du client\", \"valeur\": \"DIOP\"}, {\"cle\": \"Civilité\", \"valeur\": \"Mr\"}, {\"cle\": \"Date de naissance\", \"valeur\": \"2023-02-02\"}, {\"cle\": \"Adresse du client\", \"valeur\": \"Malika\"}]', 'cld7srzvy014970mm8aw01bfz', '', 0),
('cldofbxqv1103n7kzwz345nb8', '2023-02-03', 2493750, '[{\"cle\": \"Option choisie\", \"valeur\": \"SÉNÉGAL 90%\"}, {\"cle\": \"Nombre d\'adulte (s)\", \"valeur\": \"2\"}, {\"cle\": \"Nombre d\'adulte (s)\", \"valeur\": \"3\"}]', '[{\"cle\": \"option choisie\", \"valeur\": \"SÉNÉGAL 90%\"}, {\"cle\": \"Nombre d\'adulte (s)\", \"valeur\": \"2\"}, {\"cle\": \"Nombre d\'enfant (s)\", \"valeur\": \"3\"}, {\"cle\": \"Nombre d\'adulte (s)\", \"valeur\": \"1000000\"}, {\"cle\": \"Nombre d\'enfant (s)\", \"valeur\": \"1350000\"}, {\"cle\": \"total famille ou groupe\", \"valeur\": \"5\"}, {\"cle\": \"PRIME NETTE\", \"valeur\": \"2350000\"}, {\"cle\": \"Accessoires\", \"valeur\": \"25000\"}, {\"cle\": \"Taxes\", \"valeur\": \"25000\"}, {\"cle\": \"PRIME TOTALE\", \"valeur\": \"2493750\"}]', 'cl8ay6m4400652708ejlbgp9k', 'clcw30mjj0414p708wl6ugygk', 'cld4uetmt0170wm080bx3kbwc', 'EN_COURS', '[{\"cle\": \"Prénom du client\", \"valeur\": \"Mbaye\"}, {\"cle\": \"Nom du client\", \"valeur\": \"DIOP\"}, {\"cle\": \"Civilité\", \"valeur\": \"Mr\"}, {\"cle\": \"Date de naissance\", \"valeur\": \"2023-02-02\"}, {\"cle\": \"Adresse du client\", \"valeur\": \"Malika\"}]', 'cld7srzvy014970mm8aw01bfz', '', 0),
('cldofddjz1134n7kzwrj6ukst', '2023-02-03', 2493750, '[{\"cle\": \"Option choisie\", \"valeur\": \"SÉNÉGAL 90%\"}, {\"cle\": \"Nombre d\'adulte (s)\", \"valeur\": \"2\"}, {\"cle\": \"Nombre d\'adulte (s)\", \"valeur\": \"3\"}]', '[{\"cle\": \"option choisie\", \"valeur\": \"SÉNÉGAL 90%\"}, {\"cle\": \"Nombre d\'adulte (s)\", \"valeur\": \"2\"}, {\"cle\": \"Nombre d\'enfant (s)\", \"valeur\": \"3\"}, {\"cle\": \"Nombre d\'adulte (s)\", \"valeur\": \"1000000\"}, {\"cle\": \"Nombre d\'enfant (s)\", \"valeur\": \"1350000\"}, {\"cle\": \"total famille ou groupe\", \"valeur\": \"5\"}, {\"cle\": \"PRIME NETTE\", \"valeur\": \"2350000\"}, {\"cle\": \"Accessoires\", \"valeur\": \"25000\"}, {\"cle\": \"Taxes\", \"valeur\": \"25000\"}, {\"cle\": \"PRIME TOTALE\", \"valeur\": \"2493750\"}]', 'cl8ay6m4400652708ejlbgp9k', 'clcw30mjj0414p708wl6ugygk', 'cld4uetmt0170wm080bx3kbwc', 'EN_COURS', '[{\"cle\": \"Prénom du client\", \"valeur\": \"Mbaye\"}, {\"cle\": \"Nom du client\", \"valeur\": \"DIOP\"}, {\"cle\": \"Civilité\", \"valeur\": \"Mr\"}, {\"cle\": \"Date de naissance\", \"valeur\": \"2023-02-21\"}, {\"cle\": \"Adresse du client\", \"valeur\": \"Malika\"}]', 'cld7srzvy014970mm8aw01bfz', '', 0),
('cldoffdt61165n7kzpdr0vwoq', '2023-02-03', 2493750, '[{\"cle\": \"Option choisie\", \"valeur\": \"SÉNÉGAL 90%\"}, {\"cle\": \"Nombre d\'adulte (s)\", \"valeur\": \"2\"}, {\"cle\": \"Nombre d\'adulte (s)\", \"valeur\": \"3\"}]', '[{\"cle\": \"option choisie\", \"valeur\": \"SÉNÉGAL 90%\"}, {\"cle\": \"Nombre d\'adulte (s)\", \"valeur\": \"2\"}, {\"cle\": \"Nombre d\'enfant (s)\", \"valeur\": \"3\"}, {\"cle\": \"Nombre d\'adulte (s)\", \"valeur\": \"1000000\"}, {\"cle\": \"Nombre d\'enfant (s)\", \"valeur\": \"1350000\"}, {\"cle\": \"total famille ou groupe\", \"valeur\": \"5\"}, {\"cle\": \"PRIME NETTE\", \"valeur\": \"2350000\"}, {\"cle\": \"Accessoires\", \"valeur\": \"25000\"}, {\"cle\": \"Taxes\", \"valeur\": \"25000\"}, {\"cle\": \"PRIME TOTALE\", \"valeur\": \"2493750\"}]', 'cl8ay6m4400652708ejlbgp9k', 'clcw30mjj0414p708wl6ugygk', 'cld4uetmt0170wm080bx3kbwc', 'EN_COURS', '[{\"cle\": \"Prénom du client\", \"valeur\": \"Mbaye\"}, {\"cle\": \"Nom du client\", \"valeur\": \"DIOP\"}, {\"cle\": \"Civilité\", \"valeur\": \"Mr\"}, {\"cle\": \"Date de naissance\", \"valeur\": \"2023-02-21\"}, {\"cle\": \"Adresse du client\", \"valeur\": \"Malika\"}]', 'cld7stsy5018470mmvsgbbdqw', 'contratcldoffdt61165n7kzpdr0vwoq.pdf', 0),
('cle5zrrs60957lp083m2pslie', '2023-02-15', 1317203.725577859, '[{\"cle\": \"Nom de l\'assuré\", \"valeur\": \"Mbaye DIOP\"}, {\"cle\": \"Age du cotisant\", \"valeur\": \"29\"}, {\"cle\": \"Capital\", \"valeur\": \"40000000\"}, {\"cle\": \"Durée de la cotisation\", \"valeur\": \"10\"}]', '[{\"cle\": \"Capital Garanti en XOF\", \"valeur\": \"40000000\"}, {\"cle\": \"Âge du cotisant\", \"valeur\": \"29\"}, {\"cle\": \"Durée de la cotisation\", \"valeur\": \"10\"}, {\"cle\": \"Prime en XOF\", \"valeur\": \"1317203.7255778585\"}]', 'cl8ay6m4400652708ejlbgp9k', 'clcw30mjj0414p708wl6ugygk', 'cld1xsgp07547xukw2hy1q73l', 'EN_COURS', '[{\"cle\": \"Prénom du client\", \"valeur\": \"Mbaye\"}, {\"cle\": \"Nom du client\", \"valeur\": \"DIOP\"}, {\"cle\": \"Civilité\", \"valeur\": \"Mr\"}, {\"cle\": \"Date de naissance\", \"valeur\": \"2023-02-15\"}, {\"cle\": \"Adresse du client\", \"valeur\": \"Malika\"}]', 'cld98zud9258507f08m33vrr6e', '', 0),
('cle5zrt8l0988lp08r3fzfnf2', '2023-02-15', 1317203.725577859, '[{\"cle\": \"Nom de l\'assuré\", \"valeur\": \"Mbaye DIOP\"}, {\"cle\": \"Age du cotisant\", \"valeur\": \"29\"}, {\"cle\": \"Capital\", \"valeur\": \"40000000\"}, {\"cle\": \"Durée de la cotisation\", \"valeur\": \"10\"}]', '[{\"cle\": \"Capital Garanti en XOF\", \"valeur\": \"40000000\"}, {\"cle\": \"Âge du cotisant\", \"valeur\": \"29\"}, {\"cle\": \"Durée de la cotisation\", \"valeur\": \"10\"}, {\"cle\": \"Prime en XOF\", \"valeur\": \"1317203.7255778585\"}]', 'cl8ay6m4400652708ejlbgp9k', 'clcw30mjj0414p708wl6ugygk', 'cld1xsgp07547xukw2hy1q73l', 'EN_COURS', '[{\"cle\": \"Prénom du client\", \"valeur\": \"Mbaye\"}, {\"cle\": \"Nom du client\", \"valeur\": \"DIOP\"}, {\"cle\": \"Civilité\", \"valeur\": \"Mr\"}, {\"cle\": \"Date de naissance\", \"valeur\": \"2023-02-15\"}, {\"cle\": \"Adresse du client\", \"valeur\": \"Malika\"}]', 'cld98zud9258507f08m33vrr6e', '', 0),
('cle5zs9jm1023lp08fl9z8msp', '2023-02-15', 1317203.725577859, '[{\"cle\": \"Nom de l\'assuré\", \"valeur\": \"Mbaye DIOP\"}, {\"cle\": \"Age du cotisant\", \"valeur\": \"29\"}, {\"cle\": \"Capital\", \"valeur\": \"40000000\"}, {\"cle\": \"Durée de la cotisation\", \"valeur\": \"10\"}]', '[{\"cle\": \"Capital Garanti en XOF\", \"valeur\": \"40000000\"}, {\"cle\": \"Âge du cotisant\", \"valeur\": \"29\"}, {\"cle\": \"Durée de la cotisation\", \"valeur\": \"10\"}, {\"cle\": \"Prime en XOF\", \"valeur\": \"1317203.7255778585\"}]', 'cl8ay6m4400652708ejlbgp9k', 'clcw30mjj0414p708wl6ugygk', 'cld1xsgp07547xukw2hy1q73l', 'EN_COURS', '[{\"cle\": \"Prénom du client\", \"valeur\": \"Mbaye\"}, {\"cle\": \"Nom du client\", \"valeur\": \"DIOP\"}, {\"cle\": \"Civilité\", \"valeur\": \"Mr\"}, {\"cle\": \"Date de naissance\", \"valeur\": \"2023-02-15\"}, {\"cle\": \"Adresse du client\", \"valeur\": \"Malika\"}]', 'cld98zud9258507f08m33vrr6e', '', 0),
('cle5zs9n41054lp087laah6y5', '2023-02-15', 1317203.725577859, '[{\"cle\": \"Nom de l\'assuré\", \"valeur\": \"Mbaye DIOP\"}, {\"cle\": \"Age du cotisant\", \"valeur\": \"29\"}, {\"cle\": \"Capital\", \"valeur\": \"40000000\"}, {\"cle\": \"Durée de la cotisation\", \"valeur\": \"10\"}]', '[{\"cle\": \"Capital Garanti en XOF\", \"valeur\": \"40000000\"}, {\"cle\": \"Âge du cotisant\", \"valeur\": \"29\"}, {\"cle\": \"Durée de la cotisation\", \"valeur\": \"10\"}, {\"cle\": \"Prime en XOF\", \"valeur\": \"1317203.7255778585\"}]', 'cl8ay6m4400652708ejlbgp9k', 'clcw30mjj0414p708wl6ugygk', 'cld1xsgp07547xukw2hy1q73l', 'EN_COURS', '[{\"cle\": \"Prénom du client\", \"valeur\": \"Mbaye\"}, {\"cle\": \"Nom du client\", \"valeur\": \"DIOP\"}, {\"cle\": \"Civilité\", \"valeur\": \"Mr\"}, {\"cle\": \"Date de naissance\", \"valeur\": \"2023-02-15\"}, {\"cle\": \"Adresse du client\", \"valeur\": \"Malika\"}]', 'cld98zud9258507f08m33vrr6e', '', 0),
('cle5zs9s81085lp08warwcstz', '2023-02-15', 1317203.725577859, '[{\"cle\": \"Nom de l\'assuré\", \"valeur\": \"Mbaye DIOP\"}, {\"cle\": \"Age du cotisant\", \"valeur\": \"29\"}, {\"cle\": \"Capital\", \"valeur\": \"40000000\"}, {\"cle\": \"Durée de la cotisation\", \"valeur\": \"10\"}]', '[{\"cle\": \"Capital Garanti en XOF\", \"valeur\": \"40000000\"}, {\"cle\": \"Âge du cotisant\", \"valeur\": \"29\"}, {\"cle\": \"Durée de la cotisation\", \"valeur\": \"10\"}, {\"cle\": \"Prime en XOF\", \"valeur\": \"1317203.7255778585\"}]', 'cl8ay6m4400652708ejlbgp9k', 'clcw30mjj0414p708wl6ugygk', 'cld1xsgp07547xukw2hy1q73l', 'EN_COURS', '[{\"cle\": \"Prénom du client\", \"valeur\": \"Mbaye\"}, {\"cle\": \"Nom du client\", \"valeur\": \"DIOP\"}, {\"cle\": \"Civilité\", \"valeur\": \"Mr\"}, {\"cle\": \"Date de naissance\", \"valeur\": \"2023-02-15\"}, {\"cle\": \"Adresse du client\", \"valeur\": \"Malika\"}]', 'cld98zud9258507f08m33vrr6e', '', 0),
('cle5zs9xa1116lp08zyqjqk1e', '2023-02-15', 1317203.725577859, '[{\"cle\": \"Nom de l\'assuré\", \"valeur\": \"Mbaye DIOP\"}, {\"cle\": \"Age du cotisant\", \"valeur\": \"29\"}, {\"cle\": \"Capital\", \"valeur\": \"40000000\"}, {\"cle\": \"Durée de la cotisation\", \"valeur\": \"10\"}]', '[{\"cle\": \"Capital Garanti en XOF\", \"valeur\": \"40000000\"}, {\"cle\": \"Âge du cotisant\", \"valeur\": \"29\"}, {\"cle\": \"Durée de la cotisation\", \"valeur\": \"10\"}, {\"cle\": \"Prime en XOF\", \"valeur\": \"1317203.7255778585\"}]', 'cl8ay6m4400652708ejlbgp9k', 'clcw30mjj0414p708wl6ugygk', 'cld1xsgp07547xukw2hy1q73l', 'EN_COURS', '[{\"cle\": \"Prénom du client\", \"valeur\": \"Mbaye\"}, {\"cle\": \"Nom du client\", \"valeur\": \"DIOP\"}, {\"cle\": \"Civilité\", \"valeur\": \"Mr\"}, {\"cle\": \"Date de naissance\", \"valeur\": \"2023-02-15\"}, {\"cle\": \"Adresse du client\", \"valeur\": \"Malika\"}]', 'cld98zud9258507f08m33vrr6e', '', 0),
('cle5zskq81151lp08cd3jj75i', '2023-02-15', 1317203.725577859, '[{\"cle\": \"Nom de l\'assuré\", \"valeur\": \"Mbaye DIOP\"}, {\"cle\": \"Age du cotisant\", \"valeur\": \"29\"}, {\"cle\": \"Capital\", \"valeur\": \"40000000\"}, {\"cle\": \"Durée de la cotisation\", \"valeur\": \"10\"}]', '[{\"cle\": \"Capital Garanti en XOF\", \"valeur\": \"40000000\"}, {\"cle\": \"Âge du cotisant\", \"valeur\": \"29\"}, {\"cle\": \"Durée de la cotisation\", \"valeur\": \"10\"}, {\"cle\": \"Prime en XOF\", \"valeur\": \"1317203.7255778585\"}]', 'cl8ay6m4400652708ejlbgp9k', 'clcw30mjj0414p708wl6ugygk', 'cld1xsgp07547xukw2hy1q73l', 'EN_COURS', '[{\"cle\": \"Prénom du client\", \"valeur\": \"Mbaye\"}, {\"cle\": \"Nom du client\", \"valeur\": \"DIOP\"}, {\"cle\": \"Civilité\", \"valeur\": \"Mr\"}, {\"cle\": \"Date de naissance\", \"valeur\": \"2023-02-15\"}, {\"cle\": \"Adresse du client\", \"valeur\": \"Malika\"}]', 'cld98zud9258507f08m33vrr6e', '', 0),
('cle5zskvz1182lp08uevcppxf', '2023-02-15', 1317203.725577859, '[{\"cle\": \"Nom de l\'assuré\", \"valeur\": \"Mbaye DIOP\"}, {\"cle\": \"Age du cotisant\", \"valeur\": \"29\"}, {\"cle\": \"Capital\", \"valeur\": \"40000000\"}, {\"cle\": \"Durée de la cotisation\", \"valeur\": \"10\"}]', '[{\"cle\": \"Capital Garanti en XOF\", \"valeur\": \"40000000\"}, {\"cle\": \"Âge du cotisant\", \"valeur\": \"29\"}, {\"cle\": \"Durée de la cotisation\", \"valeur\": \"10\"}, {\"cle\": \"Prime en XOF\", \"valeur\": \"1317203.7255778585\"}]', 'cl8ay6m4400652708ejlbgp9k', 'clcw30mjj0414p708wl6ugygk', 'cld1xsgp07547xukw2hy1q73l', 'EN_COURS', '[{\"cle\": \"Prénom du client\", \"valeur\": \"Mbaye\"}, {\"cle\": \"Nom du client\", \"valeur\": \"DIOP\"}, {\"cle\": \"Civilité\", \"valeur\": \"Mr\"}, {\"cle\": \"Date de naissance\", \"valeur\": \"2023-02-15\"}, {\"cle\": \"Adresse du client\", \"valeur\": \"Malika\"}]', 'cld98zud9258507f08m33vrr6e', '', 0),
('cle5zsl121213lp08s8kou6iy', '2023-02-15', 1317203.725577859, '[{\"cle\": \"Nom de l\'assuré\", \"valeur\": \"Mbaye DIOP\"}, {\"cle\": \"Age du cotisant\", \"valeur\": \"29\"}, {\"cle\": \"Capital\", \"valeur\": \"40000000\"}, {\"cle\": \"Durée de la cotisation\", \"valeur\": \"10\"}]', '[{\"cle\": \"Capital Garanti en XOF\", \"valeur\": \"40000000\"}, {\"cle\": \"Âge du cotisant\", \"valeur\": \"29\"}, {\"cle\": \"Durée de la cotisation\", \"valeur\": \"10\"}, {\"cle\": \"Prime en XOF\", \"valeur\": \"1317203.7255778585\"}]', 'cl8ay6m4400652708ejlbgp9k', 'clcw30mjj0414p708wl6ugygk', 'cld1xsgp07547xukw2hy1q73l', 'EN_COURS', '[{\"cle\": \"Prénom du client\", \"valeur\": \"Mbaye\"}, {\"cle\": \"Nom du client\", \"valeur\": \"DIOP\"}, {\"cle\": \"Civilité\", \"valeur\": \"Mr\"}, {\"cle\": \"Date de naissance\", \"valeur\": \"2023-02-15\"}, {\"cle\": \"Adresse du client\", \"valeur\": \"Malika\"}]', 'cld98zud9258507f08m33vrr6e', '', 0),
('cle5zsl6p1244lp08zrx20agt', '2023-02-15', 1317203.725577859, '[{\"cle\": \"Nom de l\'assuré\", \"valeur\": \"Mbaye DIOP\"}, {\"cle\": \"Age du cotisant\", \"valeur\": \"29\"}, {\"cle\": \"Capital\", \"valeur\": \"40000000\"}, {\"cle\": \"Durée de la cotisation\", \"valeur\": \"10\"}]', '[{\"cle\": \"Capital Garanti en XOF\", \"valeur\": \"40000000\"}, {\"cle\": \"Âge du cotisant\", \"valeur\": \"29\"}, {\"cle\": \"Durée de la cotisation\", \"valeur\": \"10\"}, {\"cle\": \"Prime en XOF\", \"valeur\": \"1317203.7255778585\"}]', 'cl8ay6m4400652708ejlbgp9k', 'clcw30mjj0414p708wl6ugygk', 'cld1xsgp07547xukw2hy1q73l', 'EN_COURS', '[{\"cle\": \"Prénom du client\", \"valeur\": \"Mbaye\"}, {\"cle\": \"Nom du client\", \"valeur\": \"DIOP\"}, {\"cle\": \"Civilité\", \"valeur\": \"Mr\"}, {\"cle\": \"Date de naissance\", \"valeur\": \"2023-02-15\"}, {\"cle\": \"Adresse du client\", \"valeur\": \"Malika\"}]', 'cld98zud9258507f08m33vrr6e', '', 0),
('cle5zslc71275lp08rggd214w', '2023-02-15', 1317203.725577859, '[{\"cle\": \"Nom de l\'assuré\", \"valeur\": \"Mbaye DIOP\"}, {\"cle\": \"Age du cotisant\", \"valeur\": \"29\"}, {\"cle\": \"Capital\", \"valeur\": \"40000000\"}, {\"cle\": \"Durée de la cotisation\", \"valeur\": \"10\"}]', '[{\"cle\": \"Capital Garanti en XOF\", \"valeur\": \"40000000\"}, {\"cle\": \"Âge du cotisant\", \"valeur\": \"29\"}, {\"cle\": \"Durée de la cotisation\", \"valeur\": \"10\"}, {\"cle\": \"Prime en XOF\", \"valeur\": \"1317203.7255778585\"}]', 'cl8ay6m4400652708ejlbgp9k', 'clcw30mjj0414p708wl6ugygk', 'cld1xsgp07547xukw2hy1q73l', 'EN_COURS', '[{\"cle\": \"Prénom du client\", \"valeur\": \"Mbaye\"}, {\"cle\": \"Nom du client\", \"valeur\": \"DIOP\"}, {\"cle\": \"Civilité\", \"valeur\": \"Mr\"}, {\"cle\": \"Date de naissance\", \"valeur\": \"2023-02-15\"}, {\"cle\": \"Adresse du client\", \"valeur\": \"Malika\"}]', 'cld98zud9258507f08m33vrr6e', '', 0),
('cle5ztu6d1318lp088kwu6fl3', '2023-02-15', 1317203.725577859, '[{\"cle\": \"Nom de l\'assuré\", \"valeur\": \"Mbaye DIOP\"}, {\"cle\": \"Age du cotisant\", \"valeur\": \"29\"}, {\"cle\": \"Capital\", \"valeur\": \"40000000\"}, {\"cle\": \"Durée de la cotisation\", \"valeur\": \"10\"}]', '[{\"cle\": \"Capital Garanti en XOF\", \"valeur\": \"40000000\"}, {\"cle\": \"Âge du cotisant\", \"valeur\": \"29\"}, {\"cle\": \"Durée de la cotisation\", \"valeur\": \"10\"}, {\"cle\": \"Prime en XOF\", \"valeur\": \"1317203.7255778585\"}]', 'cl8ay6m4400652708ejlbgp9k', 'clcw30mjj0414p708wl6ugygk', 'cld1xsgp07547xukw2hy1q73l', 'EN_COURS', '[{\"cle\": \"Prénom du client\", \"valeur\": \"Mbaye\"}, {\"cle\": \"Nom du client\", \"valeur\": \"DIOP\"}, {\"cle\": \"Civilité\", \"valeur\": \"Mr\"}, {\"cle\": \"Date de naissance\", \"valeur\": \"2023-02-15\"}, {\"cle\": \"Adresse du client\", \"valeur\": \"Malika\"}]', 'cld98zud9258507f08m33vrr6e', '', 0),
('cle5ztuns1349lp08m6vhze4m', '2023-02-15', 1317203.725577859, '[{\"cle\": \"Nom de l\'assuré\", \"valeur\": \"Mbaye DIOP\"}, {\"cle\": \"Age du cotisant\", \"valeur\": \"29\"}, {\"cle\": \"Capital\", \"valeur\": \"40000000\"}, {\"cle\": \"Durée de la cotisation\", \"valeur\": \"10\"}]', '[{\"cle\": \"Capital Garanti en XOF\", \"valeur\": \"40000000\"}, {\"cle\": \"Âge du cotisant\", \"valeur\": \"29\"}, {\"cle\": \"Durée de la cotisation\", \"valeur\": \"10\"}, {\"cle\": \"Prime en XOF\", \"valeur\": \"1317203.7255778585\"}]', 'cl8ay6m4400652708ejlbgp9k', 'clcw30mjj0414p708wl6ugygk', 'cld1xsgp07547xukw2hy1q73l', 'EN_COURS', '[{\"cle\": \"Prénom du client\", \"valeur\": \"Mbaye\"}, {\"cle\": \"Nom du client\", \"valeur\": \"DIOP\"}, {\"cle\": \"Civilité\", \"valeur\": \"Mr\"}, {\"cle\": \"Date de naissance\", \"valeur\": \"2023-02-15\"}, {\"cle\": \"Adresse du client\", \"valeur\": \"Malika\"}]', 'cld98zud9258507f08m33vrr6e', '', 0),
('cle5ztuzs1380lp080cf1yd6q', '2023-02-15', 1317203.725577859, '[{\"cle\": \"Nom de l\'assuré\", \"valeur\": \"Mbaye DIOP\"}, {\"cle\": \"Age du cotisant\", \"valeur\": \"29\"}, {\"cle\": \"Capital\", \"valeur\": \"40000000\"}, {\"cle\": \"Durée de la cotisation\", \"valeur\": \"10\"}]', '[{\"cle\": \"Capital Garanti en XOF\", \"valeur\": \"40000000\"}, {\"cle\": \"Âge du cotisant\", \"valeur\": \"29\"}, {\"cle\": \"Durée de la cotisation\", \"valeur\": \"10\"}, {\"cle\": \"Prime en XOF\", \"valeur\": \"1317203.7255778585\"}]', 'cl8ay6m4400652708ejlbgp9k', 'clcw30mjj0414p708wl6ugygk', 'cld1xsgp07547xukw2hy1q73l', 'EN_COURS', '[{\"cle\": \"Prénom du client\", \"valeur\": \"Mbaye\"}, {\"cle\": \"Nom du client\", \"valeur\": \"DIOP\"}, {\"cle\": \"Civilité\", \"valeur\": \"Mr\"}, {\"cle\": \"Date de naissance\", \"valeur\": \"2023-02-15\"}, {\"cle\": \"Adresse du client\", \"valeur\": \"Malika\"}]', 'cld98zud9258507f08m33vrr6e', '', 0),
('cleeknsd70179t7mmfmeq4bpn', '2023-02-21', 2493750, '[{\"cle\": \"Option choisie\", \"valeur\": \"SÉNÉGAL 90%\"}, {\"cle\": \"Nombre d\'adulte (s)\", \"valeur\": \"2\"}, {\"cle\": \"Nombre d\'adulte (s)\", \"valeur\": \"3\"}]', '[{\"cle\": \"option choisie\", \"valeur\": \"SÉNÉGAL 90%\"}, {\"cle\": \"Nombre d\'adulte (s)\", \"valeur\": \"2\"}, {\"cle\": \"Nombre d\'enfant (s)\", \"valeur\": \"3\"}, {\"cle\": \"Nombre d\'adulte (s)\", \"valeur\": \"1000000\"}, {\"cle\": \"Nombre d\'enfant (s)\", \"valeur\": \"1350000\"}, {\"cle\": \"total famille ou groupe\", \"valeur\": \"5\"}, {\"cle\": \"PRIME NETTE\", \"valeur\": \"2350000\"}, {\"cle\": \"Accessoires\", \"valeur\": \"25000\"}, {\"cle\": \"Taxes\", \"valeur\": \"25000\"}, {\"cle\": \"PRIME TOTALE\", \"valeur\": \"2493750\"}]', 'cl8ay6m4400652708ejlbgp9k', 'clcw30mjj0414p708wl6ugygk', 'cld4uetmt0170wm080bx3kbwc', 'EN_COURS', '[{\"cle\": \"Prénom du client\", \"valeur\": \"Mbaye\"}, {\"cle\": \"Nom du client\", \"valeur\": \"DIOP\"}, {\"cle\": \"Civilité\", \"valeur\": \"Mr\"}, {\"cle\": \"Date de naissance\", \"valeur\": \"2023-02-22\"}, {\"cle\": \"Adresse du client\", \"valeur\": \"Malika\"}]', 'cld7sw4h5021170mmtdgwghoc', '', 0),
('cleekrhg10953t7mmpx9xm3f2', '2023-02-21', 2493750, '[{\"cle\": \"Option choisie\", \"valeur\": \"SÉNÉGAL 90%\"}, {\"cle\": \"Nombre d\'adulte (s)\", \"valeur\": \"2\"}, {\"cle\": \"Nombre d\'adulte (s)\", \"valeur\": \"3\"}]', '[{\"cle\": \"option choisie\", \"valeur\": \"SÉNÉGAL 90%\"}, {\"cle\": \"Nombre d\'adulte (s)\", \"valeur\": \"2\"}, {\"cle\": \"Nombre d\'enfant (s)\", \"valeur\": \"3\"}, {\"cle\": \"Nombre d\'adulte (s)\", \"valeur\": \"1000000\"}, {\"cle\": \"Nombre d\'enfant (s)\", \"valeur\": \"1350000\"}, {\"cle\": \"total famille ou groupe\", \"valeur\": \"5\"}, {\"cle\": \"PRIME NETTE\", \"valeur\": \"2350000\"}, {\"cle\": \"Accessoires\", \"valeur\": \"25000\"}, {\"cle\": \"Taxes\", \"valeur\": \"25000\"}, {\"cle\": \"PRIME TOTALE\", \"valeur\": \"2493750\"}]', 'cl8ay6m4400652708ejlbgp9k', 'clcw30mjj0414p708wl6ugygk', 'cld4uetmt0170wm080bx3kbwc', 'EN_COURS', '[{\"cle\": \"Prénom du client\", \"valeur\": \"Mbaye\"}, {\"cle\": \"Nom du client\", \"valeur\": \"DIOP\"}, {\"cle\": \"Civilité\", \"valeur\": \"Mr\"}, {\"cle\": \"Date de naissance\", \"valeur\": \"2023-02-23\"}, {\"cle\": \"Adresse du client\", \"valeur\": \"Malika\"}]', 'cld7sw4h5021170mmtdgwghoc', 'contratcleekrhg10953t7mmpx9xm3f2.pdf', 0),
('cleembyjp1151tzmm7nnj3ain', '2023-02-21', 4032000, '[{\"cle\": \"Option choisie\", \"valeur\": \"SÉNÉGAL 90%\"}, {\"cle\": \"Nombre d\'adulte (s)\", \"valeur\": \"4\"}, {\"cle\": \"Nombre d\'adulte (s)\", \"valeur\": \"4\"}]', '[{\"cle\": \"option choisie\", \"valeur\": \"SÉNÉGAL 90%\"}, {\"cle\": \"Nombre d\'adulte (s)\", \"valeur\": \"4\"}, {\"cle\": \"Nombre d\'enfant (s)\", \"valeur\": \"4\"}, {\"cle\": \"Nombre d\'adulte (s)\", \"valeur\": \"2000000\"}, {\"cle\": \"Nombre d\'enfant (s)\", \"valeur\": \"1800000\"}, {\"cle\": \"total famille ou groupe\", \"valeur\": \"8\"}, {\"cle\": \"PRIME NETTE\", \"valeur\": \"3800000\"}, {\"cle\": \"Accessoires\", \"valeur\": \"40000\"}, {\"cle\": \"Taxes\", \"valeur\": \"40000\"}, {\"cle\": \"PRIME TOTALE\", \"valeur\": \"4032000\"}]', 'cl8ay6m4400652708ejlbgp9k', 'clcw30mjj0414p708wl6ugygk', 'cld4uetmt0170wm080bx3kbwc', 'EN_COURS', '[{\"cle\": \"Prénom du client\", \"valeur\": \"Khadim\"}, {\"cle\": \"Nom du client\", \"valeur\": \"DIOP\"}, {\"cle\": \"Civilité\", \"valeur\": \"Mr\"}, {\"cle\": \"Date de naissance\", \"valeur\": \"2023-02-22\"}, {\"cle\": \"Adresse du client\", \"valeur\": \"Malika\"}]', 'cld7srzvy014970mm8aw01bfz', 'contratcleembyjp1151tzmm7nnj3ain.pdf', 0),
('cleeoo9wh0682bbmmn9u19qbk', '2023-02-21', 2971500, '[{\"cle\": \"Option choisie\", \"valeur\": \"SÉNÉGAL 90%\"}, {\"cle\": \"Nombre d\'adulte (s)\", \"valeur\": \"2\"}, {\"cle\": \"Nombre d\'adulte (s)\", \"valeur\": \"4\"}]', '[{\"cle\": \"option choisie\", \"valeur\": \"SÉNÉGAL 90%\"}, {\"cle\": \"Nombre d\'adulte (s)\", \"valeur\": \"2\"}, {\"cle\": \"Nombre d\'enfant (s)\", \"valeur\": \"4\"}, {\"cle\": \"Nombre d\'adulte (s)\", \"valeur\": \"1000000\"}, {\"cle\": \"Nombre d\'enfant (s)\", \"valeur\": \"1800000\"}, {\"cle\": \"total famille ou groupe\", \"valeur\": \"6\"}, {\"cle\": \"PRIME NETTE\", \"valeur\": \"2800000\"}, {\"cle\": \"Accessoires\", \"valeur\": \"30000\"}, {\"cle\": \"Taxes\", \"valeur\": \"30000\"}, {\"cle\": \"PRIME TOTALE\", \"valeur\": \"2971500\"}]', 'cl8ay6m4400652708ejlbgp9k', 'clcw30mjj0414p708wl6ugygk', 'cld4uetmt0170wm080bx3kbwc', 'EN_COURS', '[{\"cle\": \"Prénom du client\", \"valeur\": \"Fallou\"}, {\"cle\": \"Nom du client\", \"valeur\": \"DIOP\"}, {\"cle\": \"Civilité\", \"valeur\": \"Mr\"}, {\"cle\": \"Date de naissance\", \"valeur\": \"2023-02-22\"}, {\"cle\": \"Adresse du client\", \"valeur\": \"Malika\"}]', 'cld7stsy5018470mmvsgbbdqw', '', 0),
('cleep822y1343rpmm3utxk16p', '2023-02-21', 5040000, '[{\"cle\": \"Option choisie\", \"valeur\": \"SÉNÉGAL 90%\"}, {\"cle\": \"Nombre d\'adulte (s)\", \"valeur\": \"5\"}, {\"cle\": \"Nombre d\'adulte (s)\", \"valeur\": \"5\"}]', '[{\"cle\": \"option choisie\", \"valeur\": \"SÉNÉGAL 90%\"}, {\"cle\": \"Nombre d\'adulte (s)\", \"valeur\": \"5\"}, {\"cle\": \"Nombre d\'enfant (s)\", \"valeur\": \"5\"}, {\"cle\": \"Nombre d\'adulte (s)\", \"valeur\": \"2500000\"}, {\"cle\": \"Nombre d\'enfant (s)\", \"valeur\": \"2250000\"}, {\"cle\": \"total famille ou groupe\", \"valeur\": \"10\"}, {\"cle\": \"PRIME NETTE\", \"valeur\": \"4750000\"}, {\"cle\": \"Accessoires\", \"valeur\": \"50000\"}, {\"cle\": \"Taxes\", \"valeur\": \"50000\"}, {\"cle\": \"PRIME TOTALE\", \"valeur\": \"5040000\"}]', 'cl8ay6m4400652708ejlbgp9k', 'clcw30mjj0414p708wl6ugygk', 'cld4uetmt0170wm080bx3kbwc', 'EN_COURS', '[{\"cle\": \"Prénom du client\", \"valeur\": \"Mbaye\"}, {\"cle\": \"Nom du client\", \"valeur\": \"DIOP\"}, {\"cle\": \"Civilité\", \"valeur\": \"Mr\"}, {\"cle\": \"Date de naissance\", \"valeur\": \"2023-02-23\"}, {\"cle\": \"Adresse du client\", \"valeur\": \"Malika\"}]', 'cld7stsy5018470mmvsgbbdqw', 'contratcleep822y1343rpmm3utxk16p.pdf', 0),
('cleg1ho9p0738a4mmh0unfwwa', '2023-02-22', 2493750, '[{\"cle\": \"Option choisie\", \"valeur\": \"SÉNÉGAL 90%\"}, {\"cle\": \"Nombre d\'adulte (s)\", \"valeur\": \"2\"}, {\"cle\": \"Nombre d\'adulte (s)\", \"valeur\": \"3\"}]', '[{\"cle\": \"option choisie\", \"valeur\": \"SÉNÉGAL 90%\"}, {\"cle\": \"Nombre d\'adulte (s)\", \"valeur\": \"2\"}, {\"cle\": \"Nombre d\'enfant (s)\", \"valeur\": \"3\"}, {\"cle\": \"Nombre d\'adulte (s)\", \"valeur\": \"1000000\"}, {\"cle\": \"Nombre d\'enfant (s)\", \"valeur\": \"1350000\"}, {\"cle\": \"total famille ou groupe\", \"valeur\": \"5\"}, {\"cle\": \"PRIME NETTE\", \"valeur\": \"2350000\"}, {\"cle\": \"Accessoires\", \"valeur\": \"25000\"}, {\"cle\": \"Taxes\", \"valeur\": \"25000\"}, {\"cle\": \"PRIME TOTALE\", \"valeur\": \"2493750\"}]', 'cl8ay6m4400652708ejlbgp9k', 'clcw30mjj0414p708wl6ugygk', 'cld4uetmt0170wm080bx3kbwc', 'EN_COURS', '[{\"cle\": \"Prénom du client\", \"valeur\": \"Fallou\"}, {\"cle\": \"Nom du client\", \"valeur\": \"DIOP\"}, {\"cle\": \"Civilité\", \"valeur\": \"Mr\"}, {\"cle\": \"Date de naissance\", \"valeur\": \"2023-02-23\"}, {\"cle\": \"Adresse du client\", \"valeur\": \"Malika\"}]', 'cld7srzvy014970mm8aw01bfz', 'contratcleg1ho9p0738a4mmh0unfwwa.pdf', 0),
('cleg5uwom27174kmmha5hgwex', '2023-02-22', 2546250, '[{\"cle\": \"Option choisie\", \"valeur\": \"SÉNÉGAL 90%\"}, {\"cle\": \"Nombre d\'adulte (s)\", \"valeur\": \"3\"}, {\"cle\": \"Nombre d\'adulte (s)\", \"valeur\": \"2\"}]', '[{\"cle\": \"option choisie\", \"valeur\": \"SÉNÉGAL 90%\"}, {\"cle\": \"Nombre d\'adulte (s)\", \"valeur\": \"3\"}, {\"cle\": \"Nombre d\'enfant (s)\", \"valeur\": \"2\"}, {\"cle\": \"Nombre d\'adulte (s)\", \"valeur\": \"1500000\"}, {\"cle\": \"Nombre d\'enfant (s)\", \"valeur\": \"900000\"}, {\"cle\": \"total famille ou groupe\", \"valeur\": \"5\"}, {\"cle\": \"PRIME NETTE\", \"valeur\": \"2400000\"}, {\"cle\": \"Accessoires\", \"valeur\": \"25000\"}, {\"cle\": \"Taxes\", \"valeur\": \"25000\"}, {\"cle\": \"PRIME TOTALE\", \"valeur\": \"2546250\"}]', 'cl8ay6m4400652708ejlbgp9k', 'clcw30mjj0414p708wl6ugygk', 'cld4uetmt0170wm080bx3kbwc', 'EN_COURS', '[{\"cle\": \"Prénom du client\", \"valeur\": \"Souleymane \"}, {\"cle\": \"Nom du client\", \"valeur\": \"Ndao\"}, {\"cle\": \"Civilité\", \"valeur\": \"Mr\"}, {\"cle\": \"Date de naissance\", \"valeur\": \"1969-03-07\"}, {\"cle\": \"Adresse du client\", \"valeur\": \"Point E\"}, {\"cle\": \"Téléphone\", \"valeur\": \"777804747\"}]', 'cld7stsy5018470mmvsgbbdqw', 'contratcleg5uwom27174kmmha5hgwex.pdf', 0),
('cleg6au151744b3mm4z4lmvwa', '2023-02-22', 3501750, '[{\"cle\": \"Option choisie\", \"valeur\": \"SÉNÉGAL 90%\"}, {\"cle\": \"Nombre d\'adulte (s)\", \"valeur\": \"3\"}, {\"cle\": \"Nombre d\'adulte (s)\", \"valeur\": \"4\"}]', '[{\"cle\": \"option choisie\", \"valeur\": \"SÉNÉGAL 90%\"}, {\"cle\": \"Nombre d\'adulte (s)\", \"valeur\": \"3\"}, {\"cle\": \"Nombre d\'enfant (s)\", \"valeur\": \"4\"}, {\"cle\": \"Nombre d\'adulte (s)\", \"valeur\": \"1500000\"}, {\"cle\": \"Nombre d\'enfant (s)\", \"valeur\": \"1800000\"}, {\"cle\": \"total famille ou groupe\", \"valeur\": \"7\"}, {\"cle\": \"PRIME NETTE\", \"valeur\": \"3300000\"}, {\"cle\": \"Accessoires\", \"valeur\": \"35000\"}, {\"cle\": \"Taxes\", \"valeur\": \"35000\"}, {\"cle\": \"PRIME TOTALE\", \"valeur\": \"3501750\"}]', 'cl8ay6m4400652708ejlbgp9k', 'clcw30mjj0414p708wl6ugygk', 'cld4uetmt0170wm080bx3kbwc', 'EN_COURS', '[{\"cle\": \"Prénom du client\", \"valeur\": \"Aissatou\"}, {\"cle\": \"Nom du client\", \"valeur\": \"Ndao\"}, {\"cle\": \"Civilité\", \"valeur\": \"Mme\"}, {\"cle\": \"Date de naissance\", \"valeur\": \"1998-02-10\"}, {\"cle\": \"Adresse du client\", \"valeur\": \"Point E\"}, {\"cle\": \"Téléphone\", \"valeur\": \"774507850\"}]', 'cld7srzvy014970mm8aw01bfz', 'contratcleg6au151744b3mm4z4lmvwa.pdf', 0),
('clelxesz214041rmmhjz2ly1o', '2023-02-26', 1882746, '[{\"cle\": \"Montant de la cotisation\", \"valeur\": \"30000\"}, {\"cle\": \"Age du cotisant\", \"valeur\": \"29\"}, {\"cle\": \"Durée de la cotisation\", \"valeur\": \"5\"}, {\"cle\": \"Type cotisation\", \"valeur\": \"Mensuel\"}]', '[{\"cle\": \"Type de cotisation\", \"valeur\": \"12\"}, {\"cle\": \"Montant de la cotisation\", \"valeur\": \"30000\"}, {\"cle\": \"Age de l\'Assuré\", \"valeur\": \"Age de l\'Assuré\"}, {\"cle\": \"Durée de cotisation\", \"valeur\": \"5\"}, {\"cle\": \"MONTANT DU CAPITAL\", \"valeur\": \"1882746\"}]', 'cl8ay6m4400652708ejlbgp9k', 'clcw30mjj0414p708wl6ugygk', 'cld1zfxzb14307xukwd6v8lqzr', 'EN_COURS', '[{\"cle\": \"Prénom du client\", \"valeur\": \"Mbaye\"}, {\"cle\": \"Nom du client\", \"valeur\": \"DIOP\"}, {\"cle\": \"Date de naissance\", \"valeur\": \"1993-10-21\"}, {\"cle\": \"Lieu de naissance\", \"valeur\": \"Malika\"}, {\"cle\": \"Email\", \"valeur\": \"jobmbay@gmail.com\"}, {\"cle\": \"N° piece d\'identité\", \"valeur\": \"1767199322343\"}, {\"cle\": \"Bénéficiaire de vie\", \"valeur\": \"Fatoumata DIOP\"}, {\"cle\": \"Bénéficiaire de décés\", \"valeur\": \"Fatoumata DIOP\"}]', 'cleg6y0qk2094b3mma17yn622', 'contratclelxesz214041rmmhjz2ly1o.pdf', 0),
('clelxv9z534711rmmwfmymoi1', '2023-02-26', 7048318, '[{\"cle\": \"Montant de la cotisation\", \"valeur\": \"50000\"}, {\"cle\": \"Age du cotisant\", \"valeur\": \"29\"}, {\"cle\": \"Durée de la cotisation\", \"valeur\": \"10\"}, {\"cle\": \"Type cotisation\", \"valeur\": \"Mensuel\"}]', '[{\"cle\": \"Type de cotisation\", \"valeur\": \"12\"}, {\"cle\": \"Montant de la cotisation\", \"valeur\": \"50000\"}, {\"cle\": \"Age de l\'Assuré\", \"valeur\": \"Age de l\'Assuré\"}, {\"cle\": \"Durée de cotisation\", \"valeur\": \"10\"}, {\"cle\": \"MONTANT DU CAPITAL\", \"valeur\": \"7048318\"}]', 'cl8ay6m4400652708ejlbgp9k', 'clcw30mjj0414p708wl6ugygk', 'cld1zfxzb14307xukwd6v8lqzr', 'EN_COURS', '[{\"cle\": \"Prénom du client\", \"valeur\": \"Khadim\"}, {\"cle\": \"Nom du client\", \"valeur\": \"DIOP\"}, {\"cle\": \"Date de naissance\", \"valeur\": \"1993-11-27\"}, {\"cle\": \"Lieu de naissance\", \"valeur\": \"Poste Thiaroye\"}, {\"cle\": \"Email\", \"valeur\": \"kdiop@gmail.com\"}, {\"cle\": \"N° piece d\'identité\", \"valeur\": \"1767199322390\"}, {\"cle\": \"Bénéficiaire de vie\", \"valeur\": \"Mouhamed DIOP\"}, {\"cle\": \"Bénéficiaire de décés\", \"valeur\": \"Mouhamed DIOP\"}]', 'cld7stsy5018470mmvsgbbdqw', '', 0),
('clelyfslr1707yjmmfk3ak2pv', '2023-02-26', 7048318, '[{\"cle\": \"Montant de la cotisation\", \"valeur\": \"50000\"}, {\"cle\": \"Age du cotisant\", \"valeur\": \"29\"}, {\"cle\": \"Durée de la cotisation\", \"valeur\": \"10\"}, {\"cle\": \"Type cotisation\", \"valeur\": \"Mensuel\"}]', '[{\"cle\": \"Type de cotisation\", \"valeur\": \"12\"}, {\"cle\": \"Montant de la cotisation\", \"valeur\": \"50000\"}, {\"cle\": \"Age de l\'Assuré\", \"valeur\": \"Age de l\'Assuré\"}, {\"cle\": \"Durée de cotisation\", \"valeur\": \"10\"}, {\"cle\": \"MONTANT DU CAPITAL\", \"valeur\": \"7048318\"}]', NULL, 'clcw30mjj0414p708wl6ugygk', 'cld1zfxzb14307xukwd6v8lqzr', 'EN_COURS', '[{\"cle\": \"Prénom du client\", \"valeur\": \"Khadim\"}, {\"cle\": \"Nom du client\", \"valeur\": \"DIOP\"}, {\"cle\": \"Date de naissance\", \"valeur\": \"1993-11-27\"}, {\"cle\": \"Lieu de naissance\", \"valeur\": \"Poste Thiaroye\"}, {\"cle\": \"Email\", \"valeur\": \"kdiop@gmail.com\"}, {\"cle\": \"N° piece d\'identité\", \"valeur\": \"1767199322399\"}, {\"cle\": \"Bénéficiaire de vie\", \"valeur\": \"Khadim DIOP\"}, {\"cle\": \"Bénéficiaire de décés\", \"valeur\": \"Mouhamed DIOP\"}]', 'cld7sw4h5021170mmtdgwghoc', 'contratclelyfslr1707yjmmfk3ak2pv.pdf', 0),
('clf8h9b7x20520pl0j9gl4e9e', '2023-03-14', 2546250, '[{\"cle\": \"Option choisie\", \"valeur\": \"SÉNÉGAL 90%\"}, {\"cle\": \"Nombre d\'adulte (s)\", \"valeur\": \"3\"}, {\"cle\": \"Nombre d\'adulte (s)\", \"valeur\": \"2\"}]', '[{\"cle\": \"option choisie\", \"valeur\": \"SÉNÉGAL 90%\"}, {\"cle\": \"Nombre d\'adulte (s)\", \"valeur\": \"3\"}, {\"cle\": \"Nombre d\'enfant (s)\", \"valeur\": \"2\"}, {\"cle\": \"Nombre d\'adulte (s)\", \"valeur\": \"1500000\"}, {\"cle\": \"Nombre d\'enfant (s)\", \"valeur\": \"900000\"}, {\"cle\": \"total famille ou groupe\", \"valeur\": \"5\"}, {\"cle\": \"PRIME NETTE\", \"valeur\": \"2400000\"}, {\"cle\": \"Accessoires\", \"valeur\": \"25000\"}, {\"cle\": \"Taxes\", \"valeur\": \"25000\"}, {\"cle\": \"PRIME TOTALE\", \"valeur\": \"2546250\"}]', 'cl8ay6m4400652708ejlbgp9k', 'clcw30mjj0414p708wl6ugygk', 'cld4uetmt0170wm080bx3kbwc', 'EN_COURS', '[{\"cle\": \"Prénom du client\", \"valeur\": \"Mbaye\"}, {\"cle\": \"Nom du client\", \"valeur\": \"DIOP\"}, {\"cle\": \"Civilité\", \"valeur\": \"Mr\"}, {\"cle\": \"Date de naissance\", \"valeur\": \"2023-03-15\"}, {\"cle\": \"Adresse du client\", \"valeur\": \"Malika\"}, {\"cle\": \"Téléphone\", \"valeur\": \"772186320\"}]', 'cld7stsy5018470mmvsgbbdqw', 'contratclf8h9b7x20520pl0j9gl4e9e.pdf', 0);

-- --------------------------------------------------------

--
-- Structure de la table `Tag`
--

CREATE TABLE `Tag` (
  `id` varchar(191) COLLATE utf8mb4_unicode_ci NOT NULL,
  `name` varchar(191) COLLATE utf8mb4_unicode_ci NOT NULL DEFAULT '',
  `deleted` tinyint(1) NOT NULL DEFAULT '0'
) ENGINE=InnoDB DEFAULT CHARSET=utf8mb4 COLLATE=utf8mb4_unicode_ci;

-- --------------------------------------------------------

--
-- Structure de la table `TypeFinancement`
--

CREATE TABLE `TypeFinancement` (
  `id` varchar(191) COLLATE utf8mb4_unicode_ci NOT NULL,
  `nom` varchar(191) COLLATE utf8mb4_unicode_ci NOT NULL DEFAULT '',
  `icon` enum('magnifying_glass','right_arrow','right_arrow1','up_arrow','down_arrow','cashback','insurance','house','family','drive','home','heart_beat','fire','briefcase','ring','plane','easy_to_use','policy','contract','fund','group','insurance_1','success','life_insurance','folder','telephone','email','telephone_call','pin','cash_flow','profits','insurance_2','select','meeting','agreement','insurance_agent','tick','money_back','employees','mission','computer','chat','file','plus','shield') COLLATE utf8mb4_unicode_ci NOT NULL,
  `image_filesize` int(11) DEFAULT NULL,
  `image_filename` varchar(191) COLLATE utf8mb4_unicode_ci DEFAULT NULL,
  `taxe` int(11) NOT NULL,
  `description` varchar(191) COLLATE utf8mb4_unicode_ci NOT NULL DEFAULT '',
  `actif` tinyint(1) NOT NULL DEFAULT '1',
  `facturation_filename` varchar(191) COLLATE utf8mb4_unicode_ci DEFAULT NULL,
  `facturation_filesize` int(11) DEFAULT NULL,
  `outputs` json DEFAULT NULL,
  `sheetName` varchar(191) COLLATE utf8mb4_unicode_ci NOT NULL DEFAULT '',
  `clePrix` varchar(191) COLLATE utf8mb4_unicode_ci NOT NULL DEFAULT '',
  `imageSize` varchar(191) COLLATE utf8mb4_unicode_ci NOT NULL DEFAULT '',
  `deleted` tinyint(1) NOT NULL DEFAULT '0'
) ENGINE=InnoDB DEFAULT CHARSET=utf8mb4 COLLATE=utf8mb4_unicode_ci;

--
-- Déchargement des données de la table `TypeFinancement`
--

INSERT INTO `TypeFinancement` (`id`, `nom`, `icon`, `image_filesize`, `image_filename`, `taxe`, `description`, `actif`, `facturation_filename`, `facturation_filesize`, `outputs`, `sheetName`, `clePrix`, `imageSize`, `deleted`) VALUES
('cl8ay8pkh01942708ckgeslt5', 'Construction', 'house', 54089, 'construction-arRULC1xG5pOtg1J7T7.json', 20, '', 0, NULL, NULL, NULL, '', '', '', 0),
('cl8ayc7yr073627088x4m591j', 'Couverture d\'emprunt', 'briefcase', 21538, 'credit-TkMuKCoqHtgrLNLlBg.json', 20, '', 1, 'file-ErNN3HkGkdKViq74smf.xlsm', 98633, '[{\"cle\": \"K5\", \"valeur\": \"L5\"}, {\"cle\": \"K6\", \"valeur\": \"L6\"}, {\"cle\": \"K7\", \"valeur\": \"L7\"}, {\"cle\": \"K8\", \"valeur\": \"L8\"}, {\"cle\": \"K9\", \"valeur\": \"L9\"}, {\"cle\": \"K10\", \"valeur\": \"L10\"}, {\"cle\": \"K11\", \"valeur\": \"L11\"}, {\"cle\": \"K12\", \"valeur\": \"L12\"}, {\"cle\": \"K13\", \"valeur\": \"L13\"}, {\"cle\": \"K14\", \"valeur\": \"L14\"}]', 'EMPRUNTEUR_DEGRESSIF', 'L14', '', 0),
('cld1p3klj2987hqkwgd6qr86d', 'Rente Education', 'computer', 352512, 'education-aDHLSzV2CLOyiNrQ81p.json', 1, 'Rente Education...', 1, 'rente-eoX7uGP0dQojkilxNCK0.xls', 207872, '[{\"cle\": \"D9\", \"valeur\": \"G9\"}, {\"cle\": \"C10\", \"valeur\": \"G10\"}, {\"cle\": \"D11\", \"valeur\": \"G11\"}, {\"cle\": \"D12\", \"valeur\": \"G12\"}, {\"cle\": \"D13\", \"valeur\": \"G13\"}, {\"cle\": \"C15\", \"valeur\": \"G15\"}, {\"cle\": \"C16\", \"valeur\": \"G16\"}]', 'Feuille de saisie', 'G16', '', 0),
('cld1xsgp07547xukw2hy1q73l', 'Prévoyance scolaire', 'cashback', 392792, 'p-escolaire-28Fn0GgYl2oBWcYHwfiX.json', 1, '', 1, 'proassur-simulateur-prevoyance-per-pes-2020-ASDo3Plf7hUvEy54bmxK.xlsx', 306735, '[{\"cle\": \"B12\", \"valeur\": \"E12\"}, {\"cle\": \"B13\", \"valeur\": \"E13\"}, {\"cle\": \"B14\", \"valeur\": \"E14\"}, {\"cle\": \"B16\", \"valeur\": \"E16\"}]', 'SIMULATEUR PE SCOLAIRE', 'E16', '', 0),
('cld1zfxzb14307xukwd6v8lqzr', 'Prévoyance retraite', 'insurance', 21548, 'olld-man-LRDxuLTl76EOG10VdBS.json', 1, '', 1, 'retraite-libre-4-i3LXzqSg7dt4tqwyha8.xlsm', 245132, '[{\"cle\": \"A8\", \"valeur\": \"B8\"}, {\"cle\": \"A9\", \"valeur\": \"B9\"}, {\"cle\": \"A10\", \"valeur\": \"A10\"}, {\"cle\": \"A11\", \"valeur\": \"B11\"}, {\"cle\": \"A15\", \"valeur\": \"B15\"}]', 'Comparateurr', 'B15', '', 0),
('cld4uetmt0170wm080bx3kbwc', 'Santé', 'heart_beat', 74587, 'sante-hDomVPvVgbEfhKirvz.json', 1, '', 1, 'tarification-sante-pour-diender-3-6-3xdIixEECO76ixTGwb.xlsx', 549121, '[{\"cle\": \"B15\", \"valeur\": \"D15\"}, {\"cle\": \"B31\", \"valeur\": \"C31\"}, {\"cle\": \"B32\", \"valeur\": \"C32\"}, {\"cle\": \"B31\", \"valeur\": \"E31\"}, {\"cle\": \"B32\", \"valeur\": \"E32\"}, {\"cle\": \"B33\", \"valeur\": \"C33\"}, {\"cle\": \"D37\", \"valeur\": \"E37\"}, {\"cle\": \"D38\", \"valeur\": \"E38\"}, {\"cle\": \"D39\", \"valeur\": \"E38\"}, {\"cle\": \"D40\", \"valeur\": \"E40\"}]', '1-TARIFICATION', 'E40', '', 0),
('cld4yu4tp50502908dmudp7x8', 'Habitation', 'house', 119988, 'property-yzTXR4423DH0Zd8D1bO.json', 1, '', 1, 'habitation-OBaMDRcu1sPZsEGdovy.xls', 3737088, '[{\"cle\": \"A28\", \"valeur\": \"B28\"}, {\"cle\": \"A29\", \"valeur\": \"B29\"}, {\"cle\": \"A34\", \"valeur\": \"D34\"}, {\"cle\": \"A35\", \"valeur\": \"D35\"}, {\"cle\": \"A36\", \"valeur\": \"D36\"}, {\"cle\": \"A37\", \"valeur\": \"D37\"}, {\"cle\": \"A38\", \"valeur\": \"D38\"}, {\"cle\": \"A39\", \"valeur\": \"D39\"}, {\"cle\": \"A40\", \"valeur\": \"D40\"}, {\"cle\": \"A41\", \"valeur\": \"D41\"}, {\"cle\": \"A42\", \"valeur\": \"D42\"}, {\"cle\": \"A43\", \"valeur\": \"D43\"}, {\"cle\": \"A44\", \"valeur\": \"D44\"}, {\"cle\": \"A45\", \"valeur\": \"D45\"}, {\"cle\": \"A46\", \"valeur\": \"D46\"}, {\"cle\": \"A47\", \"valeur\": \"D47\"}, {\"cle\": \"A48\", \"valeur\": \"D48\"}, {\"cle\": \"A49\", \"valeur\": \"D49\"}, {\"cle\": \"A51\", \"valeur\": \"B51\"}, {\"cle\": \"A52\", \"valeur\": \"B52\"}, {\"cle\": \"A53\", \"valeur\": \"B53\"}, {\"cle\": \"A54\", \"valeur\": \"B54\"}]', '1- SAISIE', 'B54', '650px', 0);

-- --------------------------------------------------------

--
-- Structure de la table `Variable`
--

CREATE TABLE `Variable` (
  `id` varchar(191) COLLATE utf8mb4_unicode_ci NOT NULL,
  `variable` varchar(191) COLLATE utf8mb4_unicode_ci NOT NULL DEFAULT '',
  `reference` varchar(191) COLLATE utf8mb4_unicode_ci DEFAULT NULL,
  `deleted` tinyint(1) NOT NULL DEFAULT '0'
) ENGINE=InnoDB DEFAULT CHARSET=utf8mb4 COLLATE=utf8mb4_unicode_ci;

--
-- Déchargement des données de la table `Variable`
--

INSERT INTO `Variable` (`id`, `variable`, `reference`, `deleted`) VALUES
('cl8bpq9hh0358ex08m8vwn0ie', 'FIRSTNAME', 'cl8bphvfi03878l08k8u9ic8z', 0),
('cl8ev7u1n07683o085lwdux7b', 'LASTNAME', 'cl8ev7dwg05733o08f1ui9q9v', 0),
('cl8evctq713223o08dmxaptxg', 'MONTANT_PRET', 'cl8ev7dwg05733o08f1ui9q9v', 0),
('cl91b36is1504o808xo0s7xi8', 'COMPAGNY_NAME', 'cl8mbgq3l11840c0804p18ttw', 0),
('clcl848xq21424akccqufk58z', 'NOM_COMPLET', 'clcl8291r20174akcowg4ivlg', 0),
('cld1sks863472tskwkqi7o2ys', 'USER_RE', 'cld1sglhd2816tskwqal9mq66', 0),
('cld1y0gbm8255xukwbsee0pgr', 'USER_PE', 'cld1xwr3t8092xukwtuu8vwaw', 0);

-- --------------------------------------------------------

--
-- Structure de la table `VisibiliteContrat`
--

CREATE TABLE `VisibiliteContrat` (
  `id` varchar(191) COLLATE utf8mb4_unicode_ci NOT NULL,
  `valeur` varchar(191) COLLATE utf8mb4_unicode_ci NOT NULL DEFAULT '',
  `element` varchar(191) COLLATE utf8mb4_unicode_ci DEFAULT NULL,
  `deleted` tinyint(1) NOT NULL DEFAULT '0'
) ENGINE=InnoDB DEFAULT CHARSET=utf8mb4 COLLATE=utf8mb4_unicode_ci;

-- --------------------------------------------------------

--
-- Structure de la table `VisibiliteFeuille`
--

CREATE TABLE `VisibiliteFeuille` (
  `id` varchar(191) COLLATE utf8mb4_unicode_ci NOT NULL,
  `feuille` varchar(191) COLLATE utf8mb4_unicode_ci NOT NULL DEFAULT '',
  `deleted` tinyint(1) NOT NULL DEFAULT '0'
) ENGINE=InnoDB DEFAULT CHARSET=utf8mb4 COLLATE=utf8mb4_unicode_ci;

-- --------------------------------------------------------

--
-- Structure de la table `_ElementForm_risques`
--

CREATE TABLE `_ElementForm_risques` (
  `A` varchar(191) COLLATE utf8mb4_unicode_ci NOT NULL,
  `B` varchar(191) COLLATE utf8mb4_unicode_ci NOT NULL
) ENGINE=InnoDB DEFAULT CHARSET=utf8mb4 COLLATE=utf8mb4_unicode_ci;

--
-- Déchargement des données de la table `_ElementForm_risques`
--

INSERT INTO `_ElementForm_risques` (`A`, `B`) VALUES
('cl8bphvfi03878l08k8u9ic8z', 'cl8ay8pj10187270855wp3shm'),
('cl8ev7dwg05733o08f1ui9q9v', 'cl8ay8pj10187270855wp3shm'),
('cl8evaulu11433o08e1zdphh8', 'cl8ay8pj10187270855wp3shm'),
('cl8lwqnuv11145df080674b1v3', 'cl8ay8pj10187270855wp3shm'),
('cl8mbczwz03960c08ipkl8jwi', 'cl8ay8pj10187270855wp3shm'),
('cl8mbgq3l11840c0804p18ttw', 'cl8ay8pj10187270855wp3shm'),
('cl8ntn0d95344zr087u6r70d6', 'cl8ay8pj10187270855wp3shm'),
('clbw5dsqn2233wqkczqyhlqld', 'cl8ay9etf02662708eap17taz'),
('clbw5dydx2257wqkcxjajvuaq', 'cl8ay9etf02662708eap17taz'),
('clcl8291r20174akcowg4ivlg', 'clcl6r7di0663x2kc1flmjnwk'),
('clcl85l6a21904akcfe1xdnxk', 'clcl6r7di0663x2kc1flmjnwk'),
('clcl886dn23344akcr0cyx65u', 'clcl6r7di0663x2kc1flmjnwk'),
('clcl8a0pc24754akcf35rvq58', 'clcl6r7di0663x2kc1flmjnwk'),
('clcl8dby326194akc8c7amzps', 'clcl6r7di0663x2kc1flmjnwk'),
('clcl8g9p627574akcr6xaxrfy', 'clcl6r7di0663x2kc1flmjnwk'),
('clclxy3ih983703kc58silq50', 'clcl6r7di0663x2kc1flmjnwk'),
('cld1sebt12637tskwuqwiizzc', 'cld1p20zn2962hqkwjnb2ika1'),
('cld1sglhd2816tskwqal9mq66', 'cld1p20zn2962hqkwjnb2ika1'),
('cld1sl0id3500tskweij15jqc', 'cld1p20zn2962hqkwjnb2ika1'),
('cld1sp0xe3616tskw919qpkh6', 'cld1p20zn2962hqkwjnb2ika1'),
('cld1sr04e3770tskwyeaukxwh', 'cld1p20zn2962hqkwjnb2ika1'),
('cld1sz30m4057tskw5pt36ceq', 'cld1p20zn2962hqkwjnb2ika1'),
('cld1wevf30250xukwv19d5vzv', 'cld1p20zn2962hqkwjnb2ika1'),
('cld1xwr3t8092xukwtuu8vwaw', 'cld1xsgox7543xukw76utkprc'),
('cld1y0zn58286xukw1blrrhtc', 'cld1xsgox7543xukw76utkprc'),
('cld1y3ub18457xukwvbxrlcbp', 'cld1xsgox7543xukw76utkprc'),
('cld1y7z8l8694xukwus3s8yjs', 'cld1xsgox7543xukw76utkprc'),
('cld206lcl02266lkws5u28b03', 'cld1zfxx114294xukw2m9prpgr'),
('cld20bbrl03736lkwjzk65ama', 'cld1zfxx114294xukw2m9prpgr'),
('cld20dpce05006lkwj6i0wo79', 'cld1zfxx114294xukw2m9prpgr'),
('clelvq43003365kmmrpv34nw6', 'cld1zfxx114294xukw2m9prpgr'),
('cld4usc2o2513wm085adhoikc', 'cld4uetk10157wm08f76yhe0b'),
('cld4uxcb02671wm081ysv8des', 'cld4uetk10157wm08f76yhe0b'),
('cld4v1z042805wm08ovw7rtjo', 'cld4uetk10157wm08f76yhe0b'),
('cld95z1y114337f08coql1noq', 'cld961v2j15987f08pj1ikyl0'),
('cld961l3a15577f083by37n17', 'cld961v2j15987f08pj1ikyl0'),
('cld9679ds19847f08w4ccvsfp', 'cld961v2j15987f08pj1ikyl0'),
('cld969bjn21777f083q2dzr0l', 'cld961v2j15987f08pj1ikyl0'),
('cld96c5bs23867f08xbmdbs6r', 'cld961v2j15987f08pj1ikyl0'),
('cld96dqrd25507f08n3pldhk9', 'cld961v2j15987f08pj1ikyl0'),
('cld96fw2s27577f08dgb9sbei', 'cld961v2j15987f08pj1ikyl0'),
('cld96itg529887f086t8n9jz9', 'cld961v2j15987f08pj1ikyl0'),
('cld96ku9232557f089kht83vd', 'cld961v2j15987f08pj1ikyl0'),
('cld96ndyy34437f08a16s2ly9', 'cld961v2j15987f08pj1ikyl0');

-- --------------------------------------------------------

--
-- Structure de la table `_ElementForm_variables`
--

CREATE TABLE `_ElementForm_variables` (
  `A` varchar(191) COLLATE utf8mb4_unicode_ci NOT NULL,
  `B` varchar(191) COLLATE utf8mb4_unicode_ci NOT NULL
) ENGINE=InnoDB DEFAULT CHARSET=utf8mb4 COLLATE=utf8mb4_unicode_ci;

--
-- Déchargement des données de la table `_ElementForm_variables`
--

INSERT INTO `_ElementForm_variables` (`A`, `B`) VALUES
('cl8lwqnuv11145df080674b1v3', 'cl8bpq9hh0358ex08m8vwn0ie'),
('cl8lwqnuv11145df080674b1v3', 'cl8ev7u1n07683o085lwdux7b'),
('cl8evaulu11433o08e1zdphh8', 'cl8evctq713223o08dmxaptxg'),
('cl8ev7dwg05733o08f1ui9q9v', 'cl91b36is1504o808xo0s7xi8'),
('clcl85l6a21904akcfe1xdnxk', 'clcl848xq21424akccqufk58z'),
('clcl886dn23344akcr0cyx65u', 'clcl848xq21424akccqufk58z'),
('clcl8g9p627574akcr6xaxrfy', 'clcl848xq21424akccqufk58z'),
('cld1sl0id3500tskweij15jqc', 'cld1sks863472tskwkqi7o2ys'),
('cld1y0zn58286xukw1blrrhtc', 'cld1y0gbm8255xukwbsee0pgr'),
('cld1y3ub18457xukwvbxrlcbp', 'cld1y0gbm8255xukwbsee0pgr');

-- --------------------------------------------------------

--
-- Structure de la table `_Garantie_risques`
--

CREATE TABLE `_Garantie_risques` (
  `A` varchar(191) COLLATE utf8mb4_unicode_ci NOT NULL,
  `B` varchar(191) COLLATE utf8mb4_unicode_ci NOT NULL
) ENGINE=InnoDB DEFAULT CHARSET=utf8mb4 COLLATE=utf8mb4_unicode_ci;

--
-- Déchargement des données de la table `_Garantie_risques`
--

INSERT INTO `_Garantie_risques` (`A`, `B`) VALUES
('cl90d8vq30162dg089wqz74d4', 'cl8ay8pj10187270855wp3shm'),
('cl90d97th0180dg080g00nd2w', 'cl8ay8pj10187270855wp3shm'),
('cl90d9nu80198dg080f5f7yey', 'cl8ay8pj10187270855wp3shm'),
('cl91dbr9w9997o808tyjqg3hf', 'cl8ay8pj10187270855wp3shm'),
('cl90d9nu80198dg080f5f7yey', 'cl8ay9etf02662708eap17taz'),
('cl91dbr9w9997o808tyjqg3hf', 'cl8ay9etf02662708eap17taz'),
('cl90d8vq30162dg089wqz74d4', 'clcl6r7di0663x2kc1flmjnwk'),
('cl90d97th0180dg080g00nd2w', 'clcl6r7di0663x2kc1flmjnwk'),
('cl90d9nu80198dg080f5f7yey', 'clcl6r7di0663x2kc1flmjnwk'),
('cl91dbr9w9997o808tyjqg3hf', 'clcl6r7di0663x2kc1flmjnwk'),
('cl90d8vq30162dg089wqz74d4', 'cld1p20zn2962hqkwjnb2ika1'),
('cl90d97th0180dg080g00nd2w', 'cld1p20zn2962hqkwjnb2ika1'),
('cl90d9nu80198dg080f5f7yey', 'cld1p20zn2962hqkwjnb2ika1'),
('cl91dbr9w9997o808tyjqg3hf', 'cld1p20zn2962hqkwjnb2ika1'),
('cl90d8vq30162dg089wqz74d4', 'cld1xsgox7543xukw76utkprc'),
('cl90d97th0180dg080g00nd2w', 'cld1xsgox7543xukw76utkprc'),
('cl90d9nu80198dg080f5f7yey', 'cld1xsgox7543xukw76utkprc'),
('cl91dbr9w9997o808tyjqg3hf', 'cld1xsgox7543xukw76utkprc'),
('cl90d8vq30162dg089wqz74d4', 'cld1zfxx114294xukw2m9prpgr'),
('cl90d97th0180dg080g00nd2w', 'cld1zfxx114294xukw2m9prpgr'),
('cl90d9nu80198dg080f5f7yey', 'cld1zfxx114294xukw2m9prpgr'),
('cl91dbr9w9997o808tyjqg3hf', 'cld1zfxx114294xukw2m9prpgr'),
('cl90d8vq30162dg089wqz74d4', 'cld4uetk10157wm08f76yhe0b'),
('cl90d97th0180dg080g00nd2w', 'cld4uetk10157wm08f76yhe0b'),
('cl90d9nu80198dg080f5f7yey', 'cld4uetk10157wm08f76yhe0b'),
('cl91dbr9w9997o808tyjqg3hf', 'cld4uetk10157wm08f76yhe0b'),
('cl90d8vq30162dg089wqz74d4', 'cld961v2j15987f08pj1ikyl0'),
('cl90d97th0180dg080g00nd2w', 'cld961v2j15987f08pj1ikyl0'),
('cl90d9nu80198dg080f5f7yey', 'cld961v2j15987f08pj1ikyl0'),
('cl91dbr9w9997o808tyjqg3hf', 'cld961v2j15987f08pj1ikyl0');

-- --------------------------------------------------------

--
-- Structure de la table `_Post_tags`
--

CREATE TABLE `_Post_tags` (
  `A` varchar(191) COLLATE utf8mb4_unicode_ci NOT NULL,
  `B` varchar(191) COLLATE utf8mb4_unicode_ci NOT NULL
) ENGINE=InnoDB DEFAULT CHARSET=utf8mb4 COLLATE=utf8mb4_unicode_ci;

-- --------------------------------------------------------

--
-- Structure de la table `_VisibiliteContrat_feuilles`
--

CREATE TABLE `_VisibiliteContrat_feuilles` (
  `A` varchar(191) COLLATE utf8mb4_unicode_ci NOT NULL,
  `B` varchar(191) COLLATE utf8mb4_unicode_ci NOT NULL
) ENGINE=InnoDB DEFAULT CHARSET=utf8mb4 COLLATE=utf8mb4_unicode_ci;

--
-- Index pour les tables déchargées
--

--
-- Index pour la table `Accessoire`
--
ALTER TABLE `Accessoire`
  ADD PRIMARY KEY (`id`),
  ADD KEY `Accessoire_compagnie_idx` (`compagnie`),
  ADD KEY `Accessoire_risque_idx` (`risque`);

--
-- Index pour la table `Apporteur`
--
ALTER TABLE `Apporteur`
  ADD PRIMARY KEY (`id`);

--
-- Index pour la table `Avenant`
--
ALTER TABLE `Avenant`
  ADD PRIMARY KEY (`id`),
  ADD UNIQUE KEY `Avenant_quittance_key` (`quittance`),
  ADD KEY `Avenant_categorieAvenant_idx` (`categorieAvenant`),
  ADD KEY `Avenant_police_idx` (`police`);

--
-- Index pour la table `Branche`
--
ALTER TABLE `Branche`
  ADD PRIMARY KEY (`id`),
  ADD UNIQUE KEY `Branche_formulaire_key` (`formulaire`);

--
-- Index pour la table `CategorieAvenant`
--
ALTER TABLE `CategorieAvenant`
  ADD PRIMARY KEY (`id`);

--
-- Index pour la table `ChampFormulaire`
--
ALTER TABLE `ChampFormulaire`
  ADD PRIMARY KEY (`id`),
  ADD KEY `ChampFormulaire_formulaire_idx` (`formulaire`);

--
-- Index pour la table `ChargementBranche`
--
ALTER TABLE `ChargementBranche`
  ADD PRIMARY KEY (`id`);

--
-- Index pour la table `ChargementClient`
--
ALTER TABLE `ChargementClient`
  ADD PRIMARY KEY (`id`);

--
-- Index pour la table `ChargementCompagnie`
--
ALTER TABLE `ChargementCompagnie`
  ADD PRIMARY KEY (`id`);

--
-- Index pour la table `ChargementTemplate`
--
ALTER TABLE `ChargementTemplate`
  ADD PRIMARY KEY (`id`);

--
-- Index pour la table `Client`
--
ALTER TABLE `Client`
  ADD PRIMARY KEY (`id`),
  ADD KEY `Client_entreprise_idx` (`entreprise`),
  ADD KEY `Client_chargement_idx` (`chargement`);

--
-- Index pour la table `Compagnie`
--
ALTER TABLE `Compagnie`
  ADD PRIMARY KEY (`id`),
  ADD KEY `Compagnie_chargement_idx` (`chargement`);

--
-- Index pour la table `Contact`
--
ALTER TABLE `Contact`
  ADD PRIMARY KEY (`id`),
  ADD KEY `Contact_client_idx` (`client`),
  ADD KEY `Contact_entreprise_idx` (`entreprise`);

--
-- Index pour la table `ElementForm`
--
ALTER TABLE `ElementForm`
  ADD PRIMARY KEY (`id`),
  ADD UNIQUE KEY `ElementForm_code_key` (`code`),
  ADD KEY `ElementForm_suivant_idx` (`suivant`);

--
-- Index pour la table `Entreprise`
--
ALTER TABLE `Entreprise`
  ADD PRIMARY KEY (`id`);

--
-- Index pour la table `Formulaire`
--
ALTER TABLE `Formulaire`
  ADD PRIMARY KEY (`id`),
  ADD UNIQUE KEY `Formulaire_typeFinancement_key` (`typeFinancement`);

--
-- Index pour la table `Garantie`
--
ALTER TABLE `Garantie`
  ADD PRIMARY KEY (`id`);

--
-- Index pour la table `GlobalValue`
--
ALTER TABLE `GlobalValue`
  ADD PRIMARY KEY (`id`);

--
-- Index pour la table `InfoContrat`
--
ALTER TABLE `InfoContrat`
  ADD PRIMARY KEY (`id`),
  ADD KEY `InfoContrat_champFormulaire_idx` (`champFormulaire`),
  ADD KEY `InfoContrat_formulaire_idx` (`formulaire`);

--
-- Index pour la table `InfoPolice`
--
ALTER TABLE `InfoPolice`
  ADD PRIMARY KEY (`id`),
  ADD KEY `InfoPolice_police_idx` (`police`);

--
-- Index pour la table `Message`
--
ALTER TABLE `Message`
  ADD PRIMARY KEY (`id`),
  ADD KEY `Message_elementFormMessage_idx` (`elementFormMessage`),
  ADD KEY `Message_elementFormErreur_idx` (`elementFormErreur`);

--
-- Index pour la table `MethodePaiement`
--
ALTER TABLE `MethodePaiement`
  ADD PRIMARY KEY (`id`);

--
-- Index pour la table `OptionSelect`
--
ALTER TABLE `OptionSelect`
  ADD PRIMARY KEY (`id`),
  ADD KEY `OptionSelect_suivant_idx` (`suivant`),
  ADD KEY `OptionSelect_elementForm_idx` (`elementForm`),
  ADD KEY `OptionSelect_champFormulaire_idx` (`champFormulaire`);

--
-- Index pour la table `Paiement`
--
ALTER TABLE `Paiement`
  ADD PRIMARY KEY (`id`),
  ADD KEY `Paiement_quittance_idx` (`quittance`);

--
-- Index pour la table `Partenaire`
--
ALTER TABLE `Partenaire`
  ADD PRIMARY KEY (`id`);

--
-- Index pour la table `Police`
--
ALTER TABLE `Police`
  ADD PRIMARY KEY (`id`),
  ADD KEY `Police_compagnie_idx` (`compagnie`),
  ADD KEY `Police_client_idx` (`client`),
  ADD KEY `Police_apporteur_idx` (`apporteur`),
  ADD KEY `Police_risque_idx` (`risque`);

--
-- Index pour la table `Post`
--
ALTER TABLE `Post`
  ADD PRIMARY KEY (`id`),
  ADD KEY `Post_author_idx` (`author`);

--
-- Index pour la table `Quittance`
--
ALTER TABLE `Quittance`
  ADD PRIMARY KEY (`id`),
  ADD KEY `Quittance_avenant_idx` (`avenant`),
  ADD KEY `Quittance_police_idx` (`police`);

--
-- Index pour la table `Risque`
--
ALTER TABLE `Risque`
  ADD PRIMARY KEY (`id`),
  ADD KEY `Risque_typeFinancement_idx` (`typeFinancement`);

--
-- Index pour la table `RisqueBranche`
--
ALTER TABLE `RisqueBranche`
  ADD PRIMARY KEY (`id`),
  ADD KEY `RisqueBranche_branche_idx` (`branche`);

--
-- Index pour la table `Souscription`
--
ALTER TABLE `Souscription`
  ADD PRIMARY KEY (`id`),
  ADD KEY `Souscription_agent_idx` (`agent`),
  ADD KEY `Souscription_partenaire_idx` (`partenaire`),
  ADD KEY `Souscription_typeFinancement_idx` (`typeFinancement`),
  ADD KEY `Souscription_methodePaiement_idx` (`methodePaiement`);

--
-- Index pour la table `Tag`
--
ALTER TABLE `Tag`
  ADD PRIMARY KEY (`id`);

--
-- Index pour la table `TypeFinancement`
--
ALTER TABLE `TypeFinancement`
  ADD PRIMARY KEY (`id`);

--
-- Index pour la table `Variable`
--
ALTER TABLE `Variable`
  ADD PRIMARY KEY (`id`),
  ADD KEY `Variable_reference_idx` (`reference`);

--
-- Index pour la table `VisibiliteContrat`
--
ALTER TABLE `VisibiliteContrat`
  ADD PRIMARY KEY (`id`),
  ADD KEY `VisibiliteContrat_element_idx` (`element`);

--
-- Index pour la table `VisibiliteFeuille`
--
ALTER TABLE `VisibiliteFeuille`
  ADD PRIMARY KEY (`id`);

--
-- Index pour la table `_ElementForm_risques`
--
ALTER TABLE `_ElementForm_risques`
  ADD UNIQUE KEY `_ElementForm_risques_AB_unique` (`A`,`B`),
  ADD KEY `_ElementForm_risques_B_index` (`B`);

--
-- Index pour la table `_ElementForm_variables`
--
ALTER TABLE `_ElementForm_variables`
  ADD UNIQUE KEY `_ElementForm_variables_AB_unique` (`A`,`B`),
  ADD KEY `_ElementForm_variables_B_index` (`B`);

--
-- Index pour la table `_Garantie_risques`
--
ALTER TABLE `_Garantie_risques`
  ADD UNIQUE KEY `_Garantie_risques_AB_unique` (`A`,`B`),
  ADD KEY `_Garantie_risques_B_index` (`B`);

--
-- Index pour la table `_Post_tags`
--
ALTER TABLE `_Post_tags`
  ADD UNIQUE KEY `_Post_tags_AB_unique` (`A`,`B`),
  ADD KEY `_Post_tags_B_index` (`B`);

--
-- Index pour la table `_VisibiliteContrat_feuilles`
--
ALTER TABLE `_VisibiliteContrat_feuilles`
  ADD UNIQUE KEY `_VisibiliteContrat_feuilles_AB_unique` (`A`,`B`),
  ADD KEY `_VisibiliteContrat_feuilles_B_index` (`B`);

--
-- Contraintes pour les tables déchargées
--

--
-- Contraintes pour la table `Accessoire`
--
ALTER TABLE `Accessoire`
  ADD CONSTRAINT `Accessoire_compagnie_fkey` FOREIGN KEY (`compagnie`) REFERENCES `Compagnie` (`id`) ON DELETE SET NULL ON UPDATE CASCADE,
  ADD CONSTRAINT `Accessoire_risque_fkey` FOREIGN KEY (`risque`) REFERENCES `RisqueBranche` (`id`) ON DELETE SET NULL ON UPDATE CASCADE;

--
-- Contraintes pour la table `Avenant`
--
ALTER TABLE `Avenant`
  ADD CONSTRAINT `Avenant_categorieAvenant_fkey` FOREIGN KEY (`categorieAvenant`) REFERENCES `CategorieAvenant` (`id`) ON DELETE SET NULL ON UPDATE CASCADE,
  ADD CONSTRAINT `Avenant_police_fkey` FOREIGN KEY (`police`) REFERENCES `Police` (`id`) ON DELETE SET NULL ON UPDATE CASCADE,
  ADD CONSTRAINT `Avenant_quittance_fkey` FOREIGN KEY (`quittance`) REFERENCES `Quittance` (`id`) ON DELETE SET NULL ON UPDATE CASCADE;

--
-- Contraintes pour la table `Branche`
--
ALTER TABLE `Branche`
  ADD CONSTRAINT `Branche_formulaire_fkey` FOREIGN KEY (`formulaire`) REFERENCES `Formulaire` (`id`) ON DELETE SET NULL ON UPDATE CASCADE;

--
-- Contraintes pour la table `ChampFormulaire`
--
ALTER TABLE `ChampFormulaire`
  ADD CONSTRAINT `ChampFormulaire_formulaire_fkey` FOREIGN KEY (`formulaire`) REFERENCES `Formulaire` (`id`) ON DELETE SET NULL ON UPDATE CASCADE;

--
-- Contraintes pour la table `Client`
--
ALTER TABLE `Client`
  ADD CONSTRAINT `Client_chargement_fkey` FOREIGN KEY (`chargement`) REFERENCES `ChargementClient` (`id`) ON DELETE SET NULL ON UPDATE CASCADE,
  ADD CONSTRAINT `Client_entreprise_fkey` FOREIGN KEY (`entreprise`) REFERENCES `Entreprise` (`id`) ON DELETE SET NULL ON UPDATE CASCADE;

--
-- Contraintes pour la table `Compagnie`
--
ALTER TABLE `Compagnie`
  ADD CONSTRAINT `Compagnie_chargement_fkey` FOREIGN KEY (`chargement`) REFERENCES `ChargementCompagnie` (`id`) ON DELETE SET NULL ON UPDATE CASCADE;

--
-- Contraintes pour la table `Contact`
--
ALTER TABLE `Contact`
  ADD CONSTRAINT `Contact_client_fkey` FOREIGN KEY (`client`) REFERENCES `Client` (`id`) ON DELETE SET NULL ON UPDATE CASCADE,
  ADD CONSTRAINT `Contact_entreprise_fkey` FOREIGN KEY (`entreprise`) REFERENCES `Entreprise` (`id`) ON DELETE SET NULL ON UPDATE CASCADE;

--
-- Contraintes pour la table `ElementForm`
--
ALTER TABLE `ElementForm`
  ADD CONSTRAINT `ElementForm_suivant_fkey` FOREIGN KEY (`suivant`) REFERENCES `ElementForm` (`id`) ON DELETE SET NULL ON UPDATE CASCADE;

--
-- Contraintes pour la table `Formulaire`
--
ALTER TABLE `Formulaire`
  ADD CONSTRAINT `Formulaire_typeFinancement_fkey` FOREIGN KEY (`typeFinancement`) REFERENCES `TypeFinancement` (`id`) ON DELETE SET NULL ON UPDATE CASCADE;

--
-- Contraintes pour la table `InfoContrat`
--
ALTER TABLE `InfoContrat`
  ADD CONSTRAINT `InfoContrat_champFormulaire_fkey` FOREIGN KEY (`champFormulaire`) REFERENCES `ChampFormulaire` (`id`) ON DELETE SET NULL ON UPDATE CASCADE,
  ADD CONSTRAINT `InfoContrat_formulaire_fkey` FOREIGN KEY (`formulaire`) REFERENCES `Formulaire` (`id`) ON DELETE SET NULL ON UPDATE CASCADE;

--
-- Contraintes pour la table `InfoPolice`
--
ALTER TABLE `InfoPolice`
  ADD CONSTRAINT `InfoPolice_police_fkey` FOREIGN KEY (`police`) REFERENCES `Police` (`id`) ON DELETE SET NULL ON UPDATE CASCADE;

--
-- Contraintes pour la table `Message`
--
ALTER TABLE `Message`
  ADD CONSTRAINT `Message_elementFormErreur_fkey` FOREIGN KEY (`elementFormErreur`) REFERENCES `ElementForm` (`id`) ON DELETE SET NULL ON UPDATE CASCADE,
  ADD CONSTRAINT `Message_elementFormMessage_fkey` FOREIGN KEY (`elementFormMessage`) REFERENCES `ElementForm` (`id`) ON DELETE SET NULL ON UPDATE CASCADE;

--
-- Contraintes pour la table `OptionSelect`
--
ALTER TABLE `OptionSelect`
  ADD CONSTRAINT `OptionSelect_champFormulaire_fkey` FOREIGN KEY (`champFormulaire`) REFERENCES `ChampFormulaire` (`id`) ON DELETE SET NULL ON UPDATE CASCADE,
  ADD CONSTRAINT `OptionSelect_elementForm_fkey` FOREIGN KEY (`elementForm`) REFERENCES `ElementForm` (`id`) ON DELETE SET NULL ON UPDATE CASCADE,
  ADD CONSTRAINT `OptionSelect_suivant_fkey` FOREIGN KEY (`suivant`) REFERENCES `ElementForm` (`id`) ON DELETE SET NULL ON UPDATE CASCADE;

--
-- Contraintes pour la table `Paiement`
--
ALTER TABLE `Paiement`
  ADD CONSTRAINT `Paiement_quittance_fkey` FOREIGN KEY (`quittance`) REFERENCES `Quittance` (`id`) ON DELETE SET NULL ON UPDATE CASCADE;

--
-- Contraintes pour la table `Police`
--
ALTER TABLE `Police`
  ADD CONSTRAINT `Police_apporteur_fkey` FOREIGN KEY (`apporteur`) REFERENCES `Apporteur` (`id`) ON DELETE SET NULL ON UPDATE CASCADE,
  ADD CONSTRAINT `Police_client_fkey` FOREIGN KEY (`client`) REFERENCES `Client` (`id`) ON DELETE SET NULL ON UPDATE CASCADE,
  ADD CONSTRAINT `Police_compagnie_fkey` FOREIGN KEY (`compagnie`) REFERENCES `Compagnie` (`id`) ON DELETE SET NULL ON UPDATE CASCADE,
  ADD CONSTRAINT `Police_risque_fkey` FOREIGN KEY (`risque`) REFERENCES `RisqueBranche` (`id`) ON DELETE SET NULL ON UPDATE CASCADE;

--
-- Contraintes pour la table `Post`
--
ALTER TABLE `Post`
  ADD CONSTRAINT `Post_author_fkey` FOREIGN KEY (`author`) REFERENCES `User` (`id`) ON DELETE SET NULL ON UPDATE CASCADE;

--
-- Contraintes pour la table `Quittance`
--
ALTER TABLE `Quittance`
  ADD CONSTRAINT `Quittance_avenant_fkey` FOREIGN KEY (`avenant`) REFERENCES `CategorieAvenant` (`id`) ON DELETE SET NULL ON UPDATE CASCADE,
  ADD CONSTRAINT `Quittance_police_fkey` FOREIGN KEY (`police`) REFERENCES `Police` (`id`) ON DELETE SET NULL ON UPDATE CASCADE;

--
-- Contraintes pour la table `Risque`
--
ALTER TABLE `Risque`
  ADD CONSTRAINT `Risque_typeFinancement_fkey` FOREIGN KEY (`typeFinancement`) REFERENCES `TypeFinancement` (`id`) ON DELETE SET NULL ON UPDATE CASCADE;

--
-- Contraintes pour la table `RisqueBranche`
--
ALTER TABLE `RisqueBranche`
  ADD CONSTRAINT `RisqueBranche_branche_fkey` FOREIGN KEY (`branche`) REFERENCES `Branche` (`id`) ON DELETE SET NULL ON UPDATE CASCADE;

--
-- Contraintes pour la table `Souscription`
--
ALTER TABLE `Souscription`
  ADD CONSTRAINT `Souscription_agent_fkey` FOREIGN KEY (`agent`) REFERENCES `User` (`id`) ON DELETE SET NULL ON UPDATE CASCADE,
  ADD CONSTRAINT `Souscription_methodePaiement_fkey` FOREIGN KEY (`methodePaiement`) REFERENCES `MethodePaiement` (`id`) ON DELETE SET NULL ON UPDATE CASCADE,
  ADD CONSTRAINT `Souscription_partenaire_fkey` FOREIGN KEY (`partenaire`) REFERENCES `Partenaire` (`id`) ON DELETE SET NULL ON UPDATE CASCADE,
  ADD CONSTRAINT `Souscription_typeFinancement_fkey` FOREIGN KEY (`typeFinancement`) REFERENCES `TypeFinancement` (`id`) ON DELETE SET NULL ON UPDATE CASCADE;

--
-- Contraintes pour la table `Variable`
--
ALTER TABLE `Variable`
  ADD CONSTRAINT `Variable_reference_fkey` FOREIGN KEY (`reference`) REFERENCES `ElementForm` (`id`) ON DELETE SET NULL ON UPDATE CASCADE;

--
-- Contraintes pour la table `VisibiliteContrat`
--
ALTER TABLE `VisibiliteContrat`
  ADD CONSTRAINT `VisibiliteContrat_element_fkey` FOREIGN KEY (`element`) REFERENCES `ElementForm` (`id`) ON DELETE SET NULL ON UPDATE CASCADE;

--
-- Contraintes pour la table `_ElementForm_risques`
--
ALTER TABLE `_ElementForm_risques`
  ADD CONSTRAINT `_ElementForm_risques_A_fkey` FOREIGN KEY (`A`) REFERENCES `ElementForm` (`id`) ON DELETE CASCADE ON UPDATE CASCADE,
  ADD CONSTRAINT `_ElementForm_risques_B_fkey` FOREIGN KEY (`B`) REFERENCES `Risque` (`id`) ON DELETE CASCADE ON UPDATE CASCADE;

--
-- Contraintes pour la table `_ElementForm_variables`
--
ALTER TABLE `_ElementForm_variables`
  ADD CONSTRAINT `_ElementForm_variables_A_fkey` FOREIGN KEY (`A`) REFERENCES `ElementForm` (`id`) ON DELETE CASCADE ON UPDATE CASCADE,
  ADD CONSTRAINT `_ElementForm_variables_B_fkey` FOREIGN KEY (`B`) REFERENCES `Variable` (`id`) ON DELETE CASCADE ON UPDATE CASCADE;

--
-- Contraintes pour la table `_Garantie_risques`
--
ALTER TABLE `_Garantie_risques`
  ADD CONSTRAINT `_Garantie_risques_A_fkey` FOREIGN KEY (`A`) REFERENCES `Garantie` (`id`) ON DELETE CASCADE ON UPDATE CASCADE,
  ADD CONSTRAINT `_Garantie_risques_B_fkey` FOREIGN KEY (`B`) REFERENCES `Risque` (`id`) ON DELETE CASCADE ON UPDATE CASCADE;

--
-- Contraintes pour la table `_Post_tags`
--
ALTER TABLE `_Post_tags`
  ADD CONSTRAINT `_Post_tags_A_fkey` FOREIGN KEY (`A`) REFERENCES `Post` (`id`) ON DELETE CASCADE ON UPDATE CASCADE,
  ADD CONSTRAINT `_Post_tags_B_fkey` FOREIGN KEY (`B`) REFERENCES `Tag` (`id`) ON DELETE CASCADE ON UPDATE CASCADE;

--
-- Contraintes pour la table `_VisibiliteContrat_feuilles`
--
ALTER TABLE `_VisibiliteContrat_feuilles`
  ADD CONSTRAINT `_VisibiliteContrat_feuilles_A_fkey` FOREIGN KEY (`A`) REFERENCES `VisibiliteContrat` (`id`) ON DELETE CASCADE ON UPDATE CASCADE,
  ADD CONSTRAINT `_VisibiliteContrat_feuilles_B_fkey` FOREIGN KEY (`B`) REFERENCES `VisibiliteFeuille` (`id`) ON DELETE CASCADE ON UPDATE CASCADE;
COMMIT;

